000
CXUS53 KOAX 010930
CF6OAX
PRELIMINARY LOCAL CLIMATOLOGICAL DATA (WS FORM: F-6)
STATION: VALLEY NWS NE
MONTH: MAY
YEAR: 2022
LATITUDE: 41 19 N
LONGITUDE: 96 22 W
TEMPERATURE IN F: :PCPN: SNOW: WIND :SUNSHINE: SKY :PK WND
================================================================================
1 2 3 4 5 6A 6B 7 8 9 10 11 12 13 14 15 16 17 18
12Z AVG MX 2MIN
DY MAX MIN AVG DEP HDD CDD WTR SNW DPTH SPD SPD DIR MIN PSBL S-S WX SPD DR
================================================================================
1 63 44 54 -3 11 0 0.00 0.0 0 M M M M M M 30 M
2 45 39 42 -15 23 0 1.69 0.0 0 M M M M M M 26 M
3 53 39 46 -12 19 0 T 0.0 0 M M M M M M 23 M
4 52 48 50 -8 15 0 0.02 0.0 0 M M M M M M 16 M
5 56 49 53 -5 12 0 0.09 0.0 0 M M M M M M 16 M
6 66 53 60 1 5 0 0.00 0.0 0 M M M M M M 1 15 M
7 74 52 63 4 2 0 0.00 0.0 0 M M M M M M 40 M
8 67 55 61 1 4 0 0.13 0.0 0 M M M M M M 3 33 M
9 90 67 79 19 0 14 0.00 0.0 0 M M M M M M 48 M
10 83 66 75 15 0 10 0.00 0.0 0 M M M M M M 24 M
11 94 67 81 20 0 16 0.00 0.0 0 M M M M M M 41 M
12 95 63 79 18 0 14 0.34 T 0 M M M M M M 35 68 M
13 82 59 71 9 0 6 T 0.0 0 M M M M M M 18 M
14 86 57 72 10 0 7 0.01 0.0 0 M M M M M M 3 29 M
15 71 57 64 1 1 0 T 0.0 0 M M M M M M 21 M
16 83 51 67 4 0 2 0.00 0.0 0 M M M M M M 20 M
17 75 62 69 6 0 4 1.25 T 0 M M M M M M 35 36 M
18 85 59 72 8 0 7 0.01 0.0 0 M M M M M M 20 M
19 91 58 75 11 0 10 0.00 0.0 0 M M M M M M 54 M
20 71 51 61 -4 4 0 0.00 0.0 0 M M M M M M 37 M
21 60 46 53 -12 12 0 0.00 0.0 0 M M M M M M 30 M
22 69 40 55 -11 10 0 0.00 0.0 0 M M M M M M 23 M
23 65 53 59 -7 6 0 0.00 0.0 0 M M M M M M 22 M
24 60 50 55 -11 10 0 0.75 0.0 0 M M M M M M 1 26 M
25 53 50 52 -15 13 0 0.54 0.0 0 M M M M M M 1 35 M
26 66 50 58 -9 7 0 0.09 0.0 0 M M M M M M 1 26 M
27 82 49 66 -2 0 1 0.00 0.0 0 M M M M M M 1 24 M
28 89 65 77 9 0 12 0.00 0.0 0 M M M M M M 31 M
29 89 70 80 12 0 15 T 0.0 0 M M M M M M 3 38 M
30 86 63 75 6 0 10 T 0.0 0 M M M M M M 3 47 M
31 78 58 68 -1 0 3 0.00 0.0 0 M M M M M M 23 M
================================================================================
SM 2279 1690 154 131 4.92 T M M M
================================================================================
AV 73.5 54.5 M FASTST M M M MAX(MPH)
MISC ----> M M 68 9999
================================================================================
NOTES:
# LAST OF SEVERAL OCCURRENCES
COLUMN 17 PEAK WIND IN M.P.H.
PRELIMINARY LOCAL CLIMATOLOGICAL DATA (WS FORM: F-6) , PAGE 2
STATION: VALLEY NWS NE
MONTH: MAY
YEAR: 2022
LATITUDE: 41 19 N
LONGITUDE: 96 22 W
[TEMPERATURE DATA] [PRECIPITATION DATA] SYMBOLS USED IN COLUMN 16
AVERAGE MONTHLY: 64.0 TOTAL FOR MONTH: 4.92 1 = FOG OR MIST
DPTR FM NORMAL: 1.0 DPTR FM NORMAL: 0.18 2 = FOG REDUCING VISIBILITY
HIGHEST: 95 ON 12 GRTST 24HR 1.69 ON 2- 2 TO 1/4 MILE OR LESS
LOWEST: 39 ON 3, 2 3 = THUNDER
SNOW, ICE PELLETS, HAIL 4 = ICE PELLETS
TOTAL MONTH: T 5 = HAIL
GRTST 24HR T ON 12-12 6 = FREEZING RAIN OR DRIZZLE
GRTST DEPTH: 0 7 = DUSTSTORM OR SANDSTORM:
VSBY 1/2 MILE OR LESS
8 = SMOKE OR HAZE
[NO. OF DAYS WITH] [WEATHER - DAYS WITH] 9 = BLOWING SNOW
X = TORNADO
MAX 32 OR BELOW: 0 0.01 INCH OR MORE: 11
MAX 90 OR ABOVE: 4 0.10 INCH OR MORE: 6
MIN 32 OR BELOW: 0 0.50 INCH OR MORE: 4
MIN 0 OR BELOW: 0 1.00 INCH OR MORE: 2
[HDD (BASE 65) ]
TOTAL THIS MO. 154 CLEAR (SCALE 0-3) 0
DPTR FM NORMAL 11 PTCLDY (SCALE 4-7) 0
TOTAL FM JUL 1 5438 CLOUDY (SCALE 8-10) 31
DPTR FM NORMAL -493
[CDD (BASE 65) ]
TOTAL THIS MO. 131
DPTR FM NORMAL 50 [PRESSURE DATA]
TOTAL FM JAN 1 145 HIGHEST SLP M ON M
DPTR FM NORMAL 53 LOWEST SLP M ON M
[REMARKS]
#FINAL-05-22#