000
CXUS54 KMAF 011614
CF6ODO
PRELIMINARY LOCAL CLIMATOLOGICAL DATA (WS FORM: F-6)
STATION: ODESSA SCHLEYMEYER
MONTH: OCTOBER
YEAR: 2022
LATITUDE: 31 55 N
LONGITUDE: 102 23 W
TEMPERATURE IN F: :PCPN: SNOW: WIND :SUNSHINE: SKY :PK WND
================================================================================
1 2 3 4 5 6A 6B 7 8 9 10 11 12 13 14 15 16 17 18
12Z AVG MX 2MIN
DY MAX MIN AVG DEP HDD CDD WTR SNW DPTH SPD SPD DIR MIN PSBL S-S WX SPD DR
================================================================================
1 87 60 74 4 0 9 0.00 M M 9.6 21 140 M M 0 29 130
2 85 62 74 4 0 9 0.00 M M 8.2 16 160 M M 0 25 150
3 82 55 69 -1 0 4 0.00 M M 8.9 20 150 M M 0 24 130
4 84 57 71 1 0 6 0.00 M M 9.4 18 150 M M 0 25 140
5 83 62 73 4 0 8 T M M 9.9 22 50 M M 3 28 50
6 79 62 71 2 0 6 T M M 7.4 20 110 M M 5 3 27 120
7 80 60 70 1 0 5 0.30 M M 7.5 21 90 M M 6 13 28 180
8 72 56 64 -4 1 0 T M M 11.4 17 70 M M 7 24 60
9 77 56 67 -1 0 2 T M M 8.4 20 200 M M 5 3 23 200
10 75 59 67 -1 0 2 0.13 M M 7.7 24 180 M M 5 13 33 180
11 82 57 70 3 0 5 0.00 M M 10.7 18 170 M M 0 24 230
12 83 58 71 4 0 6 0.00 M M 8.1 16 350 M M 0 22 350
13 79 53 66 -1 0 1 0.00 M M 8.2 16 110 M M 0 22 110
14 83 50 67 1 0 2 0.00 M M 9.6 15 160 M M 0 22 160
15 88 64 76 10 0 11 0.18 M M 10.4 28 340 M M 1 13 40 340
16 70 53 62 -4 3 0 0.26 M M 12.7 28 50 M M 8 13 33 50
17 62 51 57 -8 8 0 0.38 M M 10.9 24 60 M M 9 13 31 70
18 63 49 56 -9 9 0 0.05 M M 3.8 10 250 M M 6 18 14 180
19 71 45 58 -7 7 0 0.00 M M 6.1 15 280 M M 1 21 280
20 83 46 65 1 0 0 0.00 M M 4.7 13 290 M M 0 1 17 300
21 84 50 67 3 0 2 0.00 M M 9.4 18 270 M M 0 26 240
22 86 58 72 8 0 7 0.00 M M 11.3 20 240 M M 0 27 240
23 86 62 74 11 0 9 0.00 M M 15.8 25 180 M M 0 33 170
24 75 44 60 -3 5 0 0.01 M M 18.2 37 290 M M 4 51 290
25 68 37 53 -9 12 0 0.00 M M 6.3 13 260 M M 0 18 300
26 76 41 59 -3 6 0 0.00 M M 8.8 20 180 M M 0 26 180
27 80 50 65 3 0 0 0.14 M M 12.9 25 340 M M 2 3 36 330
28 60 45 53 -8 12 0 T M M 14.0 25 10 M M 7 38 360
29 68 42 55 -6 10 0 0.00 M M 4.8 10 350 M M 0 1 15 300
30 72 42 57 -3 8 0 0.00 M M 4.9 10 170 M M 0 18 14 200
31 72 46 59 -1 6 0 0.00 M M 8.0 18 150 M M 0 24 180
================================================================================
SM 2395 1632 87 94 1.45 M 288.0 M 69
================================================================================
AV 77.3 52.6 9.3 FASTST M M 2 MAX(MPH)
MISC ----> 37 290 51 290
================================================================================
NOTES:
# LAST OF SEVERAL OCCURRENCES
COLUMN 17 PEAK WIND IN M.P.H.
PRELIMINARY LOCAL CLIMATOLOGICAL DATA (WS FORM: F-6) , PAGE 2
STATION: ODESSA SCHLEYMEYER
MONTH: OCTOBER
YEAR: 2022
LATITUDE: 31 55 N
LONGITUDE: 102 23 W
[TEMPERATURE DATA] [PRECIPITATION DATA] SYMBOLS USED IN COLUMN 16
AVERAGE MONTHLY: 65.0 TOTAL FOR MONTH: 1.45 1 = FOG OR MIST
DPTR FM NORMAL: -0.5 DPTR FM NORMAL: 0.20 2 = FOG REDUCING VISIBILITY
HIGHEST: 88 ON 15 GRTST 24HR 0.60 ON 16-17 TO 1/4 MILE OR LESS
LOWEST: 37 ON 25 3 = THUNDER
SNOW, ICE PELLETS, HAIL 4 = ICE PELLETS
TOTAL MONTH: M 5 = HAIL
GRTST 24HR M ON M 6 = FREEZING RAIN OR DRIZZLE
GRTST DEPTH: M ON M 7 = DUSTSTORM OR SANDSTORM:
VSBY 1/2 MILE OR LESS
8 = SMOKE OR HAZE
[NO. OF DAYS WITH] [WEATHER - DAYS WITH] 9 = BLOWING SNOW
X = TORNADO
MAX 32 OR BELOW: 0 0.01 INCH OR MORE: 8
MAX 90 OR ABOVE: 0 0.10 INCH OR MORE: 6
MIN 32 OR BELOW: 0 0.50 INCH OR MORE: 0
MIN 0 OR BELOW: 0 1.00 INCH OR MORE: 0
[HDD (BASE 65) ]
TOTAL THIS MO. 87 CLEAR (SCALE 0-3) 20
DPTR FM NORMAL -8 PTCLDY (SCALE 4-7) 10
TOTAL FM JUL 1 87 CLOUDY (SCALE 8-10) 1
DPTR FM NORMAL -16
[CDD (BASE 65) ]
TOTAL THIS MO. 94
DPTR FM NORMAL -17 [PRESSURE DATA]
TOTAL FM JAN 1 3114 HIGHEST SLP 30.35 ON 8
DPTR FM NORMAL 646 LOWEST SLP 29.55 ON 23
[REMARKS]
#FINAL-10-22#