000
CXUS54 KMAF 011110
CF6ODO
PRELIMINARY LOCAL CLIMATOLOGICAL DATA (WS FORM: F-6)
STATION: ODESSA SCHLEYMEYER
MONTH: MARCH
YEAR: 2021
LATITUDE: 31 55 N
LONGITUDE: 102 23 W
TEMPERATURE IN F: :PCPN: SNOW: WIND :SUNSHINE: SKY :PK WND
================================================================================
1 2 3 4 5 6A 6B 7 8 9 10 11 12 13 14 15 16 17 18
12Z AVG MX 2MIN
DY MAX MIN AVG DEP HDD CDD WTR SNW DPTH SPD SPD DIR MIN PSBL S-S WX SPD DR
================================================================================
1 46 30 38 -15 27 0 0.01 M M 14.1 30 70 M M 7 37 70
2 59 25 42 -11 23 0 0.00 M M 6.3 13 180 M M 0 18 200
3 76 36 56 2 9 0 0.00 M M 7.8 16 220 M M 0 21 270
4 84 47 66 12 0 1 0.00 M M 14.8 36 290 M M 0 8 42 290
5 64 41 53 -1 12 0 0.00 M M 16.6 30 360 M M 4 8 39 350
6 62 33 48 -6 17 0 0.00 M M 9.2 15 130 M M 0 23 150
7 67 38 53 -2 12 0 0.00 M M 12.9 24 170 M M 0 31 160
8 75 44 60 5 5 0 0.00 M M 15.1 26 170 M M 0 31 180
9 75 54 65 10 0 0 0.00 M M 17.7 25 170 M M 0 30 180
10 80 53 67 11 0 2 0.00 M M 12.4 23 170 M M 0 26 170
11 77 53 65 9 0 0 T M M 10.8 28 160 M M 1 34 180
12 83 61 72 16 0 7 T M M 15.5 25 160 M M 3 18 32 190
13 85 50 68 12 0 3 0.22 M M 18.5 35 190 M M 6 38 44 180
14 65 38 52 -5 13 0 0.00 M M 18.4 36 260 M M 2 8 44 270
15 74 44 59 2 6 0 0.00 M M 9.5 18 250 M M 0 23 240
16 84 54 69 12 0 4 0.00 M M 15.3 37 290 M M 2 8 45 290
17 64 43 54 -4 11 0 0.00 M M 18.4 33 290 M M 5 8 42 330
18 64 32 48 -10 17 0 0.00 M M 6.9 14 360 M M 0 22 10
19 66 35 51 -7 14 0 0.00 M M 10.4 16 120 M M 0 20 130
20 72 40 56 -2 9 0 0.00 M M 14.5 24 160 M M 0 28 160
21 78 51 65 7 0 0 0.00 M M 16.0 24 190 M M 0 29 180
22 71 43 57 -2 8 0 0.03 M M 17.2 40 260 M M 6 38 50 280
23 75 34 55 -4 10 0 0.00 M M 7.5 22 230 M M 0 28 270
24 69 44 57 -2 8 0 0.00 M M 15.6 29 320 M M 1 37 310
25 69 36 53 -7 12 0 0.00 M M 9.9 24 260 M M 1 32 260
26 81 49 65 5 0 0 0.00 M M 10.9 25 210 M M 0 34 220
27 79 47 63 3 2 0 0.00 M M 12.0 35 40 M M 1 8 44 40
28 71 47 59 -1 6 0 0.00 M M 9.9 17 90 M M 1 8 23 190
29 82 48 65 5 0 0 M M M 14.6 23 180 M M 0 33 210
30 84 55 70 9 0 5 0.00 M M 14.3 29 100 M M 0 34 100
31 65 42 54 -7 11 0 0.00 M M 15.7 31 60 M M 0 39 60
================================================================================
SM 2246 1347 232 22 0.26 M 408.7 M 40
================================================================================
AV 72.5 43.5 13.2 FASTST M M 1 MAX(MPH)
MISC ----> 40 260 50 280
================================================================================
NOTES:
# LAST OF SEVERAL OCCURRENCES
COLUMN 17 PEAK WIND IN M.P.H.
PRELIMINARY LOCAL CLIMATOLOGICAL DATA (WS FORM: F-6) , PAGE 2
STATION: ODESSA SCHLEYMEYER
MONTH: MARCH
YEAR: 2021
LATITUDE: 31 55 N
LONGITUDE: 102 23 W
[TEMPERATURE DATA] [PRECIPITATION DATA] SYMBOLS USED IN COLUMN 16
AVERAGE MONTHLY: 58.0 TOTAL FOR MONTH: 0.26 1 = FOG OR MIST
DPTR FM NORMAL: 0.8 DPTR FM NORMAL: -0.37 2 = FOG REDUCING VISIBILITY
HIGHEST: 85 ON 13 GRTST 24HR 0.22 ON 12-13 TO 1/4 MILE OR LESS
LOWEST: 25 ON 2 3 = THUNDER
SNOW, ICE PELLETS, HAIL 4 = ICE PELLETS
TOTAL MONTH: M 5 = HAIL
GRTST 24HR M ON M 6 = FREEZING RAIN OR DRIZZLE
GRTST DEPTH: M ON M 7 = DUSTSTORM OR SANDSTORM:
VSBY 1/2 MILE OR LESS
8 = SMOKE OR HAZE
[NO. OF DAYS WITH] [WEATHER - DAYS WITH] 9 = BLOWING SNOW
X = TORNADO
MAX 32 OR BELOW: 0 0.01 INCH OR MORE: 3
MAX 90 OR ABOVE: 0 0.10 INCH OR MORE: 1
MIN 32 OR BELOW: 3 0.50 INCH OR MORE: 0
MIN 0 OR BELOW: 0 1.00 INCH OR MORE: 0
[HDD (BASE 65) ]
TOTAL THIS MO. 232 CLEAR (SCALE 0-3) 26
DPTR FM NORMAL -36 PTCLDY (SCALE 4-7) 5
TOTAL FM JUL 1 2470 CLOUDY (SCALE 8-10) 0
DPTR FM NORMAL 96
[CDD (BASE 65) ]
TOTAL THIS MO. 22
DPTR FM NORMAL -2 [PRESSURE DATA]
TOTAL FM JAN 1 22 HIGHEST SLP 30.43 ON 31
DPTR FM NORMAL -5 LOWEST SLP 29.43 ON 16
[REMARKS]
#FINAL-03-21#