000
CXUS53 KGID 010807
CF6ODX
PRELIMINARY LOCAL CLIMATOLOGICAL DATA (WS FORM: F-6)
STATION: ORD NE
MONTH: MAY
YEAR: 2020
LATITUDE: 41 37 N
LONGITUDE: 98 57 W
TEMPERATURE IN F: :PCPN: SNOW: WIND :SUNSHINE: SKY :PK WND
================================================================================
1 2 3 4 5 6A 6B 7 8 9 10 11 12 13 14 15 16 17 18
12Z AVG MX 2MIN
DY MAX MIN AVG DEP HDD CDD WTR SNW DPTH SPD SPD DIR MIN PSBL S-S WX SPD DR
================================================================================
1 85 53 69 15 0 4 0.00 M M 10.4 21 10 M M 0 30 350
2 64 52 58 4 7 0 0.32 M M 7.8 22 350 M M 10 1 29 350
3 75 50 63 8 2 0 0.06 M M 6.2 15 160 M M 6 1 22 120
4 60 41 51 -4 14 0 0.55 M M 9.4 23 330 M M 9 1 31 310
5 67 40 54 -1 11 0 0.00 M M 14.1 30 320 M M 2 39 320
6 62 36 49 -7 16 0 0.00 M M 8.5 20 360 M M 1 27 360
7 58 39 49 -7 16 0 0.28 M M 11.9 25 20 M M 6 13 36 20
8 58 33 46 -10 19 0 0.00 M M 9.0 23 340 M M 0 30 350
9 58 35 47 -10 18 0 0.02 M M 16.3 35 330 M M 5 46 340
10 53 28 41 -16 24 0 T M M 11.5 28 340 M M 3 35 340
11 45 37 41 -17 24 0 0.00 M M 1.5 7 100 M M 10 10 30
12 54 40 47 -11 18 0 0.00 M M 6.9 20 170 M M 10 27 160
13 54 42 48 -10 17 0 T M M 9.3 24 170 M M 9 1 31 160
14 76 43 60 1 5 0 0.00 M M 6.4 22 20 M M 3 12 27 20
15 71 43 57 -2 8 0 T M M 5.9 17 310 M M 5 22 90
16 62 50 56 -3 9 0 0.49 M M 5.5 13 10 M M 8 1 17 340
17 63 47 55 -5 10 0 T M M 12.5 24 340 M M 8 1 32 340
18 71 43 57 -3 8 0 0.00 M M 7.5 15 100 M M 3 19 100
19 69 40 55 -5 10 0 0.00 M M 5.1 13 110 M M 4 12 18 140
20 77 50 64 3 1 0 0.00 M M 12.7 23 150 M M 5 1 32 120
21 62 58 60 -1 5 0 0.26 M M 5.8 17 110 M M 10 13 25 100
22 63 55 59 -2 6 0 0.07 M M 3.7 12 360 M M 8 123 16 190
23 76 51 64 2 1 0 T M M 8.3 20 120 M M 8 123 30 130
24 72 54 63 1 2 0 1.01 M M 12.3 40 310 M M 6 13 54 300
25 62 50 56 -6 9 0 1.08 M M 13.8 23 340 M M 8 1 31 350
26 72 45 59 -4 6 0 0.00 M M 8.9 20 20 M M 0 26 10
27 78 47 63 0 2 0 0.00 M M 5.5 15 40 M M 0 21 70
28 79 50 65 1 0 0 0.00 M M 12.7 25 20 M M 2 32 20
29 76 43 60 -4 5 0 0.00 M M 4.9 12 70 M M 3 15 80
30 70 52 61 -3 4 0 0.00 M M 10.5 20 110 M M 4 29 100
31 84 55 70 6 0 5 0.00 M M 15.5 28 180 M M 0 39 160
================================================================================
SM 2076 1402 277 9 4.14 M 280.3 M 156
================================================================================
AV 67.0 45.2 9.0 FASTST M M 5 MAX(MPH)
MISC ----> # 40 310 # 54 300
================================================================================
NOTES:
# LAST OF SEVERAL OCCURRENCES
COLUMN 17 PEAK WIND IN M.P.H.
PRELIMINARY LOCAL CLIMATOLOGICAL DATA (WS FORM: F-6) , PAGE 2
STATION: ORD NE
MONTH: MAY
YEAR: 2020
LATITUDE: 41 37 N
LONGITUDE: 98 57 W
[TEMPERATURE DATA] [PRECIPITATION DATA] SYMBOLS USED IN COLUMN 16
AVERAGE MONTHLY: 56.1 TOTAL FOR MONTH: 4.14 1 = FOG OR MIST
DPTR FM NORMAL: -3.2 DPTR FM NORMAL: 0.33 2 = FOG REDUCING VISIBILITY
HIGHEST: 85 ON 1 GRTST 24HR 1.08 ON 25-25 TO 1/4 MILE OR LESS
LOWEST: 28 ON 10 3 = THUNDER
SNOW, ICE PELLETS, HAIL 4 = ICE PELLETS
TOTAL MONTH: M 5 = HAIL
GRTST 24HR M ON M 6 = FREEZING RAIN OR DRIZZLE
GRTST DEPTH: M ON M 7 = DUSTSTORM OR SANDSTORM:
VSBY 1/2 MILE OR LESS
8 = SMOKE OR HAZE
[NO. OF DAYS WITH] [WEATHER - DAYS WITH] 9 = BLOWING SNOW
X = TORNADO
MAX 32 OR BELOW: 0 0.01 INCH OR MORE: 10
MAX 90 OR ABOVE: 0 0.10 INCH OR MORE: 7
MIN 32 OR BELOW: 1 0.50 INCH OR MORE: 3
MIN 0 OR BELOW: 0 1.00 INCH OR MORE: 2
[HDD (BASE 65) ]
TOTAL THIS MO. 277 CLEAR (SCALE 0-3) 10
DPTR FM NORMAL 60 PTCLDY (SCALE 4-7) 11
TOTAL FM JUL 1 6588 CLOUDY (SCALE 8-10) 10
DPTR FM NORMAL 18
[CDD (BASE 65) ]
TOTAL THIS MO. 9
DPTR FM NORMAL -30 [PRESSURE DATA]
TOTAL FM JAN 1 9 HIGHEST SLP 30.43 ON 11
DPTR FM NORMAL -32 LOWEST SLP 29.60 ON 24
[REMARKS]
#FINAL-05-20#