000
CXUS53 KOAX 011310
CF6OFK
PRELIMINARY LOCAL CLIMATOLOGICAL DATA (WS FORM: F-6)
STATION: NORFOLK NE
MONTH: AUGUST
YEAR: 2023
LATITUDE: 41 58 N
LONGITUDE: 97 26 W
TEMPERATURE IN F: :PCPN: SNOW: WIND :SUNSHINE: SKY :PK WND
================================================================================
1 2 3 4 5 6A 6B 7 8 9 10 11 12 13 14 15 16 17 18
12Z AVG MX 2MIN
DY MAX MIN AVG DEP HDD CDD WTR SNW DPTH SPD SPD DIR MIN PSBL S-S WX SPD DR
================================================================================
1 80 67 74 -1 0 9 T 0.0 0 5.3 16 110 M M 5 18 22 100
2 84 68 76 2 0 11 1.89 0.0 0 5.8 44 210 M M 6 123 71 200
3 82 68 75 1 0 10 0.00 0.0 0 2.7 12 40 M M 6 128 17 40
4 86 66 76 2 0 11 0.00 0.0 0 4.2 13 110 M M 5 128 18 70
5 87 69 78 4 0 13 0.00 0.0 0 7.9 17 330 M M 3 138 25 180
6 74 64 69 -5 0 4 0.10 0.0 0 10.2 24 350 M M 7 18 33 350
7 82 60 71 -3 0 6 0.00 0.0 0 5.1 13 10 M M 1 1 22 340
8 83 64 74 0 0 9 T 0.0 0 4.4 10 180 M M 4 15 190
9 85 62 74 0 0 9 T 0.0 0 5.1 16 80 M M 3 21 80
10 88 61 75 1 0 10 0.00 0.0 0 7.5 18 190 M M 0 1 24 170
11 93 61 77 4 0 12 T 0.0 0 6.1 20 360 M M 0 3 27 350
12 88 58 73 0 0 8 T 0.0 0 5.5 13 170 M M 1 3 16 200
13 77 61 69 -4 0 4 0.65 0.0 0 10.4 32 350 M M 5 13 45 60
14 79 57 68 -5 0 3 0.01 0.0 0 13.6 28 330 M M 4 1 39 330
15 83 51 67 -6 0 2 0.00 0.0 0 5.1 13 170 M M 1 20 200
16 91 63 77 4 0 12 0.00 0.0 0 12.8 23 190 M M 0 32 190
17 79 60 70 -2 0 5 0.00 0.0 0 8.6 21 350 M M 0 27 330
18 86 58 72 0 0 7 0.00 0.0 0 12.9 25 170 M M 0 37 170
19 99 72 86 14 0 21 0.00 0.0 0 7.9 17 360 M M 0 22 180
20 91 73 82 10 0 17 0.00 0.0 0 8.7 16 30 M M 6 21 40
21 100 70 85 13 0 20 0.00 0.0 0 10.1 17 190 M M 3 128 22 140
22 102 78 90 18 0 25 0.00 0.0 0 12.0 21 190 M M 0 29 180
23 102 76 89 18 0 24 0.00 0.0 0 11.5 20 220 M M 0 27 210
24 100 68 84 13 0 19 0.00 0.0 0 5.8 15 220 M M 0 22 60
25 88 72 80 9 0 15 0.33 0.0 0 9.9 21 80 M M 4 138 29 90
26 80 59 70 -1 0 5 0.00 0.0 0 7.2 16 20 M M 1 24 350
27 84 52 68 -2 0 3 0.00 0.0 0 3.6 10 190 M M 1 1 13 190
28 88 64 76 6 0 11 0.00 0.0 0 5.8 15 210 M M 0 19 220
29 88 60 74 4 0 9 0.00 0.0 0 7.0 18 330 M M 0 8 26 10
30 88 56 72 2 0 7 0.00 0.0 0 5.9 16 150 M M 0 18 23 170
31 87 63 75 5 0 10 0.00 0.0 0 14.8 22 160 M M 0 35 160
================================================================================
SM 2704 1981 0 331 2.98 0.0 243.4 M 66
================================================================================
AV 87.2 63.9 7.9 FASTST M M 2 MAX(MPH)
MISC ----> 44 210 71 200
================================================================================
NOTES:
# LAST OF SEVERAL OCCURRENCES
COLUMN 17 PEAK WIND IN M.P.H.
PRELIMINARY LOCAL CLIMATOLOGICAL DATA (WS FORM: F-6) , PAGE 2
STATION: NORFOLK NE
MONTH: AUGUST
YEAR: 2023
LATITUDE: 41 58 N
LONGITUDE: 97 26 W
[TEMPERATURE DATA] [PRECIPITATION DATA] SYMBOLS USED IN COLUMN 16
AVERAGE MONTHLY: 75.6 TOTAL FOR MONTH: 2.98 1 = FOG OR MIST
DPTR FM NORMAL: 3.2 DPTR FM NORMAL: -0.52 2 = FOG REDUCING VISIBILITY
HIGHEST: 102 ON 23,22 GRTST 24HR 1.89 ON 1- 2 TO 1/4 MILE OR LESS
LOWEST: 51 ON 15 3 = THUNDER
SNOW, ICE PELLETS, HAIL 4 = ICE PELLETS
TOTAL MONTH: 0.0 INCH 5 = HAIL
GRTST 24HR 0.0 6 = FREEZING RAIN OR DRIZZLE
GRTST DEPTH: 0 7 = DUSTSTORM OR SANDSTORM:
VSBY 1/2 MILE OR LESS
8 = SMOKE OR HAZE
[NO. OF DAYS WITH] [WEATHER - DAYS WITH] 9 = BLOWING SNOW
X = TORNADO
MAX 32 OR BELOW: 0 0.01 INCH OR MORE: 5
MAX 90 OR ABOVE: 8 0.10 INCH OR MORE: 4
MIN 32 OR BELOW: 0 0.50 INCH OR MORE: 2
MIN 0 OR BELOW: 0 1.00 INCH OR MORE: 1
[HDD (BASE 65) ]
TOTAL THIS MO. 0 CLEAR (SCALE 0-3) 20
DPTR FM NORMAL -11 PTCLDY (SCALE 4-7) 11
TOTAL FM JUL 1 2 CLOUDY (SCALE 8-10) 0
DPTR FM NORMAL -9
[CDD (BASE 65) ]
TOTAL THIS MO. 331
DPTR FM NORMAL 91 [PRESSURE DATA]
TOTAL FM JAN 1 1030 HIGHEST SLP M ON M
DPTR FM NORMAL 229 LOWEST SLP 29.64 ON 10
[REMARKS]
#FINAL-08-23#