000
CXHW52 PHFO 011250
CF6OGG
PRELIMINARY LOCAL CLIMATOLOGICAL DATA (WS FORM: F-6)
STATION: KAHULUI HI
MONTH: AUGUST
YEAR: 2022
LATITUDE: 20 53 N
LONGITUDE: 156 26 W
TEMPERATURE IN F: :PCPN: SNOW: WIND :SUNSHINE: SKY :PK WND
================================================================================
1 2 3 4 5 6A 6B 7 8 9 10 11 12 13 14 15 16 17 18
12Z AVG MX 2MIN
DY MAX MIN AVG DEP HDD CDD WTR SNW DPTH SPD SPD DIR MIN PSBL S-S WX SPD DR
================================================================================
1 90 74 82 1 0 17 0.03 M M 14.9 28 40 M M 5 35 40
2 89 74 82 1 0 17 T M M 15.3 28 40 M M 4 36 30
3 89 74 82 1 0 17 0.00 M M 14.4 26 30 M M 3 32 40
4 89 68 79 -2 0 14 0.00 M M 8.7 21 30 M M 3 8 24 40
5 93 70 82 1 0 17 0.00 M M 7.9 22 30 M M 2 25 40
6 96 70 83 2 0 18 0.00 M M 8.8 24 30 M M 1 29 30
7 95 72 84 3 0 19 0.00 M M 12.4 26 30 M M 2 33 60
8 91 74 83 2 0 18 0.00 M M 17.2 30 80 M M 2 38 80
9 91 76 84 3 0 19 0.00 M M 20.8 33 70 M M 3 42 60
10 92 74 83 2 0 18 0.00 M M 20.7 33 60 M M 2 45 50
11 93 77 85 4 0 20 0.00 M M 18.5 32 40 M M 2 40 50
12 90 76 83 2 0 18 0.00 M M 18.0 30 30 M M 2 35 40
13 93 69 81 0 0 16 0.00 M M 14.2 26 70 M M 2 37 70
14 91 74 83 2 0 18 0.00 M M 15.4 28 70 M M 3 35 60
15 89 69 79 -2 0 14 0.00 M M 11.1 25 40 M M 3 29 40
16 95 70 83 2 0 18 0.00 M M 6.9 17 30 M M 3 21 30
17 93 71 82 1 0 17 0.00 M M 10.9 29 30 M M 1 8 33 30
18 93 73 83 2 0 18 0.00 M M 12.8 28 40 M M 2 35 40
19 93 77 85 4 0 20 0.00 M M 17.2 29 60 M M 2 38 60
20 92 77 85 4 0 20 0.00 M M 17.9 35 50 M M 1 41 50
21 90 76 83 2 0 18 0.01 M M 16.6 31 40 M M 2 36 40
22 89 73 81 0 0 16 0.02 M M 12.2 26 40 M M 4 8 31 40
23 94 73 84 3 0 19 0.00 M M 6.9 20 20 M M 5 24 360
24 93 71 82 1 0 17 0.00 M M 8.9 23 30 M M 1 28 30
25 95 69 82 1 0 17 0.00 M M 11.1 24 40 M M 1 28 40
26 92 68 80 -1 0 15 T M M 14.2 31 50 M M 2 39 50
27 89 77 83 2 0 18 0.00 M M 19.8 32 30 M M 1 37 30
28 93 75 84 3 0 19 0.00 M M 15.8 29 40 M M 3 37 30
29 M M M M M M 0.00 M M 13.2 24 30 M M 4 29 30
30 M M M M M M 0.00 M M 12.4 24 20 M M 2 29 30
31 92 68 80 -1 0 15 0.00 M M 12.2 26 40 M M 2 31 30
================================================================================
SM 2664 2109 0 507 0.06 M 427.3 M 75
================================================================================
AV 91.9 72.7 13.8 FASTST M M 2 MAX(MPH)
MISC ----> 35 50 45 50
================================================================================
NOTES:
# LAST OF SEVERAL OCCURRENCES
COLUMN 17 PEAK WIND IN M.P.H.
PRELIMINARY LOCAL CLIMATOLOGICAL DATA (WS FORM: F-6) , PAGE 2
STATION: KAHULUI HI
MONTH: AUGUST
YEAR: 2022
LATITUDE: 20 53 N
LONGITUDE: 156 26 W
[TEMPERATURE DATA] [PRECIPITATION DATA] SYMBOLS USED IN COLUMN 16
AVERAGE MONTHLY: 82.3 TOTAL FOR MONTH: 0.06 1 = FOG OR MIST
DPTR FM NORMAL: 1.2 DPTR FM NORMAL: -0.47 2 = FOG REDUCING VISIBILITY
HIGHEST: 96 ON 6 GRTST 24HR 0.04 ON 31- 1 TO 1/4 MILE OR LESS
LOWEST: 68 ON 31,26 3 = THUNDER
SNOW, ICE PELLETS, HAIL 4 = ICE PELLETS
TOTAL MONTH: M 5 = HAIL
GRTST 24HR M ON M 6 = FREEZING RAIN OR DRIZZLE
GRTST DEPTH: M ON M 7 = DUSTSTORM OR SANDSTORM:
VSBY 1/2 MILE OR LESS
8 = SMOKE OR HAZE
[NO. OF DAYS WITH] [WEATHER - DAYS WITH] 9 = BLOWING SNOW
X = TORNADO
MAX 32 OR BELOW: 0 0.01 INCH OR MORE: 3
MAX 90 OR ABOVE: 23 0.10 INCH OR MORE: 0
MIN 32 OR BELOW: 0 0.50 INCH OR MORE: 0
MIN 0 OR BELOW: 0 1.00 INCH OR MORE: 0
[HDD (BASE 65) ]
TOTAL THIS MO. 0 CLEAR (SCALE 0-3) 24
DPTR FM NORMAL 0 PTCLDY (SCALE 4-7) 7
TOTAL FM JUL 1 0 CLOUDY (SCALE 8-10) 0
DPTR FM NORMAL 0
[CDD (BASE 65) ]
TOTAL THIS MO. 507
DPTR FM NORMAL 8 [PRESSURE DATA]
TOTAL FM JAN 1 3089 HIGHEST SLP 30.13 ON 11
DPTR FM NORMAL 242 LOWEST SLP 29.90 ON 17
[REMARKS]
#FINAL-08-22#