000
CXUS56 KSGX 050801
CLMOKB
CLIMATE REPORT
NATIONAL WEATHER SERVICE SAN DIEGO, CA
1201 AM PST MON FEB 05 2024
...................................
...THE OCEANSIDE AIRPORT CA CLIMATE SUMMARY FOR THE MONTH OF JANUARY 2024...
CLIMATE NORMAL PERIOD: 1991 TO 2020
CLIMATE RECORD PERIOD: 1999 TO 2024
WEATHER OBSERVED NORMAL DEPART LAST YEAR`S
VALUE DATE(S) VALUE FROM VALUE DATE(S)
NORMAL
................................................................
TEMPERATURE (F)
RECORD
HIGH 92 01/15/2021
LOW 25 01/15/2007
HIGHEST 78 01/27 MM MM 73 01/12
LOWEST 30 01/08 MM MM 33 01/24
01/25
01/27
AVG. MAXIMUM 66.4 66.7 -0.3 62.5
AVG. MINIMUM 41.1 40.5 0.6 42.0
MEAN 53.8 53.6 0.2 52.3
DAYS MAX >= 90 0 0.0 0.0 0
DAYS MAX <= 32 0 0.0 0.0 0
DAYS MAX >= 45 31 31
DAYS MIN <= 32 3 2.5 0.5 0
PRECIPITATION (INCHES)
RECORD
MAXIMUM 6.07 2023
MINIMUM MM MM
TOTALS 3.09 2.37 0.72 6.07
DAILY AVG. 0.10 0.08 0.02 0.20
DAYS >= .01 8 6.4 1.6 13
DAYS >= .10 4 3.3 0.7 8
DAYS >= .50 2 1.1 0.9 5
DAYS >= 1.00 1 0.5 0.5 1
DAYS >= %-5.2F 0 0
DAYS >= %-5.2F 0 0
GREATEST
24 HR. TOTAL 2.01 01/22 TO 01/23 1.87 01/14 TO 01/15
STORM TOTAL 1.95 1.83
(MM/DD(HH)) MM
DEGREE DAYS
HEATING TOTAL 343 354 -11 385
SINCE 7/1 784 1047 -263 MM
COOLING TOTAL 0 0 0 0
SINCE 1/1 0 0 0 MM
FREEZE DATES
RECORD
EARLIEST MM
LATEST MM
EARLIEST 12/26
LATEST 01/23
................................................................
WIND (MPH)
AVERAGE WIND SPEED 3.7
RESULTANT WIND SPEED/DIRECTION 1/280
HIGHEST WIND SPEED/DIRECTION 23/300 DATE 01/07
HIGHEST GUST SPEED/DIRECTION 34/280 DATE 01/11
SKY COVER
POSSIBLE SUNSHINE (PERCENT) MM
AVERAGE SKY COVER 0.27
NUMBER OF DAYS FAIR 20
NUMBER OF DAYS PC 6
NUMBER OF DAYS CLOUDY 5
AVERAGE RH (PERCENT) 74
WEATHER CONDITIONS. NUMBER OF DAYS WITH
THUNDERSTORM 0 MIXED PRECIP 0
HEAVY RAIN 2 RAIN 5
LIGHT RAIN 8 FREEZING RAIN 0
LT FREEZING RAIN 0 HAIL 0
HEAVY SNOW 0 SNOW 0
LIGHT SNOW 0 SLEET 0
FOG 25 FOG W/VIS <= 1/4 MILE 5
HAZE 11
- INDICATES NEGATIVE NUMBERS.
R INDICATES RECORD WAS SET OR TIED.
MM INDICATES DATA IS MISSING.
T INDICATES TRACE AMOUNT.
$$