000
CXUS55 KGGW 010810
CF6OLF
PRELIMINARY LOCAL CLIMATOLOGICAL DATA (WS FORM: F-6)
STATION: WOLF POINT MT
MONTH: SEPTEMBER
YEAR: 2021
LATITUDE: 48 5 N
LONGITUDE: 105 35 W
TEMPERATURE IN F: :PCPN: SNOW: WIND :SUNSHINE: SKY :PK WND
================================================================================
1 2 3 4 5 6A 6B 7 8 9 10 11 12 13 14 15 16 17 18
12Z AVG MX 2MIN
DY MAX MIN AVG DEP HDD CDD WTR SNW DPTH SPD SPD DIR MIN PSBL S-S WX SPD DR
================================================================================
1 84 49 67 2 0 2 0.00 M M 9.0 22 310 M M 0 30 300
2 77 44 61 -3 4 0 0.00 M M 6.6 18 310 M M 3 8 24 300
3 76 40 58 -6 7 0 0.00 M M 6.3 17 250 M M 0 8 25 170
4 84 43 64 0 1 0 0.00 M M 5.9 20 300 M M 0 8 26 280
5 90 42 66 3 0 1 0.00 M M 4.1 16 230 M M 0 8 21 230
6 88 46 67 4 0 2 0.00 M M 10.4 33 300 M M 0 42 300
7 84 43 64 2 1 0 0.00 M M 8.2 18 300 M M 1 27 300
8 83 40 62 0 3 0 0.00 M M 4.9 13 60 M M 0 18 90
9 93 47 70 8 0 5 0.00 M M 8.1 25 300 M M 0 8 34 290
10 90 45 68 7 0 3 0.00 M M 6.7 23 20 M M 0 8 31 20
11 62 52 57 -4 8 0 0.08 M M 10.1 18 70 M M 6 1 23 80
12 74 49 62 2 3 0 0.00 M M 4.2 12 70 M M 3 16 250
13 74 44 59 -1 6 0 0.04 M M 5.7 18 350 M M 4 25 20
14 78 37 58 -2 7 0 0.00 M M 4.1 15 250 M M 1 23 230
15 84 43 64 5 1 0 T M M 8.3 26 300 M M 0 36 260
16 66 38 52 -7 13 0 T M M 9.1 30 300 M M 4 40 290
17 74 29 52 -6 13 0 0.00 M M 5.9 20 180 M M 0 30 160
18 99 38 69 11 0 4 0.00 M M 6.9 33 330 M M 0 8 43 330
19 71 47 59 2 6 0 0.00 M M 7.0 23 280 M M 4 8 31 280
20 64 40 52 -5 13 0 0.08 M M M 26 320 M M M 36 330
21 72 32 52 -4 13 0 0.00 M M 5.2 18 250 M M 0 26 250
22 88 32 60 4 5 0 0.00 M M 3.3 15 240 M M 0 8 21 220
23 76 48 62 6 3 0 0.00 M M 8.4 18 340 M M 1 8 23 360
24 70 33 52 -3 13 0 0.00 M M 5.2 16 290 M M 1 8 23 300
25 87 34 61 6 4 0 0.00 M M 3.2 17 250 M M 0 8 25 260
26 87 40 64 10 1 0 0.00 M M 1.8 10 240 M M 0 8 16 230
27 90 41 66 12 0 1 0.00 M M 4.6 14 270 M M 0 8 18 280
28 91 44 68 15 0 3 0.00 M M 9.3 28 300 M M 0 38 300
29 71 48 60 7 5 0 T M M 11.5 22 270 M M 3 30 280
30 75 35 55 3 10 0 0.00 M M 4.1 14 200 M M 0 8 20 190
================================================================================
SM 2402 1243 140 21 0.20 M 188.1 M 31
================================================================================
AV 80.1 41.4 6.5 FASTST M M 1 MAX(MPH)
MISC ----> # 33 300 43 330
================================================================================
NOTES:
# LAST OF SEVERAL OCCURRENCES
COLUMN 17 PEAK WIND IN M.P.H.
PRELIMINARY LOCAL CLIMATOLOGICAL DATA (WS FORM: F-6) , PAGE 2
STATION: WOLF POINT MT
MONTH: SEPTEMBER
YEAR: 2021
LATITUDE: 48 5 N
LONGITUDE: 105 35 W
[TEMPERATURE DATA] [PRECIPITATION DATA] SYMBOLS USED IN COLUMN 16
AVERAGE MONTHLY: 60.8 TOTAL FOR MONTH: 0.20 1 = FOG OR MIST
DPTR FM NORMAL: 2.0 DPTR FM NORMAL: -0.81 2 = FOG REDUCING VISIBILITY
HIGHEST: 99 ON 18 GRTST 24HR 0.08 ON 11-11 TO 1/4 MILE OR LESS
LOWEST: 29 ON 17 3 = THUNDER
SNOW, ICE PELLETS, HAIL 4 = ICE PELLETS
TOTAL MONTH: M 5 = HAIL
GRTST 24HR M ON M 6 = FREEZING RAIN OR DRIZZLE
GRTST DEPTH: M ON M 7 = DUSTSTORM OR SANDSTORM:
VSBY 1/2 MILE OR LESS
8 = SMOKE OR HAZE
[NO. OF DAYS WITH] [WEATHER - DAYS WITH] 9 = BLOWING SNOW
X = TORNADO
MAX 32 OR BELOW: 0 0.01 INCH OR MORE: 3
MAX 90 OR ABOVE: 6 0.10 INCH OR MORE: 0
MIN 32 OR BELOW: 3 0.50 INCH OR MORE: 0
MIN 0 OR BELOW: 0 1.00 INCH OR MORE: 0
[HDD (BASE 65) ]
TOTAL THIS MO. 140 CLEAR (SCALE 0-3) 23
DPTR FM NORMAL -83 PTCLDY (SCALE 4-7) 6
TOTAL FM JUL 1 177 CLOUDY (SCALE 8-10) 1
DPTR FM NORMAL -96
[CDD (BASE 65) ]
TOTAL THIS MO. 21
DPTR FM NORMAL -15 [PRESSURE DATA]
TOTAL FM JAN 1 747 HIGHEST SLP M ON M
DPTR FM NORMAL 241 LOWEST SLP 29.40 ON 18
[REMARKS]
#FINAL-09-21#