000
CXUS55 KTWC 010855
CF6OLS
PRELIMINARY LOCAL CLIMATOLOGICAL DATA (WS FORM: F-6)
STATION: NOGALES AZ AIRPORT
MONTH: SEPTEMBER
YEAR: 2020
LATITUDE: 31 25 N
LONGITUDE: 110 51 W
TEMPERATURE IN F: :PCPN: SNOW: WIND :SUNSHINE: SKY :PK WND
================================================================================
1 2 3 4 5 6A 6B 7 8 9 10 11 12 13 14 15 16 17 18
12Z AVG MX 2MIN
DY MAX MIN AVG DEP HDD CDD WTR SNW DPTH SPD SPD DIR MIN PSBL S-S WX SPD DR
================================================================================
1 88 64 76 -1 0 11 0.02 M M 4.4 21 40 M M M 26 40
2 91 65 78 1 0 13 0.00 M M 4.9 12 320 M M M 18 320
3 95 63 79 2 0 14 0.00 M M 3.5 14 260 M M M 20 250
4 104 64 84 7 0 19 0.00 M M 6.6 21 150 M M M 26 160
5 101 71 86 9 0 21 0.00 M M 9.0 23 140 M M M 32 140
6 102 69 86 9 0 21 0.00 M M 5.4 15 30 M M M 22 20
7 95 70 83 6 0 18 T M M 6.9 15 240 M M 0 21 200
8 86 68 77 0 0 12 0.00 M M 10.8 21 180 M M 1 26 180
9 86 62 74 -3 0 9 T M M 9.2 24 220 M M 5 31 220
10 87 57 72 -4 0 7 0.00 M M 3.5 15 230 M M 1 24 220
11 86 55 71 -5 0 6 0.00 M M 2.7 9 270 M M 0 12 270
12 92 55 74 -2 0 9 0.00 M M 3.3 13 30 M M 0 20 40
13 92 61 77 1 0 12 0.00 M M 3.7 21 120 M M 2 26 120
14 93 65 79 3 0 14 0.00 M M 4.2 13 110 M M 1 18 350
15 94 62 78 2 0 13 0.00 M M 6.3 16 10 M M 0 23 350
16 98 58 78 3 0 13 0.00 M M 5.0 15 360 M M 0 23 30
17 98 57 78 3 0 13 0.00 M M 5.8 18 20 M M 0 28 10
18 94 61 78 3 0 13 0.00 M M 8.8 22 100 M M 0 30 110
19 95 63 79 5 0 14 0.00 M M 4.8 15 90 M M 1 21 80
20 95 68 82 8 0 17 0.00 M M 3.9 12 270 M M 4 15 210
21 95 66 81 7 0 16 0.00 M M 6.3 23 60 M M 1 30 80
22 92 63 78 4 0 13 0.00 M M 3.8 18 250 M M 1 24 250
23 95 60 78 5 0 13 0.00 M M 4.6 14 320 M M 1 20 280
24 98 57 78 5 0 13 0.00 M M 4.6 12 250 M M 0 18 220
25 98 60 79 6 0 14 0.00 M M 4.0 15 270 M M 0 20 280
26 96 60 78 6 0 13 0.00 M M 4.6 16 280 M M 0 23 320
27 95 59 77 5 0 12 0.00 M M 4.2 12 210 M M 0 18 210
28 96 56 76 4 0 11 0.00 M M 4.5 13 290 M M 0 19 310
29 97 60 79 8 0 14 0.00 M M 3.9 14 10 M M 0 21 10
30 97 56 77 6 0 12 0.00 M M 5.2 13 320 M M 0 21 300
================================================================================
SM 2831 1855 0 400 0.02 M 158.4 M 18
================================================================================
AV 94.4 61.8 5.3 FASTST M M 1 MAX(MPH)
MISC ----> 24 220 32 140
================================================================================
NOTES:
# LAST OF SEVERAL OCCURRENCES
COLUMN 17 PEAK WIND IN M.P.H.
PRELIMINARY LOCAL CLIMATOLOGICAL DATA (WS FORM: F-6) , PAGE 2
STATION: NOGALES AZ AIRPORT
MONTH: SEPTEMBER
YEAR: 2020
LATITUDE: 31 25 N
LONGITUDE: 110 51 W
[TEMPERATURE DATA] [PRECIPITATION DATA] SYMBOLS USED IN COLUMN 16
AVERAGE MONTHLY: 78.1 TOTAL FOR MONTH: 0.02 1 = FOG OR MIST
DPTR FM NORMAL: 3.2 DPTR FM NORMAL: -1.50 2 = FOG REDUCING VISIBILITY
HIGHEST: 104 ON 4 GRTST 24HR 0.36 ON 31- 1 TO 1/4 MILE OR LESS
LOWEST: 55 ON 12,11 3 = THUNDER
SNOW, ICE PELLETS, HAIL 4 = ICE PELLETS
TOTAL MONTH: 0.0 INCH 5 = HAIL
GRTST 24HR M ON M 6 = FREEZING RAIN OR DRIZZLE
GRTST DEPTH: 0 7 = DUSTSTORM OR SANDSTORM:
VSBY 1/2 MILE OR LESS
8 = SMOKE OR HAZE
[NO. OF DAYS WITH] [WEATHER - DAYS WITH] 9 = BLOWING SNOW
X = TORNADO
MAX 32 OR BELOW: 0 0.01 INCH OR MORE: 1
MAX 90 OR ABOVE: 25 0.10 INCH OR MORE: 0
MIN 32 OR BELOW: 0 0.50 INCH OR MORE: 0
MIN 0 OR BELOW: 0 1.00 INCH OR MORE: 0
[HDD (BASE 65) ]
TOTAL THIS MO. 0 CLEAR (SCALE 0-3) 22
DPTR FM NORMAL -1 PTCLDY (SCALE 4-7) 2
TOTAL FM JUL 1 0 CLOUDY (SCALE 8-10) 6
DPTR FM NORMAL 0
[CDD (BASE 65) ]
TOTAL THIS MO. 400
DPTR FM NORMAL 102 [PRESSURE DATA]
TOTAL FM JAN 1 2322 HIGHEST SLP M ON M
DPTR FM NORMAL 566 LOWEST SLP 29.56 ON 8
[REMARKS]
#FINAL-09-20#