000
CXUS56 KOTX 010840
CLMOMK
CLIMATE REPORT
NATIONAL WEATHER SERVICE SPOKANE WA
140 AM PDT MON MAY 01 2023
...................................
...THE OMAK WA AIRPORT CLIMATE SUMMARY FOR THE MONTH OF APRIL 2023...
CLIMATE NORMAL PERIOD 1991 TO 2020
CLIMATE RECORD PERIOD 9999 TO 9999
WEATHER OBSERVED NORMAL DEPART LAST YEAR`S
VALUE DATE(S) VALUE FROM VALUE DATE(S)
NORMAL
................................................................
TEMPERATURE (F)
RECORD
HIGH 96 04/23/1934
LOW 15 04/02/1936
04/20/1927
HIGHEST 85 04/30 MM MM 70 04/25
LOWEST 23 04/05 MM MM 24 04/10
AVG. MAXIMUM 60.8 62.8 -2.0 58.0
AVG. MINIMUM 35.3 36.8 -1.5 32.8
MEAN 48.1 49.8 -1.7 45.4
DAYS MAX >= 90 0 0.0 0.0 0
DAYS MAX <= 32 0 0.0 0.0 0
DAYS MIN <= 32 10 10.8 -0.8 16
DAYS MIN <= 0 0 0.0 0.0 0
PRECIPITATION (INCHES)
RECORD
MAXIMUM 2.72 1948
MINIMUM 0.00 1910
TOTALS 1.29 0.83 0.46 0.92
DAILY AVG. 0.04 0.03 0.02 0.03
DAYS >= .01 9 5.8 3.2 7
DAYS >= .10 2 2.3 -0.3 4
DAYS >= .50 1 0.4 0.6 0
DAYS >= 1.00 0 0.0 0.0 0
GREATEST
24 HR. TOTAL 0.74 04/06 TO 04/07 0.24
DEGREE DAYS
HEATING TOTAL 503 457 46 580
SINCE 7/1 6199 5885 314 MM
COOLING TOTAL 3 1 2 0
SINCE 1/1 3 1 2 MM
................................................................
WIND (MPH)
AVERAGE WIND SPEED 7.7
HIGHEST WIND SPEED/DIRECTION 28/140 DATE 04/09
HIGHEST GUST SPEED/DIRECTION 34/140 DATE 04/09
SKY COVER
POSSIBLE SUNSHINE (PERCENT) MM
AVERAGE SKY COVER 0.41
NUMBER OF DAYS FAIR 14
NUMBER OF DAYS PC 11
NUMBER OF DAYS CLOUDY 5
AVERAGE RH (PERCENT) 56
WEATHER CONDITIONS. NUMBER OF DAYS WITH
THUNDERSTORM 0 MIXED PRECIP 0
HEAVY RAIN 0 RAIN 1
LIGHT RAIN 9 FREEZING RAIN 0
LT FREEZING RAIN 0 HAIL 0
HEAVY SNOW 0 SNOW 0
LIGHT SNOW 1 SLEET 0
FOG 3 FOG W/VIS <= 1/4 MILE 1
HAZE 0
- INDICATES NEGATIVE NUMBERS.
R INDICATES RECORD WAS SET OR TIED.
MM INDICATES DATA IS MISSING.
T INDICATES TRACE AMOUNT.
$$