599
CXUS56 KSGX 011245
CF6ONT
PRELIMINARY LOCAL CLIMATOLOGICAL DATA (WS FORM: F-6)
STATION: ONTARIO INTL AIRPORT CA
MONTH: JULY
YEAR: 2020
LATITUDE: 34 2 N
LONGITUDE: 117 37 W
TEMPERATURE IN F: :PCPN: SNOW: WIND :SUNSHINE: SKY :PK WND
================================================================================
1 2 3 4 5 6A 6B 7 8 9 10 11 12 13 14 15 16 17 18
12Z AVG MX 2MIN
DY MAX MIN AVG DEP HDD CDD WTR SNW DPTH SPD SPD DIR MIN PSBL S-S WX SPD DR
================================================================================
1 82 60 71 -5 0 6 0.00 0.0 0 6.6 15 240 M M 4 8 19 250
2 88 62 75 -1 0 10 0.00 0.0 0 6.0 17 230 M M 4 8 21 250
3 96 61 79 3 0 14 0.00 0.0 0 5.5 17 240 M M 0 26 240
4 94 64 79 3 0 14 0.00 0.0 0 6.3 20 260 M M 1 24 240
5 99 64 82 5 0 17 0.00 0.0 0 5.0 17 260 M M 0 8 23 260
6 99 68 84 7 0 19 0.00 0.0 0 5.9 18 260 M M 1 23 280
7 95 65 80 3 0 15 0.00 0.0 0 5.9 18 270 M M 1 8 24 260
8 94 64 79 2 0 14 0.00 0.0 0 7.0 18 260 M M 0 25 230
9 95 61 78 1 0 13 0.00 0.0 0 6.4 18 260 M M 1 18 22 260
10 101 61 81 4 0 16 0.00 0.0 0 5.3 16 240 M M 2 8 23 320
11 105 72 89 11 0 24 0.00 0.0 0 6.1 20 270 M M 3 25 260
12 102 71 87 9 0 22 0.00 0.0 0 7.1 17 250 M M 2 24 230
13 96 67 82 4 0 17 0.00 0.0 0 8.6 18 260 M M 2 24 260
14 91 64 78 0 0 13 0.00 0.0 0 8.1 20 260 M M 3 8 24 270
15 91 63 77 -1 0 12 0.00 0.0 0 7.1 18 260 M M 3 8 25 260
16 90 62 76 -2 0 11 0.00 0.0 0 8.0 17 260 M M 1 18 23 260
17 92 63 78 0 0 13 0.00 0.0 0 7.6 17 240 M M 0 23 260
18 94 65 80 2 0 15 0.00 0.0 0 6.2 17 250 M M 0 23 280
19 93 63 78 0 0 13 0.00 0.0 0 6.3 17 260 M M 0 22 230
20 90 62 76 -2 0 11 0.00 0.0 0 6.6 15 250 M M 1 20 270
21 91 63 77 -1 0 12 0.00 0.0 0 8.2 16 230 M M 2 23 230
22 86 61 74 -4 0 9 0.00 0.0 0 9.1 18 260 M M 1 18 24 270
23 84 59 72 -6 0 7 0.00 0.0 0 6.0 15 240 M M 4 18 20 270
24 86 60 73 -5 0 8 0.00 0.0 0 7.8 16 230 M M 2 18 23 260
25 93 61 77 -2 0 12 0.00 0.0 0 8.9 39 250 M M 1 18 39 250
26 96 63 80 1 0 15 0.00 0.0 0 7.1 18 250 M M 1 25 240
27 91 62 77 -2 0 12 0.00 0.0 0 7.5 18 230 M M 1 23 250
28 92 62 77 -2 0 12 0.00 0.0 0 6.5 17 240 M M 1 22 250
29 96 62 79 0 0 14 0.00 0.0 0 5.9 16 260 M M 0 21 230
30 102 65 84 5 0 19 0.00 0.0 0 4.9 16 270 M M 1 20 270
31 105 72 89 10 0 24 0.00 0.0 0 6.1 20 280 M M 1 23 280
================================================================================
SM 2909 1972 0 433 0.00 0.0 209.6 M 44
================================================================================
AV 93.8 63.6 6.8 FASTST M M 1 MAX(MPH)
MISC ----> # 39 250 # 39 250
================================================================================
NOTES:
# LAST OF SEVERAL OCCURRENCES
COLUMN 17 PEAK WIND IN M.P.H.
PRELIMINARY LOCAL CLIMATOLOGICAL DATA (WS FORM: F-6) , PAGE 2
STATION: ONTARIO INTL AIRPORT CA
MONTH: JULY
YEAR: 2020
LATITUDE: 34 2 N
LONGITUDE: 117 37 W
[TEMPERATURE DATA] [PRECIPITATION DATA] SYMBOLS USED IN COLUMN 16
AVERAGE MONTHLY: 78.7 TOTAL FOR MONTH: 0.00 1 = FOG OR MIST
DPTR FM NORMAL: 0.9 DPTR FM NORMAL: -0.09 2 = FOG REDUCING VISIBILITY
HIGHEST: 105 ON 31,11 GRTST 24HR 0.00 ON 31-31 TO 1/4 MILE OR LESS
LOWEST: 59 ON 23 3 = THUNDER
SNOW, ICE PELLETS, HAIL 4 = ICE PELLETS
TOTAL MONTH: 0.0 INCH 5 = HAIL
GRTST 24HR 0.0 6 = FREEZING RAIN OR DRIZZLE
GRTST DEPTH: 0 7 = DUSTSTORM OR SANDSTORM:
VSBY 1/2 MILE OR LESS
8 = SMOKE OR HAZE
[NO. OF DAYS WITH] [WEATHER - DAYS WITH] 9 = BLOWING SNOW
X = TORNADO
MAX 32 OR BELOW: 0 0.01 INCH OR MORE: 0
MAX 90 OR ABOVE: 26 0.10 INCH OR MORE: 0
MIN 32 OR BELOW: 0 0.50 INCH OR MORE: 0
MIN 0 OR BELOW: 0 1.00 INCH OR MORE: 0
[HDD (BASE 65) ]
TOTAL THIS MO. 0 CLEAR (SCALE 0-3) 28
DPTR FM NORMAL 0 PTCLDY (SCALE 4-7) 3
TOTAL FM JUL 1 0 CLOUDY (SCALE 8-10) 0
DPTR FM NORMAL 0
[CDD (BASE 65) ]
TOTAL THIS MO. 433
DPTR FM NORMAL 38 [PRESSURE DATA]
TOTAL FM JAN 1 1051 HIGHEST SLP M ON M
DPTR FM NORMAL 267 LOWEST SLP 29.74 ON 21
[REMARKS]
#FINAL-07-20#