000
CXUS56 KSGX 011245
CF6ONT
PRELIMINARY LOCAL CLIMATOLOGICAL DATA (WS FORM: F-6)
STATION: ONTARIO INTL AIRPORT CA
MONTH: AUGUST
YEAR: 2020
LATITUDE: 34 2 N
LONGITUDE: 117 37 W
TEMPERATURE IN F: :PCPN: SNOW: WIND :SUNSHINE: SKY :PK WND
================================================================================
1 2 3 4 5 6A 6B 7 8 9 10 11 12 13 14 15 16 17 18
12Z AVG MX 2MIN
DY MAX MIN AVG DEP HDD CDD WTR SNW DPTH SPD SPD DIR MIN PSBL S-S WX SPD DR
================================================================================
1 101 70 86 7 0 21 0.00 0.0 0 6.6 18 250 M M 1 24 260
2 99 68 84 5 0 19 0.00 0.0 0 5.5 20 270 M M 2 23 270
3 96 66 81 2 0 16 0.00 0.0 0 5.0 17 270 M M 1 23 260
4 89 65 77 -2 0 12 0.00 0.0 0 8.0 16 270 M M 1 18 22 250
5 88 64 76 -3 0 11 0.00 0.0 0 8.8 16 240 M M 4 18 23 260
6 87 64 76 -3 0 11 0.00 0.0 0 7.4 17 250 M M 4 23 260
7 90 60 75 -4 0 10 0.00 0.0 0 7.6 16 260 M M 0 22 240
8 92 63 78 -1 0 13 0.00 0.0 0 5.6 16 250 M M 0 23 260
9 94 64 79 0 0 14 0.00 0.0 0 6.3 17 260 M M 0 23 250
10 95 63 79 0 0 14 0.00 0.0 0 6.6 18 250 M M 0 23 250
11 96 63 80 1 0 15 0.00 0.0 0 5.8 17 270 M M 0 25 230
12 101 65 83 4 0 18 0.00 0.0 0 6.2 17 270 M M 2 23 270
13 102 73 88 9 0 23 0.00 0.0 0 5.2 18 260 M M 8 23 270
14 105 74 90 11 0 25 0.00 0.0 0 6.0 18 280 M M 3 8 23 190
15 110 78 94 15 0 29 0.00 0.0 0 5.3 16 260 M M 4 22 250
16 103 77 90 11 0 25 0.00 0.0 0 7.2 18 250 M M 5 26 260
17 101 76 89 10 0 24 0.00 0.0 0 6.7 16 250 M M 5 22 250
18 108 76 92 13 0 27 0.00 0.0 0 4.7 17 260 M M 5 8 23 200
19 107 60 84 5 0 19 0.00 0.0 0 6.0 20 240 M M 5 26 250
20 104 75 90 11 0 25 0.00 0.0 0 6.2 18 230 M M 3 23 240
21 103 74 89 10 0 24 0.00 0.0 0 7.0 21 270 M M 5 26 280
22 100 76 88 9 0 23 0.00 0.0 0 7.3 17 240 M M 4 23 250
23 98 73 86 7 0 21 0.00 0.0 0 7.4 18 250 M M 3 8 24 270
24 97 73 85 6 0 20 0.00 0.0 0 6.7 18 270 M M 1 23 270
25 99 70 85 6 0 20 0.00 0.0 0 6.0 17 260 M M 1 22 230
26 101 72 87 8 0 22 0.00 0.0 0 5.6 17 260 M M 2 21 260
27 103 71 87 8 0 22 T 0.0 0 5.5 18 220 M M 1 8 24 220
28 99 69 84 5 0 19 0.00 0.0 0 7.2 18 270 M M 1 24 270
29 95 63 79 0 0 14 0.00 0.0 0 7.0 20 260 M M 0 23 270
30 92 60 76 -3 0 11 0.00 0.0 0 6.6 17 250 M M 1 18 22 260
31 90 60 75 -4 0 10 0.00 0.0 0 6.6 17 270 M M 1 18 23 240
================================================================================
SM 3045 2125 0 577 T 0.0 199.6 M 73
================================================================================
AV 98.2 68.6 6.4 FASTST M M 2 MAX(MPH)
MISC ----> # 21 270 # 26 260
================================================================================
NOTES:
# LAST OF SEVERAL OCCURRENCES
COLUMN 17 PEAK WIND IN M.P.H.
PRELIMINARY LOCAL CLIMATOLOGICAL DATA (WS FORM: F-6) , PAGE 2
STATION: ONTARIO INTL AIRPORT CA
MONTH: AUGUST
YEAR: 2020
LATITUDE: 34 2 N
LONGITUDE: 117 37 W
[TEMPERATURE DATA] [PRECIPITATION DATA] SYMBOLS USED IN COLUMN 16
AVERAGE MONTHLY: 83.4 TOTAL FOR MONTH: T 1 = FOG OR MIST
DPTR FM NORMAL: 4.3 DPTR FM NORMAL: -0.13 2 = FOG REDUCING VISIBILITY
HIGHEST: 110 ON 15 GRTST 24HR T ON 27-27 TO 1/4 MILE OR LESS
LOWEST: 60 ON 31,30 3 = THUNDER
SNOW, ICE PELLETS, HAIL 4 = ICE PELLETS
TOTAL MONTH: 0.0 INCH 5 = HAIL
GRTST 24HR 0.0 6 = FREEZING RAIN OR DRIZZLE
GRTST DEPTH: 0 7 = DUSTSTORM OR SANDSTORM:
VSBY 1/2 MILE OR LESS
8 = SMOKE OR HAZE
[NO. OF DAYS WITH] [WEATHER - DAYS WITH] 9 = BLOWING SNOW
X = TORNADO
MAX 32 OR BELOW: 0 0.01 INCH OR MORE: 0
MAX 90 OR ABOVE: 28 0.10 INCH OR MORE: 0
MIN 32 OR BELOW: 0 0.50 INCH OR MORE: 0
MIN 0 OR BELOW: 0 1.00 INCH OR MORE: 0
[HDD (BASE 65) ]
TOTAL THIS MO. 0 CLEAR (SCALE 0-3) 20
DPTR FM NORMAL 0 PTCLDY (SCALE 4-7) 11
TOTAL FM JUL 1 0 CLOUDY (SCALE 8-10) 0
DPTR FM NORMAL 0
[CDD (BASE 65) ]
TOTAL THIS MO. 577
DPTR FM NORMAL 138 [PRESSURE DATA]
TOTAL FM JAN 1 1628 HIGHEST SLP M ON M
DPTR FM NORMAL 405 LOWEST SLP 29.65 ON M
[REMARKS]
#FINAL-08-20#