000
CXUS56 KSGX 011045
CF6ONT
PRELIMINARY LOCAL CLIMATOLOGICAL DATA (WS FORM: F-6)
STATION: ONTARIO INTL AIRPORT CA
MONTH: JULY
YEAR: 2023
LATITUDE: 34 2 N
LONGITUDE: 117 37 W
TEMPERATURE IN F: :PCPN: SNOW: WIND :SUNSHINE: SKY :PK WND
================================================================================
1 2 3 4 5 6A 6B 7 8 9 10 11 12 13 14 15 16 17 18
12Z AVG MX 2MIN
DY MAX MIN AVG DEP HDD CDD WTR SNW DPTH SPD SPD DIR MIN PSBL S-S WX SPD DR
================================================================================
1 95 61 78 1 0 13 0.00 M M 7.1 18 240 M M 0 8 29 260
2 96 63 80 2 0 15 0.00 M M 5.9 16 250 M M 1 18 21 250
3 92 63 78 0 0 13 0.00 M M 5.9 17 260 M M 2 8 22 260
4 91 61 76 -2 0 11 0.00 M M 6.9 17 260 M M 2 18 24 210
5 91 57 74 -4 0 9 0.00 M M 7.1 18 270 M M 2 18 22 280
6 87 58 73 -5 0 8 0.00 M M 6.9 17 240 M M 0 18 22 230
7 86 58 72 -6 0 7 0.00 M M 6.0 16 270 M M 3 18 20 270
8 87 58 73 -6 0 8 0.00 M M 7.0 17 250 M M 1 18 22 270
9 87 58 73 -6 0 8 0.00 M M 6.5 15 260 M M 1 18 21 250
10 96 59 78 -1 0 13 0.00 M M 5.5 16 260 M M 0 25 230
11 98 66 82 3 0 17 0.00 M M 6.0 18 270 M M 1 23 260
12 97 71 84 5 0 19 0.00 M M 6.0 18 270 M M 3 23 280
13 98 70 84 5 0 19 0.00 M M 5.5 18 230 M M 3 23 210
14 99 67 83 3 0 18 0.00 M M 4.8 16 270 M M 1 22 280
15 98 67 83 3 0 18 0.00 M M 5.7 16 260 M M 4 22 240
16 98 67 83 3 0 18 0.00 M M 6.5 17 220 M M 3 23 250
17 100 72 86 6 0 21 0.00 M M 6.9 17 250 M M 4 23 240
18 98 71 85 5 0 20 0.00 M M 6.9 18 230 M M 1 8 24 260
19 100 71 86 6 0 21 0.00 M M 5.4 17 270 M M 1 21 270
20 100 71 86 6 0 21 0.00 M M 5.6 15 240 M M 1 22 250
21 94 70 82 2 0 17 0.00 M M 5.2 16 270 M M 3 23 250
22 98 68 83 3 0 18 0.00 M M 5.9 17 270 M M 4 8 21 240
23 94 65 80 0 0 15 0.00 M M 6.4 13 290 M M 6 1 16 280
24 102 68 85 5 0 20 0.00 M M 6.2 17 270 M M 2 8 23 260
25 102 72 87 7 0 22 0.00 M M 6.5 17 270 M M 1 8 23 260
26 102 72 87 7 0 22 0.00 M M 6.0 16 260 M M 1 22 250
27 102 71 87 7 0 22 0.00 M M 6.2 17 210 M M 1 23 250
28 99 69 84 4 0 19 0.00 M M 5.6 18 250 M M 2 25 230
29 96 70 83 3 0 18 0.00 M M 6.3 17 270 M M 5 8 21 270
30 95 70 83 3 0 18 0.00 M M 6.0 16 260 M M 5 8 22 270
31 95 73 84 4 0 19 0.00 M M 6.9 20 230 M M 7 8 23 230
================================================================================
SM 2973 2057 0 507 0.00 M 191.3 M 71
================================================================================
AV 95.9 66.4 6.2 FASTST M M 2 MAX(MPH)
MISC ----> 20 230 29 260
================================================================================
NOTES:
# LAST OF SEVERAL OCCURRENCES
COLUMN 17 PEAK WIND IN M.P.H.
PRELIMINARY LOCAL CLIMATOLOGICAL DATA (WS FORM: F-6) , PAGE 2
STATION: ONTARIO INTL AIRPORT CA
MONTH: JULY
YEAR: 2023
LATITUDE: 34 2 N
LONGITUDE: 117 37 W
[TEMPERATURE DATA] [PRECIPITATION DATA] SYMBOLS USED IN COLUMN 16
AVERAGE MONTHLY: 81.1 TOTAL FOR MONTH: 0.00 1 = FOG OR MIST
DPTR FM NORMAL: 1.9 DPTR FM NORMAL: -0.05 2 = FOG REDUCING VISIBILITY
HIGHEST: 102 ON 26,24 GRTST 24HR 0.00 ON 1- 1 TO 1/4 MILE OR LESS
LOWEST: 57 ON 5 3 = THUNDER
SNOW, ICE PELLETS, HAIL 4 = ICE PELLETS
TOTAL MONTH: M 5 = HAIL
GRTST 24HR M ON M 6 = FREEZING RAIN OR DRIZZLE
GRTST DEPTH: M ON M 7 = DUSTSTORM OR SANDSTORM:
VSBY 1/2 MILE OR LESS
8 = SMOKE OR HAZE
[NO. OF DAYS WITH] [WEATHER - DAYS WITH] 9 = BLOWING SNOW
X = TORNADO
MAX 32 OR BELOW: 0 0.01 INCH OR MORE: 0
MAX 90 OR ABOVE: 27 0.10 INCH OR MORE: 0
MIN 32 OR BELOW: 0 0.50 INCH OR MORE: 0
MIN 0 OR BELOW: 0 1.00 INCH OR MORE: 0
[HDD (BASE 65) ]
TOTAL THIS MO. 0 CLEAR (SCALE 0-3) 24
DPTR FM NORMAL 0 PTCLDY (SCALE 4-7) 7
TOTAL FM JUL 1 0 CLOUDY (SCALE 8-10) 0
DPTR FM NORMAL 0
[CDD (BASE 65) ]
TOTAL THIS MO. 507
DPTR FM NORMAL 65 [PRESSURE DATA]
TOTAL FM JAN 1 703 HIGHEST SLP 29.96 ON 19
DPTR FM NORMAL -203 LOWEST SLP 29.74 ON 22
[REMARKS]
#FINAL-07-23#