000
CXUS54 KMRX 011130
CF6OQT
PRELIMINARY LOCAL CLIMATOLOGICAL DATA (WS FORM: F-6)
STATION: OAK RIDGE
MONTH: JANUARY
YEAR: 2023
LATITUDE: 36 1 N
LONGITUDE: 84 14 W
TEMPERATURE IN F: :PCPN: SNOW: WIND :SUNSHINE: SKY :PK WND
================================================================================
1 2 3 4 5 6A 6B 7 8 9 10 11 12 13 14 15 16 17 18
12Z AVG MX 2MIN
DY MAX MIN AVG DEP HDD CDD WTR SNW DPTH SPD SPD DIR MIN PSBL S-S WX SPD DR
================================================================================
1 64 45 55 15 10 0 0.00 M M 1.1 9 270 M M 6 12 13 260
2 62 42 52 13 13 0 0.39 M M 0.6 7 260 M M 8 1 11 270
3 72 54 63 24 2 0 0.61 M M 3.3 21 280 M M 8 12 38 280
4 67 49 58 19 7 0 0.54 M M 2.7 16 210 M M 5 1 30 200
5 57 40 49 10 16 0 0.00 M M 4.0 15 190 M M 1 26 200
6 53 32 43 4 22 0 0.00 M M 1.9 12 260 M M 1 19 270
7 45 35 40 1 25 0 T M M 0.8 5 60 M M 8 8 210
8 50 43 47 8 18 0 0.58 M M 1.8 8 210 M M 10 1 16 200
9 47 32 40 1 25 0 0.00 M M 1.8 7 80 M M 6 1 14 10
10 52 29 41 2 24 0 0.00 M M 0.8 8 210 M M 5 12 14 220
11 54 34 44 5 21 0 0.00 M M 0.5 6 260 M M 8 9 270
12 65 48 57 18 8 0 1.23 M M 2.3 14 320 M M 10 12 27 280
13 48 34 41 2 24 0 0.05 M M 4.2 14 320 M M 10 1 22 320
14 40 26 33 -6 32 0 T M M 4.8 14 330 M M 6 22 320
15 47 24 36 -3 29 0 0.00 M M 1.3 7 80 M M 0 14 40
16 48 26 37 -2 28 0 0.01 M M 0.9 7 280 M M 2 15 240
17 53 42 48 9 17 0 0.87 M M 0.4 7 260 M M 10 12 10 240
18 55 47 51 12 14 0 T M M 0.3 6 360 M M 10 12 9 360
19 69 48 59 20 6 0 0.34 M M 7.5 18 200 M M 4 1 35 270
20 52 34 43 4 22 0 0.00 M M 5.0 10 280 M M 2 22 260
21 51 27 39 0 26 0 0.00 M M 0.6 8 80 M M 0 14 90
22 46 39 43 4 22 0 0.22 M M 1.7 8 280 M M 10 1 14 280
23 45 29 37 -2 28 0 0.01 M M 2.6 10 270 M M 7 1 19 240
24 51 24 38 -1 27 0 0.00 M M 1.2 7 70 M M 2 12 11 70
25 60 38 49 10 16 0 0.83 M M 5.3 16 210 M M 8 1 33 250
26 40 34 37 -2 28 0 0.06 M M 5.7 12 280 M M 10 1 21 280
27 48 27 38 -1 27 0 0.00 M M 3.6 14 290 M M 2 22 240
28 57 28 43 3 22 0 0.00 M M 1.5 12 210 M M 1 17 200
29 47 41 44 4 21 0 0.83 M M 1.2 6 250 M M 10 1 9 280
30 53 44 49 9 16 0 0.22 M M 0.5 5 80 M M 10 1 7 200
31 50 39 45 5 20 0 0.49 M M 0.9 8 60 M M 10 12 13 60
================================================================================
SM 1648 1134 616 0 7.28 M 70.8 M 190
================================================================================
AV 53.2 36.6 2.3 FASTST M M 6 MAX(MPH)
MISC ----> 21 280 38 280
================================================================================
NOTES:
# LAST OF SEVERAL OCCURRENCES
COLUMN 17 PEAK WIND IN M.P.H.
PRELIMINARY LOCAL CLIMATOLOGICAL DATA (WS FORM: F-6) , PAGE 2
STATION: OAK RIDGE
MONTH: JANUARY
YEAR: 2023
LATITUDE: 36 1 N
LONGITUDE: 84 14 W
[TEMPERATURE DATA] [PRECIPITATION DATA] SYMBOLS USED IN COLUMN 16
AVERAGE MONTHLY: 44.9 TOTAL FOR MONTH: 7.28 1 = FOG OR MIST
DPTR FM NORMAL: 5.8 DPTR FM NORMAL: 2.21 2 = FOG REDUCING VISIBILITY
HIGHEST: 72 ON 3 GRTST 24HR 1.23 ON 12-12 TO 1/4 MILE OR LESS
LOWEST: 24 ON 24,15 3 = THUNDER
SNOW, ICE PELLETS, HAIL 4 = ICE PELLETS
TOTAL MONTH: M 5 = HAIL
GRTST 24HR M ON M 6 = FREEZING RAIN OR DRIZZLE
GRTST DEPTH: M ON M 7 = DUSTSTORM OR SANDSTORM:
VSBY 1/2 MILE OR LESS
8 = SMOKE OR HAZE
[NO. OF DAYS WITH] [WEATHER - DAYS WITH] 9 = BLOWING SNOW
X = TORNADO
MAX 32 OR BELOW: 0 0.01 INCH OR MORE: 16
MAX 90 OR ABOVE: 0 0.10 INCH OR MORE: 12
MIN 32 OR BELOW: 11 0.50 INCH OR MORE: 7
MIN 0 OR BELOW: 0 1.00 INCH OR MORE: 1
[HDD (BASE 65) ]
TOTAL THIS MO. 616 CLEAR (SCALE 0-3) 9
DPTR FM NORMAL -188 PTCLDY (SCALE 4-7) 10
TOTAL FM JUL 1 2032 CLOUDY (SCALE 8-10) 12
DPTR FM NORMAL -158
[CDD (BASE 65) ]
TOTAL THIS MO. 0
DPTR FM NORMAL 0 [PRESSURE DATA]
TOTAL FM JAN 1 0 HIGHEST SLP 30.45 ON 28
DPTR FM NORMAL 0 LOWEST SLP 29.63 ON 25
[REMARKS]
#FINAL-01-23#