000
CXUS54 KMRX 011030
CF6OQT
PRELIMINARY LOCAL CLIMATOLOGICAL DATA (WS FORM: F-6)
STATION: OAK RIDGE
MONTH: OCTOBER
YEAR: 2021
LATITUDE: 36 1 N
LONGITUDE: 84 14 W
TEMPERATURE IN F: :PCPN: SNOW: WIND :SUNSHINE: SKY :PK WND
================================================================================
1 2 3 4 5 6A 6B 7 8 9 10 11 12 13 14 15 16 17 18
12Z AVG MX 2MIN
DY MAX MIN AVG DEP HDD CDD WTR SNW DPTH SPD SPD DIR MIN PSBL S-S WX SPD DR
================================================================================
1 82 61 72 5 0 7 0.00 M M 0.6 7 80 M M 0 11 90
2 80 62 71 5 0 6 0.00 M M 0.8 9 270 M M 5 12 15 260
3 70 67 69 3 0 4 1.13 M M 1.0 6 180 M M 10 1 16 190
4 81 65 73 7 0 8 0.07 M M 0.4 7 290 M M 5 1 11 300
5 72 64 68 3 0 3 0.03 M M 0.3 5 80 M M 9 12 7 80
6 80 67 74 9 0 9 0.15 M M 1.6 10 90 M M 9 1 16 80
7 81 63 72 8 0 7 1.40 M M 1.1 14 130 M M 9 1 26 140
8 78 64 71 7 0 6 0.01 M M 0.1 6 140 M M 7 12 9 100
9 78 61 70 6 0 5 0.00 M M 0.8 6 130 M M 6 12 9 110
10 80 62 71 8 0 6 0.00 M M 0.6 5 40 M M 5 12 8 100
11 80 61 71 8 0 6 0.00 M M 1.5 9 260 M M 6 12 14 250
12 69 63 66 4 0 1 T M M 0.8 6 260 M M 8 1 11 230
13 78 61 70 8 0 5 0.00 M M 0.7 6 310 M M 8 1 10 290
14 82 63 73 12 0 8 0.00 M M 0.3 6 100 M M 5 12 9 150
15 83 65 74 13 0 9 1.54 M M 1.9 12 300 M M 5 18 21 290
16 70 47 59 -1 6 0 0.41 M M 3.5 13 330 M M 5 1 22 330
17 68 41 55 -5 10 0 0.00 M M 0.8 10 330 M M 0 20 310
18 71 41 56 -4 9 0 0.00 M M 0.4 5 250 M M 0 1 9 230
19 71 46 59 0 6 0 0.00 M M 0.4 6 150 M M 3 12 8 90
20 73 45 59 0 6 0 0.00 M M 0.6 7 270 M M 4 12 11 280
21 74 56 65 7 0 0 0.62 M M 1.0 7 180 M M 8 1 16 200
22 62 51 57 -1 8 0 0.00 M M 1.7 8 260 M M 8 12 14 250
23 66 44 55 -3 10 0 0.00 M M 0.6 5 90 M M 4 12 8 140
24 75 48 62 5 3 0 0.00 M M 1.4 7 200 M M 2 12 14 200
25 72 54 63 6 2 0 0.30 M M 3.9 14 280 M M 7 1 24 250
26 60 41 51 -5 14 0 0.00 M M 2.4 10 310 M M 8 19 340
27 63 39 51 -5 14 0 0.00 M M 1.7 8 80 M M 3 12 17 80
28 65 46 56 0 9 0 0.26 M M 1.2 7 290 M M 6 12 12 290
29 56 51 54 -1 11 0 0.19 M M 1.5 8 270 M M 10 1 14 260
30 56 51 54 -1 11 0 0.27 M M 2.4 7 260 M M 10 1 15 210
31 60 46 53 -1 12 0 0.00 M M 1.2 8 290 M M 8 14 280
================================================================================
SM 2236 1696 131 90 6.38 M 37.2 M 183
================================================================================
AV 72.1 54.7 1.2 FASTST M M 6 MAX(MPH)
MISC ----> # 14 130 26 140
================================================================================
NOTES:
# LAST OF SEVERAL OCCURRENCES
COLUMN 17 PEAK WIND IN M.P.H.
PRELIMINARY LOCAL CLIMATOLOGICAL DATA (WS FORM: F-6) , PAGE 2
STATION: OAK RIDGE
MONTH: OCTOBER
YEAR: 2021
LATITUDE: 36 1 N
LONGITUDE: 84 14 W
[TEMPERATURE DATA] [PRECIPITATION DATA] SYMBOLS USED IN COLUMN 16
AVERAGE MONTHLY: 63.4 TOTAL FOR MONTH: 6.38 1 = FOG OR MIST
DPTR FM NORMAL: 2.8 DPTR FM NORMAL: 3.26 2 = FOG REDUCING VISIBILITY
HIGHEST: 83 ON 15 GRTST 24HR 1.95 ON 15-16 TO 1/4 MILE OR LESS
LOWEST: 39 ON 27 3 = THUNDER
SNOW, ICE PELLETS, HAIL 4 = ICE PELLETS
TOTAL MONTH: M 5 = HAIL
GRTST 24HR M ON M 6 = FREEZING RAIN OR DRIZZLE
GRTST DEPTH: M ON M 7 = DUSTSTORM OR SANDSTORM:
VSBY 1/2 MILE OR LESS
8 = SMOKE OR HAZE
[NO. OF DAYS WITH] [WEATHER - DAYS WITH] 9 = BLOWING SNOW
X = TORNADO
MAX 32 OR BELOW: 0 0.01 INCH OR MORE: 13
MAX 90 OR ABOVE: 0 0.10 INCH OR MORE: 10
MIN 32 OR BELOW: 0 0.50 INCH OR MORE: 4
MIN 0 OR BELOW: 0 1.00 INCH OR MORE: 3
[HDD (BASE 65) ]
TOTAL THIS MO. 131 CLEAR (SCALE 0-3) 5
DPTR FM NORMAL -51 PTCLDY (SCALE 4-7) 19
TOTAL FM JUL 1 144 CLOUDY (SCALE 8-10) 7
DPTR FM NORMAL -53
[CDD (BASE 65) ]
TOTAL THIS MO. 90
DPTR FM NORMAL 46 [PRESSURE DATA]
TOTAL FM JAN 1 1628 HIGHEST SLP 30.35 ON 20
DPTR FM NORMAL 0 LOWEST SLP 29.45 ON 29
[REMARKS]
#FINAL-10-21#