000
CXUS53 KLOT 011654
CF6ORD
PRELIMINARY LOCAL CLIMATOLOGICAL DATA (WS FORM: F-6)
STATION: CHICAGO-OHARE
MONTH: AUGUST
YEAR: 2022
LATITUDE: 41 58 N
LONGITUDE: 87 54 W
TEMPERATURE IN F: :PCPN: SNOW: WIND :SUNSHINE: SKY :PK WND
================================================================================
1 2 3 4 5 6A 6B 7 8 9 10 11 12 13 14 15 16 17 18
12Z AVG MX 2MIN
DY MAX MIN AVG DEP HDD CDD WTR SNW DPTH SPD SPD DIR MIN PSBL S-S WX SPD DR
================================================================================
1 85 72 79 4 0 14 T 0.0 0 10.6 20 270 M M 6 3 28 270
2 90 68 79 4 0 14 0.00 0.0 0 8.2 18 190 M M 3 27 180
3 91 75 83 8 0 18 T 0.0 0 12.5 26 240 M M 8 3 38 270
4 83 69 76 1 0 11 T 0.0 0 8.8 17 30 M M 7 21 30
5 88 67 78 3 0 13 T 0.0 0 6.6 15 90 M M 3 1 23 70
6 95 74 85 10 0 20 0.00 0.0 0 8.0 18 240 M M 4 1 25 230
7 83 75 79 4 0 14 0.20 0.0 0 5.9 22 350 M M 9 13 28 350
8 81 65 73 -2 0 8 0.24 0.0 0 11.5 22 280 M M 9 13 32 270
9 77 61 69 -6 0 4 0.00 0.0 0 8.6 17 20 M M 4 22 30
10 85 60 73 -2 0 8 0.00 0.0 0 4.8 12 300 M M 1 17 310
11 79 61 70 -4 0 5 0.00 0.0 0 13.0 20 30 M M 4 39 40
12 77 58 68 -6 0 3 0.00 0.0 0 5.9 10 90 M M 7 14 90
13 79 67 73 -1 0 8 T 0.0 0 11.0 21 170 M M 8 29 200
14 77 66 72 -2 0 7 T 0.0 0 10.7 21 30 M M 9 26 30
15 79 66 73 -1 0 8 0.00 0.0 0 10.6 17 10 M M 7 23 50
16 81 62 72 -2 0 7 0.00 0.0 0 9.4 18 40 M M 2 25 20
17 82 62 72 -2 0 7 0.00 0.0 0 6.7 14 30 M M 4 20 20
18 84 61 73 -1 0 8 0.00 0.0 0 4.1 14 250 M M 4 20 310
19 86 68 77 3 0 12 T 0.0 0 10.4 20 170 M M 6 28 170
20 77 65 71 -3 0 6 0.61 0.0 0 7.4 20 200 M M 8 13 26 210
21 79 66 73 0 0 8 0.01 0.0 0 9.3 20 20 M M 7 1 23 50
22 85 64 75 2 0 10 0.00 0.0 0 5.5 15 40 M M 3 20 90
23 85 64 75 2 0 10 0.00 0.0 0 4.8 10 80 M M 5 15 360
24 85 67 76 3 0 11 0.00 0.0 0 5.1 12 220 M M 3 19 210
25 81 66 74 1 0 9 0.35 0.0 0 8.1 15 10 M M 9 13 21 210
26 78 63 71 -2 0 6 0.00 0.0 0 8.1 14 40 M M 6 19 10
27 83 59 71 -1 0 6 0.00 0.0 0 5.0 13 70 M M 5 17 40
28 89 68 79 7 0 14 0.38 0.0 0 10.5 30 270 M M 7 138 47 280
29 85 70 78 6 0 13 0.26 0.0 0 9.8 37 270 M M 6 3 50 260
30 80 65 73 1 0 8 0.00 0.0 0 10.4 22 290 M M 2 30 300
31 85 62 74 2 0 9 0.00 0.0 0 8.5 18 280 M M 1 27 260
================================================================================
SM 2574 2036 0 299 2.05 0.0 259.8 M 167
================================================================================
AV 83.0 65.7 8.4 FASTST M M 5 MAX(MPH)
MISC ----> 37 270 50 260
================================================================================
NOTES:
# LAST OF SEVERAL OCCURRENCES
COLUMN 17 PEAK WIND IN M.P.H.
PRELIMINARY LOCAL CLIMATOLOGICAL DATA (WS FORM: F-6) , PAGE 2
STATION: CHICAGO-OHARE
MONTH: AUGUST
YEAR: 2022
LATITUDE: 41 58 N
LONGITUDE: 87 54 W
[TEMPERATURE DATA] [PRECIPITATION DATA] SYMBOLS USED IN COLUMN 16
AVERAGE MONTHLY: 74.4 TOTAL FOR MONTH: 2.05 1 = FOG OR MIST
DPTR FM NORMAL: 0.6 DPTR FM NORMAL: -2.20 2 = FOG REDUCING VISIBILITY
HIGHEST: 95 ON 6 GRTST 24HR 0.61 ON 20-20 TO 1/4 MILE OR LESS
LOWEST: 58 ON 12 3 = THUNDER
SNOW, ICE PELLETS, HAIL 4 = ICE PELLETS
TOTAL MONTH: 0.0 INCH 5 = HAIL
GRTST 24HR 0.0 6 = FREEZING RAIN OR DRIZZLE
GRTST DEPTH: 0 7 = DUSTSTORM OR SANDSTORM:
VSBY 1/2 MILE OR LESS
8 = SMOKE OR HAZE
[NO. OF DAYS WITH] [WEATHER - DAYS WITH] 9 = BLOWING SNOW
X = TORNADO
MAX 32 OR BELOW: 0 0.01 INCH OR MORE: 7
MAX 90 OR ABOVE: 3 0.10 INCH OR MORE: 6
MIN 32 OR BELOW: 0 0.50 INCH OR MORE: 1
MIN 0 OR BELOW: 0 1.00 INCH OR MORE: 0
[HDD (BASE 65) ]
TOTAL THIS MO. 0 CLEAR (SCALE 0-3) 7
DPTR FM NORMAL -4 PTCLDY (SCALE 4-7) 19
TOTAL FM JUL 1 0 CLOUDY (SCALE 8-10) 5
DPTR FM NORMAL -2
[CDD (BASE 65) ]
TOTAL THIS MO. 299
DPTR FM NORMAL 22 [PRESSURE DATA]
TOTAL FM JAN 1 1001 HIGHEST SLP 30.26 ON 12
DPTR FM NORMAL 129 LOWEST SLP 29.74 ON 28
[REMARKS]
#FINAL-08-22#