000
CXUS53 KDMX 161118
CF6OTM
PRELIMINARY LOCAL CLIMATOLOGICAL DATA (WS FORM: F-6)
STATION: OTTUMWA IA
MONTH: AUGUST
YEAR: 2021
LATITUDE: 41 6 N
LONGITUDE: 92 27 W
TEMPERATURE IN F: :PCPN: SNOW: WIND :SUNSHINE: SKY :PK WND
================================================================================
1 2 3 4 5 6A 6B 7 8 9 10 11 12 13 14 15 16 17 18
12Z AVG MX 2MIN
DY MAX MIN AVG DEP HDD CDD WTR SNW DPTH SPD SPD DIR MIN PSBL S-S WX SPD DR
================================================================================
1 81 62 72 -3 0 7 0.00 0.0 0 7.4 15 360 M M 2 18 21 360
2 77 55 66 -9 0 1 0.00 0.0 0 3.7 10 20 M M 2 13 60
3 81 54 68 -7 0 3 0.00 0.0 0 2.1 8 30 M M 1 1 13 10
4 80 58 69 -6 0 4 0.00 0.0 0 3.4 10 190 M M 2 1 28 210
5 78 65 72 -2 0 7 0.07 0.0 0 7.8 15 180 M M 6 1 21 170
6 84 68 76 2 0 11 0.04 0.0 0 6.8 13 220 M M 1 1 19 220
7 87 70 79 5 0 14 T 0.0 0 10.1 16 170 M M 0 1 25 170
8 81 69 75 1 0 10 0.00 0.0 0 8.2 17 200 M M 2 25 190
9 90 71 81 7 0 16 0.00 0.0 0 5.9 13 170 M M 2 1 18 180
10 89 75 82 8 0 17 T 0.0 0 8.0 21 230 M M 1 1 31 240
11 89 75 82 8 0 17 0.00 0.0 0 8.5 18 210 M M 4 26 190
12 78 69 74 0 0 9 0.01 0.0 0 5.4 16 200 M M 3 3 24 190
13 81 60 71 -3 0 6 0.00 0.0 0 4.7 10 350 M M 3 14 360
14 82 52 67 -7 0 2 0.00 0.0 0 4.2 9 50 M M 0 13 60
15 81 51 66 -7 0 1 0.00 0.0 0 5.6 13 140 M M 1 19 130
16 81 55 68 -5 0 3 0.00 0.0 0 4.8 10 120 M M 0 16 100
17 84 56 70 -3 0 5 0.00 0.0 0 5.7 12 130 M M 1 8 17 200
18 86 62 74 1 0 9 0.00 0.0 0 6.8 14 140 M M 1 1 22 50
19 87 65 76 3 0 11 0.00 0.0 0 5.1 13 150 M M 0 1 18 170
20 88 66 77 4 0 12 0.00 0.0 0 10.1 21 140 M M 2 13 30 140
21 84 61 73 1 0 8 T 0.0 0 10.1 20 320 M M 1 28 330
22 82 54 68 -4 0 3 0.00 0.0 0 5.2 9 150 M M 0 13 150
23 89 66 78 6 0 13 0.00 0.0 0 10.1 21 100 M M 1 27 100
24 94 72 83 11 0 18 T 0.0 0 11.1 26 30 M M 1 3 38 40
25 89 70 80 8 0 15 0.23 0.0 0 5.4 15 180 M M 2 13 22 170
26 87 68 78 6 0 13 T 0.0 0 9.0 38 360 M M 2 13 54 20
27 91 70 81 10 0 16 0.00 0.0 0 8.6 17 180 M M 0 26 180
28 90 74 82 11 0 17 0.00 0.0 0 7.9 16 180 M M 0 26 180
29 84 67 76 5 0 11 0.00 0.0 0 6.3 22 330 M M 1 28 320
30 85 64 75 5 0 10 0.00 0.0 0 5.6 10 60 M M 2 16 90
31 74 63 69 -1 0 4 0.39 0.0 0 8.2 20 310 M M 8 1 29 320
================================================================================
SM 2614 1987 0 293 0.74 0.0 211.8 M 52
================================================================================
AV 84.3 64.1 6.8 FASTST M M 2 MAX(MPH)
MISC ----> 38 360 54 20
================================================================================
NOTES:
# LAST OF SEVERAL OCCURRENCES
COLUMN 17 PEAK WIND IN M.P.H.
PRELIMINARY LOCAL CLIMATOLOGICAL DATA (WS FORM: F-6) , PAGE 2
STATION: OTTUMWA IA
MONTH: AUGUST
YEAR: 2021
LATITUDE: 41 6 N
LONGITUDE: 92 27 W
[TEMPERATURE DATA] [PRECIPITATION DATA] SYMBOLS USED IN COLUMN 16
AVERAGE MONTHLY: 74.2 TOTAL FOR MONTH: 0.74 1 = FOG OR MIST
DPTR FM NORMAL: 1.2 DPTR FM NORMAL: -3.70 2 = FOG REDUCING VISIBILITY
HIGHEST: 94 ON 24 GRTST 24HR 0.39 ON 31-31 TO 1/4 MILE OR LESS
LOWEST: 51 ON 15 3 = THUNDER
SNOW, ICE PELLETS, HAIL 4 = ICE PELLETS
TOTAL MONTH: 0.0 INCH 5 = HAIL
GRTST 24HR 0.0 6 = FREEZING RAIN OR DRIZZLE
GRTST DEPTH: 0 7 = DUSTSTORM OR SANDSTORM:
VSBY 1/2 MILE OR LESS
8 = SMOKE OR HAZE
[NO. OF DAYS WITH] [WEATHER - DAYS WITH] 9 = BLOWING SNOW
X = TORNADO
MAX 32 OR BELOW: 0 0.01 INCH OR MORE: 5
MAX 90 OR ABOVE: 4 0.10 INCH OR MORE: 2
MIN 32 OR BELOW: 0 0.50 INCH OR MORE: 0
MIN 0 OR BELOW: 0 1.00 INCH OR MORE: 0
[HDD (BASE 65) ]
TOTAL THIS MO. 0 CLEAR (SCALE 0-3) 28
DPTR FM NORMAL -7 PTCLDY (SCALE 4-7) 3
TOTAL FM JUL 1 0 CLOUDY (SCALE 8-10) 0
DPTR FM NORMAL -5
[CDD (BASE 65) ]
TOTAL THIS MO. 293
DPTR FM NORMAL 38 [PRESSURE DATA]
TOTAL FM JAN 1 952 HIGHEST SLP 30.28 ON 14
DPTR FM NORMAL 89 LOWEST SLP 29.72 ON 21
[REMARKS]
#FINAL-08-21#