000
CXUS53 KARX 012113
CF6OVS
PRELIMINARY LOCAL CLIMATOLOGICAL DATA (WS FORM: F-6)
STATION: BOSCOBEL_(ASOS) WI
MONTH: JUNE
YEAR: 2023
LATITUDE: 43 9 N
LONGITUDE: 90 41 W
TEMPERATURE IN F: :PCPN: SNOW: WIND :SUNSHINE: SKY :PK WND
================================================================================
1 2 3 4 5 6A 6B 7 8 9 10 11 12 13 14 15 16 17 18
12Z AVG MX 2MIN
DY MAX MIN AVG DEP HDD CDD WTR SNW DPTH SPD SPD DIR MIN PSBL S-S WX SPD DR
================================================================================
1 92 59 76 11 0 11 0.00 0.0 0 1.8 13 210 M M 1 13 19 210
2 94 63 79 14 0 14 0.00 0.0 0 1.2 8 170 M M 3 123 15 170
3 94 60 77 11 0 12 0.00 0.0 0 2.7 10 110 M M 0 1 15 40
4 90 57 74 8 0 9 0.00 0.0 0 3.2 10 70 M M 0 18 19 90
5 89 52 71 5 0 6 0.00 0.0 0 1.1 7 310 M M 0 18 11 300
6 82 61 72 5 0 7 0.00 0.0 0 2.0 9 80 M M 5 14 30
7 82 47 65 -2 0 0 0.00 0.0 0 3.6 10 10 M M 3 16 90
8 81 41 61 -6 4 0 0.00 0.0 0 2.4 9 30 M M 0 15 40
9 85 41 63 -5 2 0 0.00 0.0 0 2.4 12 280 M M 0 1 17 220
10 84 53 69 1 0 4 0.02 0.0 0 2.9 12 220 M M 4 18 230
11 63 41 52 -16 13 0 0.01 0.0 0 4.9 13 20 M M 7 22 90
12 77 38 58 -10 7 0 0.03 0.0 0 4.7 16 270 M M 5 128 27 270
13 81 51 66 -3 0 1 0.06 0.0 0 3.5 17 290 M M 5 23 260
14 89 52 71 2 0 6 0.00 0.0 0 1.4 9 290 M M 0 1 15 360
15 77 47 62 -7 3 0 0.00 0.0 0 4.2 13 330 M M 0 18 19 10
16 79 40 60 -9 5 0 0.00 0.0 0 1.6 9 40 M M 1 12 15 50
17 85 50 68 -2 0 3 0.00 0.0 0 2.2 13 220 M M 2 12 18 210
18 85 55 70 0 0 5 0.06 0.0 0 3.6 13 200 M M 4 138 27 160
19 91 60 76 6 0 11 0.00 0.0 0 2.2 10 110 M M 1 18 17 110
20 91 53 72 2 0 7 0.00 0.0 0 3.4 15 120 M M 0 1 25 120
21 94 54 74 3 0 9 0.00 0.0 0 2.4 9 110 M M 1 1 17 80
22 94 57 76 5 0 11 0.00 0.0 0 2.5 10 60 M M 2 1 19 60
23 93 55 74 3 0 9 0.00 M M 2.0 9 10 M M 0 1 15 80
24 93 55 74 3 0 9 0.48 0.0 0 3.9 15 200 M M 2 13 25 190
25 76 65 71 0 0 6 0.28 0.0 0 6.4 18 260 M M 7 1 29 250
26 79 61 70 -2 0 5 0.00 0.0 0 7.1 16 320 M M 7 8 26 330
27 87 56 72 0 0 7 0.00 0.0 0 1.4 8 350 M M 3 18 15 60
28 85 59 72 0 0 7 0.03 0.0 0 4.2 12 180 M M 2 18 22 100
29 92 62 77 5 0 12 0.00 0.0 0 1.9 9 270 M M 0 18 15 310
30 89 62 76 4 0 11 T 0.0 0 3.1 9 280 M M 2 1 13 260
================================================================================
SM 2573 1607 34 182 0.97 0.0 89.9 M 67
================================================================================
AV 85.8 53.6 3.0 FASTST M M 2 MAX(MPH)
MISC ----> 18 260 29 250
================================================================================
NOTES:
# LAST OF SEVERAL OCCURRENCES
COLUMN 17 PEAK WIND IN M.P.H.
PRELIMINARY LOCAL CLIMATOLOGICAL DATA (WS FORM: F-6) , PAGE 2
STATION: BOSCOBEL_(ASOS) WI
MONTH: JUNE
YEAR: 2023
LATITUDE: 43 9 N
LONGITUDE: 90 41 W
[TEMPERATURE DATA] [PRECIPITATION DATA] SYMBOLS USED IN COLUMN 16
AVERAGE MONTHLY: 69.7 TOTAL FOR MONTH: 0.97 1 = FOG OR MIST
DPTR FM NORMAL: 0.6 DPTR FM NORMAL: -4.18 2 = FOG REDUCING VISIBILITY
HIGHEST: 94 ON 22,21 GRTST 24HR 0.76 ON 24-25 TO 1/4 MILE OR LESS
LOWEST: 38 ON 12 3 = THUNDER
SNOW, ICE PELLETS, HAIL 4 = ICE PELLETS
TOTAL MONTH: 0.0 INCH 5 = HAIL
GRTST 24HR 0.0 6 = FREEZING RAIN OR DRIZZLE
GRTST DEPTH: 0 7 = DUSTSTORM OR SANDSTORM:
VSBY 1/2 MILE OR LESS
8 = SMOKE OR HAZE
[NO. OF DAYS WITH] [WEATHER - DAYS WITH] 9 = BLOWING SNOW
X = TORNADO
MAX 32 OR BELOW: 0 0.01 INCH OR MORE: 8
MAX 90 OR ABOVE: 11 0.10 INCH OR MORE: 2
MIN 32 OR BELOW: 0 0.50 INCH OR MORE: 0
MIN 0 OR BELOW: 0 1.00 INCH OR MORE: 0
[HDD (BASE 65) ]
TOTAL THIS MO. 34 CLEAR (SCALE 0-3) 22
DPTR FM NORMAL 0 PTCLDY (SCALE 4-7) 8
TOTAL FM JUL 1 6515 CLOUDY (SCALE 8-10) 0
DPTR FM NORMAL -361
[CDD (BASE 65) ]
TOTAL THIS MO. 182
DPTR FM NORMAL 27 [PRESSURE DATA]
TOTAL FM JAN 1 217 HIGHEST SLP 30.14 ON 21
DPTR FM NORMAL 13 LOWEST SLP 29.56 ON 25
[REMARKS]
#FINAL-06-23#