000
CXUS55 KPAH 010700
CF6OWB
PRELIMINARY LOCAL CLIMATOLOGICAL DATA (WS FORM: F-6)
STATION: OWENSBORO KY
MONTH: AUGUST
YEAR: 2020
LATITUDE: 37 45 N
LONGITUDE: 87 10 W
TEMPERATURE IN F: :PCPN: SNOW: WIND :SUNSHINE: SKY :PK WND
================================================================================
1 2 3 4 5 6A 6B 7 8 9 10 11 12 13 14 15 16 17 18
12Z AVG MX 2MIN
DY MAX MIN AVG DEP HDD CDD WTR SNW DPTH SPD SPD DIR MIN PSBL S-S WX SPD DR
================================================================================
1 81 66 74 -6 0 9 0.38 M M 8.8 18 310 M M 9 13 24 210
2 84 65 75 -5 0 10 0.01 M M 5.9 13 250 M M 6 1 17 220
3 81 65 73 -7 0 8 0.67 M M 4.4 30 330 M M 6 13 35 330
4 79 65 72 -8 0 7 0.00 M M 6.1 13 310 M M 6 15 320
5 79 59 69 -11 0 4 0.00 M M 4.7 12 340 M M 2 16 340
6 82 61 72 -8 0 7 0.00 M M 4.8 12 60 M M 3 14 10
7 84 62 73 -7 0 8 0.00 M M 4.6 10 50 M M 0 15 40
8 88 62 75 -5 0 10 0.00 M M 3.0 9 260 M M 0 10 280
9 87 70 79 -1 0 14 0.00 M M 4.7 12 230 M M 4 1 13 230
10 93 71 82 2 0 17 0.44 M M 6.8 23 300 M M 4 13 26 310
11 86 69 78 -2 0 13 0.01 M M 4.4 13 310 M M 2 1 16 160
12 87 72 80 1 0 15 0.10 M M 1.7 13 140 M M 4 13 M 140
13 87 71 79 0 0 14 1.06 M M 3.4 20 60 M M 4 13 22 150
14 86 71 79 0 0 14 1.31 M M 6.7 20 60 M M 6 13 25 60
15 88 68 78 -1 0 13 0.00 M M 3.4 10 340 M M 2 1 15 340
16 84 67 76 -3 0 11 0.00 M M 5.3 17 330 M M 3 1 21 320
17 87 64 76 -3 0 11 0.00 M M 3.5 10 250 M M 0 12 270
18 85 67 76 -3 0 11 0.02 M M 5.2 14 60 M M 5 38 16 20
19 81 65 73 -6 0 8 0.00 M M 8.6 17 70 M M 1 22 70
20 83 63 73 -6 0 8 0.00 M M 5.9 13 90 M M 1 8 18 80
21 82 67 75 -4 0 10 1.55 M M 3.3 31 230 M M 4 138 41 220
22 84 67 76 -3 0 11 0.40 M M 2.3 12 190 M M 5 13X 13 190
23 87 67 77 -2 0 12 0.00 M M 2.2 7 260 M M 3 12 9 240
24 90 68 79 0 0 14 0.00 M M 3.5 9 210 M M 1 1 13 210
25 92 70 81 3 0 16 0.00 M M 1.7 8 160 M M 0 1 10 70
26 89 70 80 2 0 15 T M M 5.0 18 220 M M 2 13 24 230
27 88 74 81 3 0 16 0.01 M M 4.7 13 230 M M 1 15 210
28 86 73 80 2 0 15 0.53 M M 8.0 22 160 M M 8 13 28 160
29 88 72 80 2 0 15 0.00 M M 6.3 14 330 M M 7 1 16 330
30 78 69 74 -4 0 9 T M M 6.2 14 100 M M 7 17 130
31 85 71 78 1 0 13 T M M 2.4 10 90 M M 7 1 13 100
================================================================================
SM 2641 2091 0 358 6.49 M 147.5 M 113
================================================================================
AV 85.2 67.5 4.8 FASTST M M 4 MAX(MPH)
MISC ----> 31 230 41 220
================================================================================
NOTES:
# LAST OF SEVERAL OCCURRENCES
COLUMN 17 PEAK WIND IN M.P.H.
PRELIMINARY LOCAL CLIMATOLOGICAL DATA (WS FORM: F-6) , PAGE 2
STATION: OWENSBORO KY
MONTH: AUGUST
YEAR: 2020
LATITUDE: 37 45 N
LONGITUDE: 87 10 W
[TEMPERATURE DATA] [PRECIPITATION DATA] SYMBOLS USED IN COLUMN 16
AVERAGE MONTHLY: 76.3 TOTAL FOR MONTH: 6.49 1 = FOG OR MIST
DPTR FM NORMAL: -2.7 DPTR FM NORMAL: 3.18 2 = FOG REDUCING VISIBILITY
HIGHEST: 93 ON 10 GRTST 24HR 2.37 ON 13-14 TO 1/4 MILE OR LESS
LOWEST: 59 ON 5 3 = THUNDER
SNOW, ICE PELLETS, HAIL 4 = ICE PELLETS
TOTAL MONTH: M 5 = HAIL
GRTST 24HR M ON M 6 = FREEZING RAIN OR DRIZZLE
GRTST DEPTH: M ON M 7 = DUSTSTORM OR SANDSTORM:
VSBY 1/2 MILE OR LESS
8 = SMOKE OR HAZE
[NO. OF DAYS WITH] [WEATHER - DAYS WITH] 9 = BLOWING SNOW
X = TORNADO
MAX 32 OR BELOW: 0 0.01 INCH OR MORE: 13
MAX 90 OR ABOVE: 3 0.10 INCH OR MORE: 9
MIN 32 OR BELOW: 0 0.50 INCH OR MORE: 5
MIN 0 OR BELOW: 0 1.00 INCH OR MORE: 3
[HDD (BASE 65) ]
TOTAL THIS MO. 0 CLEAR (SCALE 0-3) 15
DPTR FM NORMAL -1 PTCLDY (SCALE 4-7) 15
TOTAL FM JUL 1 0 CLOUDY (SCALE 8-10) 1
DPTR FM NORMAL 0
[CDD (BASE 65) ]
TOTAL THIS MO. 358
DPTR FM NORMAL -76 [PRESSURE DATA]
TOTAL FM JAN 1 1329 HIGHEST SLP 30.19 ON 8
DPTR FM NORMAL -135 LOWEST SLP 29.67 ON 28
[REMARKS]
#FINAL-08-20#