132
CXUS56 KLKN 101417
CF6P68
PRELIMINARY LOCAL CLIMATOLOGICAL DATA (WS FORM: F-6)
STATION: EUREKA AIRPORT NV
MONTH: AUGUST
YEAR: 2020
LATITUDE: 39 30 N
LONGITUDE: 115 58 W
TEMPERATURE IN F: :PCPN: SNOW: WIND :SUNSHINE: SKY :PK WND
================================================================================
1 2 3 4 5 6A 6B 7 8 9 10 11 12 13 14 15 16 17 18
12Z AVG MX 2MIN
DY MAX MIN AVG DEP HDD CDD WTR SNW DPTH SPD SPD DIR MIN PSBL S-S WX SPD DR
================================================================================
1 99 54 77 7 0 12 0.00 M M 6.4 17 150 M M M 20 120
2 99 51 75 5 0 10 0.00 M M 8.3 25 160 M M M 32 300
3 95 49 72 2 0 7 0.00 M M 7.0 17 20 M M M 22 10
4 94 46 70 0 0 5 0.00 M M 5.7 15 180 M M M 19 30
5 91 52 72 2 0 7 0.00 M M 10.6 24 140 M M M 36 140
6 90 49 70 1 0 5 0.00 M M 7.9 21 150 M M M 28 150
7 90 52 71 2 0 6 0.00 M M 6.5 17 170 M M M 23 170
8 91 47 69 0 0 4 0.00 M M 4.8 17 10 M M M 24 20
9 93 50 72 3 0 7 0.00 M M 5.5 15 10 M M M 18 20
10 91 49 70 1 0 5 0.00 M M 7.1 28 290 M M M 39 240
11 86 53 70 2 0 5 0.00 M M 7.8 26 310 M M M 35 310
12 90 46 68 0 0 3 0.00 M M 8.6 21 270 M M M 28 290
13 92 43 68 0 0 3 0.00 M M 7.2 18 300 M M M 27 250
14 88 48 68 0 0 3 0.00 M M 6.9 20 260 M M M 24 250
15 96 52 74 6 0 9 0.00 M M 5.5 13 20 M M M 19 20
16 99 54 77 10 0 12 0.00 M M 8.9 26 240 M M M 35 240
17 100 55 78 11 0 13 0.00 M M 5.7 23 260 M M M 31 270
18 99 55 77 10 0 12 0.00 M M 6.0 30 250 M M M 38 250
19 96 56 76 9 0 11 0.00 M M 6.5 15 260 M M M 47 270
20 94 52 73 7 0 8 0.00 M M 8.1 21 300 M M M 28 280
21 97 51 74 8 0 9 0.00 M M 6.2 16 280 M M M 23 270
22 94 52 73 7 0 8 0.00 M M 5.5 15 300 M M M 21 300
23 95 55 75 9 0 10 0.01 M M 8.5 31 210 M M M 52 230
24 91 54 73 7 0 8 0.08 M M 6.9 20 330 M M M 27 310
25 93 46 70 5 0 5 0.05 M M 7.4 28 180 M M M 33 180
26 93 45 69 4 0 4 0.00 M M 8.3 25 160 M M M 32 180
27 86 46 66 1 0 1 0.00 M M 5.7 18 360 M M M 22 10
28 91 46 69 5 0 4 0.00 M M 6.6 23 150 M M M 30 140
29 91 49 70 6 0 5 0.00 M M 7.5 22 280 M M M 26 260
30 89 45 67 3 0 2 0.00 M M 8.9 22 310 M M M 30 300
31 85 42 64 0 1 0 0.00 M M 11.5 26 320 M M M 36 300
================================================================================
SM 2878 1544 1 203 0.14 M 224.0 M M
================================================================================
AV 92.8 49.8 7.2 FASTST M M 0 MAX(MPH)
MISC ----> # 31 210 # 52 230
================================================================================
NOTES:
# LAST OF SEVERAL OCCURRENCES
COLUMN 17 PEAK WIND IN M.P.H.
PRELIMINARY LOCAL CLIMATOLOGICAL DATA (WS FORM: F-6) , PAGE 2
STATION: EUREKA AIRPORT NV
MONTH: AUGUST
YEAR: 2020
LATITUDE: 39 30 N
LONGITUDE: 115 58 W
[TEMPERATURE DATA] [PRECIPITATION DATA] SYMBOLS USED IN COLUMN 16
AVERAGE MONTHLY: 71.3 TOTAL FOR MONTH: 0.14 1 = FOG OR MIST
DPTR FM NORMAL: 4.1 DPTR FM NORMAL: -0.44 2 = FOG REDUCING VISIBILITY
HIGHEST: 100 ON 17 GRTST 24HR 0.08 ON 24-24 TO 1/4 MILE OR LESS
LOWEST: 42 ON 31 3 = THUNDER
SNOW, ICE PELLETS, HAIL 4 = ICE PELLETS
TOTAL MONTH: M 5 = HAIL
GRTST 24HR M ON M 6 = FREEZING RAIN OR DRIZZLE
GRTST DEPTH: M ON M 7 = DUSTSTORM OR SANDSTORM:
VSBY 1/2 MILE OR LESS
8 = SMOKE OR HAZE
[NO. OF DAYS WITH] [WEATHER - DAYS WITH] 9 = BLOWING SNOW
X = TORNADO
MAX 32 OR BELOW: 0 0.01 INCH OR MORE: 3
MAX 90 OR ABOVE: 26 0.10 INCH OR MORE: 0
MIN 32 OR BELOW: 0 0.50 INCH OR MORE: 0
MIN 0 OR BELOW: 0 1.00 INCH OR MORE: 0
[HDD (BASE 65) ]
TOTAL THIS MO. 1 CLEAR (SCALE 0-3) 0
DPTR FM NORMAL -33 PTCLDY (SCALE 4-7) 0
TOTAL FM JUL 1 3 CLOUDY (SCALE 8-10) 0
DPTR FM NORMAL -44
[CDD (BASE 65) ]
TOTAL THIS MO. 203
DPTR FM NORMAL 101 [PRESSURE DATA]
TOTAL FM JAN 1 464 HIGHEST SLP 30.15 ON 17
DPTR FM NORMAL 187 LOWEST SLP 29.62 ON 5
[REMARKS]
#FINAL-08-20#