000
CXUS53 KPAH 010920
CLMPAH
CLIMATE REPORT
NATIONAL WEATHER SERVICE PADUCAH KY
420 AM CDT SAT APR 01 2023
...................................
...THE PADUCAH KY CLIMATE SUMMARY FOR THE MONTH OF MARCH 2023...
CLIMATE NORMAL PERIOD 1991 TO 2020
CLIMATE RECORD PERIOD 1937 TO 2023
WEATHER OBSERVED NORMAL DEPART LAST YEAR`S
VALUE DATE(S) VALUE FROM VALUE DATE(S)
NORMAL
................................................................
TEMPERATURE (F)
RECORD
HIGH 85 03/13/1967
LOW -6 03/06/2015
HIGHEST 78 03/01 78 03/02
LOWEST 24 03/15 19 03/12
AVG. MAXIMUM 59.9 59.7 0.2 62.4
AVG. MINIMUM 40.2 38.3 1.9 39.6
MEAN 50.0 49.0 1.0 51.0
DAYS MAX >= 90 0 0.0 0.0 0
DAYS MAX <= 32 0 0.4 -0.4 0
DAYS MIN <= 32 6 10.2 -4.2 5
DAYS MIN <= 0 0 0.0 0.0 0
PRECIPITATION (INCHES)
RECORD
MAXIMUM 14.91 1964
MINIMUM 0.70 1941
TOTALS 9.21 4.64 4.57 3.40
DAILY AVG. 0.30 0.15 0.15 0.11
DAYS >= .01 13 11.2 1.8 10
DAYS >= .10 9 7.7 1.3 4
DAYS >= .50 3 2.9 0.1 3
DAYS >= 1.00 2 1.2 0.8 1
GREATEST
24 HR. TOTAL 4.47 03/02 TO 03/03
SNOWFALL (INCHES)
RECORDS
TOTAL 24.0 1960
TOTALS T 1.1 -1.1 1.3
SINCE 7/1 7.9 8.9 -1.0 MM
SNOWDEPTH AVG. 0 0
DAYS >= TRACE 2
DAYS >= 1.0 0 0.2 -0.2 1
GREATEST
SNOW DEPTH 0 1 03/11
24 HR TOTAL MM
STORM TOTAL 0.0
(MM/DD(HH))
DEGREE DAYS
HEATING TOTAL 464 504 -40 429
SINCE 7/1 3197 3647 -450 MM
COOLING TOTAL 7 8 -1 1
SINCE 1/1 11 9 2 MM
FREEZE DATES
EARLIEST 10/18
LATEST 03/20
................................................................
WIND (MPH)
AVERAGE WIND SPEED 7.3
HIGHEST WIND SPEED/DIRECTION 30/230 DATE 03/03
HIGHEST GUST SPEED/DIRECTION 60/230 DATE 03/03
SKY COVER
POSSIBLE SUNSHINE (PERCENT) MM
AVERAGE SKY COVER 0.44
NUMBER OF DAYS FAIR 13
NUMBER OF DAYS PC 9
NUMBER OF DAYS CLOUDY 9
AVERAGE RH (PERCENT) 64
WEATHER CONDITIONS. NUMBER OF DAYS WITH
THUNDERSTORM 5 MIXED PRECIP 0
HEAVY RAIN 5 RAIN 9
LIGHT RAIN 15 FREEZING RAIN 0
LT FREEZING RAIN 0 HAIL 0
HEAVY SNOW 0 SNOW 0
LIGHT SNOW 1 SLEET 0
FOG 15 FOG W/VIS <= 1/4 MILE 0
HAZE 2
- INDICATES NEGATIVE NUMBERS.
R INDICATES RECORD WAS SET OR TIED.
MM INDICATES DATA IS MISSING.
T INDICATES TRACE AMOUNT.
[REMARKS:] T-4TH WETTEST MARCH AT PADUCAH
$$