000
CXUS54 KLZK 011130
CF6PBF
PRELIMINARY LOCAL CLIMATOLOGICAL DATA (WS FORM: F-6)
STATION: PINE BLUFF
MONTH: MAY
YEAR: 2021
LATITUDE: 34 10 N
LONGITUDE: 91 56 W
TEMPERATURE IN F: :PCPN: SNOW: WIND :SUNSHINE: SKY :PK WND
================================================================================
1 2 3 4 5 6A 6B 7 8 9 10 11 12 13 14 15 16 17 18
12Z AVG MX 2MIN
DY MAX MIN AVG DEP HDD CDD WTR SNW DPTH SPD SPD DIR MIN PSBL S-S WX SPD DR
================================================================================
1 82 56 69 2 0 4 0.00 0.0 0 4.2 15 150 M M 1 1 20 160
2 74 65 70 2 0 5 1.01 0.0 0 6.4 21 110 M M 8 1 27 110
3 88 68 78 10 0 13 0.00 0.0 0 8.8 17 190 M M 4 1 22 190
4 82 61 72 4 0 7 0.02 0.0 0 9.1 21 340 M M 5 31 340
5 74 53 64 -4 1 0 0.00 0.0 0 7.6 17 340 M M 2 24 360
6 83 52 68 -1 0 3 0.00 0.0 0 7.5 18 300 M M 0 29 290
7 75 52 64 -5 1 0 T 0.0 0 3.8 17 30 M M 2 20 30
8 86 57 72 3 0 7 T 0.0 0 11.0 24 190 M M 1 34 200
9 85 61 73 3 0 8 0.03 0.0 0 13.8 25 190 M M 6 3 37 190
10 63 55 59 -11 6 0 0.13 0.0 0 10.5 21 20 M M 10 3 26 20
11 66 56 61 -9 4 0 1.49 0.0 0 10.8 20 110 M M 10 13 28 120
12 70 58 64 -6 1 0 0.00 0.0 0 12.8 21 30 M M 7 26 30
13 73 53 63 -8 2 0 0.00 0.0 0 7.2 16 10 M M 2 21 20
14 76 49 63 -8 2 0 0.00 0.0 M 3.1 13 70 M M 0 16 60
15 83 52 68 -3 0 3 0.00 0.0 M 4.6 14 160 M M 1 19 170
16 85 58 72 0 0 7 T 0.0 M 7.5 18 180 M M 1 1 24 140
17 83 65 74 2 0 9 0.21 0.0 M 9.4 20 190 M M 8 1 27 190
18 84 69 77 5 0 12 0.01 0.0 0 10.0 21 130 M M 7 27 140
19 80 68 74 2 0 9 0.04 0.0 0 13.6 23 110 M M 10 1 32 110
20 84 68 76 3 0 11 0.23 0.0 0 10.6 24 140 M M 8 1 36 130
21 82 69 76 3 0 11 0.00 0.0 0 7.0 21 120 M M 6 26 140
22 89 63 76 3 0 11 0.00 0.0 0 5.0 14 150 M M 1 22 130
23 88 65 77 3 0 12 0.00 0.0 M 3.0 12 300 M M 1 14 180
24 87 64 76 2 0 11 0.00 0.0 M 4.0 16 170 M M 0 1 20 190
25 88 69 79 5 0 14 T 0.0 0 7.7 17 190 M M 3 21 200
26 87 68 78 4 0 13 0.16 0.0 M 6.9 15 260 M M 5 1 22 290
27 91 69 80 5 0 15 0.00 0.0 0 7.7 18 200 M M 2 1 24 190
28 85 66 76 1 0 11 0.93 0.0 0 9.0 35 330 M M 4 13 45 330
29 70 59 65 -10 0 0 0.00 0.0 0 11.2 20 40 M M 7 26 60
30 75 58 67 -9 0 2 0.00 0.0 0 7.0 18 60 M M 5 8 22 70
31 81 54 68 -8 0 3 0.00 0.0 0 3.4 10 180 M M 1 18 14 170
================================================================================
SM 2499 1880 17 201 4.26 0.0 244.2 M 128
================================================================================
AV 80.6 60.6 7.9 FASTST M M 4 MAX(MPH)
MISC ----> 35 330 45 330
================================================================================
NOTES:
# LAST OF SEVERAL OCCURRENCES
COLUMN 17 PEAK WIND IN M.P.H.
PRELIMINARY LOCAL CLIMATOLOGICAL DATA (WS FORM: F-6) , PAGE 2
STATION: PINE BLUFF
MONTH: MAY
YEAR: 2021
LATITUDE: 34 10 N
LONGITUDE: 91 56 W
[TEMPERATURE DATA] [PRECIPITATION DATA] SYMBOLS USED IN COLUMN 16
AVERAGE MONTHLY: 70.6 TOTAL FOR MONTH: 4.26 1 = FOG OR MIST
DPTR FM NORMAL: -1.0 DPTR FM NORMAL: -0.54 2 = FOG REDUCING VISIBILITY
HIGHEST: 91 ON 27 GRTST 24HR 1.61 ON 10-11 TO 1/4 MILE OR LESS
LOWEST: 49 ON 14 3 = THUNDER
SNOW, ICE PELLETS, HAIL 4 = ICE PELLETS
TOTAL MONTH: 0.0 INCH 5 = HAIL
GRTST 24HR 0.0 6 = FREEZING RAIN OR DRIZZLE
GRTST DEPTH: 0 7 = DUSTSTORM OR SANDSTORM:
VSBY 1/2 MILE OR LESS
8 = SMOKE OR HAZE
[NO. OF DAYS WITH] [WEATHER - DAYS WITH] 9 = BLOWING SNOW
X = TORNADO
MAX 32 OR BELOW: 0 0.01 INCH OR MORE: 11
MAX 90 OR ABOVE: 1 0.10 INCH OR MORE: 7
MIN 32 OR BELOW: 0 0.50 INCH OR MORE: 3
MIN 0 OR BELOW: 0 1.00 INCH OR MORE: 2
[HDD (BASE 65) ]
TOTAL THIS MO. 17 CLEAR (SCALE 0-3) 14
DPTR FM NORMAL -2 PTCLDY (SCALE 4-7) 13
TOTAL FM JUL 1 2954 CLOUDY (SCALE 8-10) 4
DPTR FM NORMAL 123
[CDD (BASE 65) ]
TOTAL THIS MO. 201
DPTR FM NORMAL -23 [PRESSURE DATA]
TOTAL FM JAN 1 285 HIGHEST SLP M ON M
DPTR FM NORMAL -31 LOWEST SLP 29.57 ON 2
[REMARKS]
#FINAL-05-21#