000
CXUS52 KMFL 011130
CF6PBI
PRELIMINARY LOCAL CLIMATOLOGICAL DATA (WS FORM: F-6)
STATION: WEST PALM BEACH
MONTH: DECEMBER
YEAR: 2021
LATITUDE: 26 40 N
LONGITUDE: 80 7 W
TEMPERATURE IN F: :PCPN: SNOW: WIND :SUNSHINE: SKY :PK WND
================================================================================
1 2 3 4 5 6A 6B 7 8 9 10 11 12 13 14 15 16 17 18
12Z AVG MX 2MIN
DY MAX MIN AVG DEP HDD CDD WTR SNW DPTH SPD SPD DIR MIN PSBL S-S WX SPD DR
================================================================================
1 78 58 68 -3 0 3 0.00 0.0 0 3.3 10 120 M M 2 16 90
2 81 59 70 -1 0 5 0.00 0.0 M 5.3 15 320 M M 2 20 320
3 78 53 66 -5 0 1 0.00 0.0 M 4.9 14 20 M M 3 17 20
4 79 59 69 -2 0 4 0.00 0.0 M 2.7 12 100 M M 7 14 110
5 79 63 71 1 0 6 0.17 0.0 M 4.9 15 90 M M 7 1 19 60
6 82 67 75 5 0 10 0.48 0.0 0 4.4 14 230 M M 7 13 17 160
7 83 62 73 3 0 8 T 0.0 0 4.5 12 50 M M 3 15 290
8 84 62 73 3 0 8 0.00 0.0 0 4.5 13 210 M M 3 22 200
9 82 66 74 4 0 9 0.00 0.0 0 2.9 9 120 M M 5 12 11 100
10 83 69 76 6 0 11 0.00 0.0 0 5.8 14 100 M M 5 17 80
11 84 68 76 6 0 11 T 0.0 0 5.2 16 150 M M 3 1 21 130
12 84 65 75 5 0 10 0.00 0.0 M 4.6 13 60 M M 2 1 15 70
13 83 67 75 6 0 10 0.00 0.0 M 6.9 14 90 M M 5 18 30
14 81 67 74 5 0 9 0.03 0.0 0 7.5 15 70 M M 6 13 20 40
15 81 71 76 7 0 11 0.49 0.0 0 13.6 28 110 M M 6 1 34 120
16 81 72 77 8 0 12 0.12 0.0 0 14.6 21 100 M M 6 1 26 90
17 82 72 77 8 0 12 0.00 0.0 0 11.3 16 90 M M 5 20 110
18 83 72 78 9 0 13 0.24 0.0 0 9.9 20 130 M M 7 18 24 130
19 85 71 78 9 0 13 0.63 0.0 0 8.9 20 120 M M 5 13 28 130
20 83 69 76 8 0 11 T 0.0 0 5.5 12 40 M M 6 1 17 340
21 78 68 73 5 0 8 T 0.0 0 11.7 31 220 M M 7 40 230
22 70 56 63 -5 2 0 0.00 0.0 M 10.3 20 280 M M 3 27 290
23 75 50 63 -5 2 0 0.00 0.0 M 7.9 13 360 M M 2 19 340
24 77 56 67 -1 0 2 0.00 0.0 0 4.7 15 120 M M 4 18 90
25 80 58 69 1 0 4 T 0.0 0 4.3 12 140 M M 3 1 15 70
26 80 61 71 3 0 6 0.00 0.0 0 4.1 12 280 M M 2 14 270
27 81 60 71 3 0 6 0.00 0.0 0 2.3 8 120 M M 1 1 11 130
28 80 63 72 5 0 7 0.00 0.0 0 3.7 15 140 M M 5 19 140
29 82 64 73 6 0 8 0.00 0.0 0 5.4 15 130 M M 5 21 160
30 84 63 74 7 0 9 0.00 0.0 0 4.1 16 140 M M 3 1 20 150
31 83 65 74 7 0 9 0.00 0.0 0 5.3 13 140 M M 2 1 17 130
================================================================================
SM 2506 1976 4 236 2.16 0.0 195.0 M 132
================================================================================
AV 80.8 63.7 6.3 FASTST M M 4 MAX(MPH)
MISC ----> 31 220 40 230
================================================================================
NOTES:
# LAST OF SEVERAL OCCURRENCES
COLUMN 17 PEAK WIND IN M.P.H.
PRELIMINARY LOCAL CLIMATOLOGICAL DATA (WS FORM: F-6) , PAGE 2
STATION: WEST PALM BEACH
MONTH: DECEMBER
YEAR: 2021
LATITUDE: 26 40 N
LONGITUDE: 80 7 W
[TEMPERATURE DATA] [PRECIPITATION DATA] SYMBOLS USED IN COLUMN 16
AVERAGE MONTHLY: 72.3 TOTAL FOR MONTH: 2.16 1 = FOG OR MIST
DPTR FM NORMAL: 3.3 DPTR FM NORMAL: -1.32 2 = FOG REDUCING VISIBILITY
HIGHEST: 85 ON 19 GRTST 24HR 0.66 ON 18-19 TO 1/4 MILE OR LESS
LOWEST: 50 ON 23 3 = THUNDER
SNOW, ICE PELLETS, HAIL 4 = ICE PELLETS
TOTAL MONTH: 0.0 INCH 5 = HAIL
GRTST 24HR 0.0 6 = FREEZING RAIN OR DRIZZLE
GRTST DEPTH: 0 7 = DUSTSTORM OR SANDSTORM:
VSBY 1/2 MILE OR LESS
8 = SMOKE OR HAZE
[NO. OF DAYS WITH] [WEATHER - DAYS WITH] 9 = BLOWING SNOW
X = TORNADO
MAX 32 OR BELOW: 0 0.01 INCH OR MORE: 7
MAX 90 OR ABOVE: 0 0.10 INCH OR MORE: 6
MIN 32 OR BELOW: 0 0.50 INCH OR MORE: 1
MIN 0 OR BELOW: 0 1.00 INCH OR MORE: 0
[HDD (BASE 65) ]
TOTAL THIS MO. 4 CLEAR (SCALE 0-3) 11
DPTR FM NORMAL -45 PTCLDY (SCALE 4-7) 20
TOTAL FM JUL 1 6 CLOUDY (SCALE 8-10) 0
DPTR FM NORMAL -54
[CDD (BASE 65) ]
TOTAL THIS MO. 236
DPTR FM NORMAL 63 [PRESSURE DATA]
TOTAL FM JAN 1 4722 HIGHEST SLP 30.30 ON 14
DPTR FM NORMAL 555 LOWEST SLP 29.70 ON 21
[REMARKS]
#FINAL-12-21#