061
CXUS52 KFFC 011010
CF6PDK
PRELIMINARY LOCAL CLIMATOLOGICAL DATA (WS FORM: F-6)
STATION: DEKALB PEACHTREE AIRPORT
MONTH: MAY
YEAR: 2020
LATITUDE: 33 52 N
LONGITUDE: 84 18 W
TEMPERATURE IN F: :PCPN: SNOW: WIND :SUNSHINE: SKY :PK WND
================================================================================
1 2 3 4 5 6A 6B 7 8 9 10 11 12 13 14 15 16 17 18
12Z AVG MX 2MIN
DY MAX MIN AVG DEP HDD CDD WTR SNW DPTH SPD SPD DIR MIN PSBL S-S WX SPD DR
================================================================================
1 73 44 59 -6 6 0 0.00 0.0 0 7.8 22 310 M M 0 30 290
2 81 43 62 -4 3 0 0.00 0.0 0 2.7 14 210 M M 0 1 16 220
3 84 51 68 2 0 3 0.00 0.0 0 6.3 17 220 M M 0 24 210
4 84 57 71 5 0 6 0.00 0.0 0 5.9 13 280 M M 2 17 290
5 82 61 72 6 0 7 0.00 0.0 0 9.4 22 320 M M 3 29 320
6 71 46 59 -8 6 0 0.03 M 0 12.5 31 320 M M 2 37 320
7 67 43 55 -12 10 0 0.00 0.0 0 6.8 20 330 M M 0 26 310
8 63 45 54 -13 11 0 0.24 M 0 5.3 17 310 M M 7 1 26 320
9 64 41 53 -15 12 0 0.00 0.0 0 7.3 15 330 M M 0 21 350
10 72 37 55 -13 10 0 0.00 0.0 0 3.9 15 300 M M 0 20 290
11 66 47 57 -11 8 0 0.00 0.0 0 9.2 21 320 M M 0 29 320
12 73 42 58 -10 7 0 0.00 0.0 0 2.4 10 10 M M 1 15 360
13 75 51 63 -6 2 0 0.00 0.0 0 3.1 13 180 M M 0 16 150
14 80 59 70 1 0 5 0.00 0.0 0 3.7 12 150 M M 4 18 140
15 80 59 70 1 0 5 0.00 0.0 0 4.6 13 170 M M 1 18 190
16 85 58 72 3 0 7 0.00 0.0 0 2.3 12 170 M M 2 15 150
17 85 62 74 4 0 9 0.25 0.0 0 4.3 17 230 M M 4 1 21 230
18 78 65 72 2 0 7 0.70 0.0 0 3.8 31 220 M M 7 138 40 210
19 74 60 67 -3 0 2 0.20 0.0 0 7.2 15 290 M M 7 13 21 320
20 61 53 57 -13 8 0 0.27 0.0 0 5.9 12 30 M M 10 13 21 90
21 73 53 63 -8 2 0 0.00 0.0 0 1.6 7 90 M M 8 1 10 70
22 84 60 72 1 0 7 0.01 0.0 0 4.1 21 360 M M 4 3 26 240
23 87 63 75 4 0 10 0.08 0.0 0 4.4 16 290 M M 2 13 20 290
24 88 65 77 5 0 12 0.00 0.0 0 2.9 16 330 M M 2 3 20 260
25 84 67 76 4 0 11 0.43 M M 4.2 14 150 M M 4 1 24 100
26 74 66 70 -2 0 5 0.03 0.0 M 4.8 12 120 M M 9 18 18 100
27 72 65 69 -3 0 4 0.53 0.0 M 3.8 12 340 M M 10 1 16 50
28 84 65 75 2 0 10 0.02 M M 3.8 18 200 M M 6 1 24 200
29 83 67 75 2 0 10 0.45 0.0 M 2.3 14 340 M M 5 13 17 340
30 85 64 75 2 0 10 0.00 M M 5.5 15 310 M M 2 1 22 350
31 85 58 72 -1 0 7 0.00 M M 4.5 14 330 M M 2 17 320
================================================================================
SM 2397 1717 85 137 3.24 0.0 156.3 M 104
================================================================================
AV 77.3 55.4 5.0 FASTST M M 3 MAX(MPH)
MISC ----> # 31 320 40 210
================================================================================
NOTES:
# LAST OF SEVERAL OCCURRENCES
COLUMN 17 PEAK WIND IN M.P.H.
PRELIMINARY LOCAL CLIMATOLOGICAL DATA (WS FORM: F-6) , PAGE 2
STATION: DEKALB PEACHTREE AIRPORT
MONTH: MAY
YEAR: 2020
LATITUDE: 33 52 N
LONGITUDE: 84 18 W
[TEMPERATURE DATA] [PRECIPITATION DATA] SYMBOLS USED IN COLUMN 16
AVERAGE MONTHLY: 66.4 TOTAL FOR MONTH: 3.24 1 = FOG OR MIST
DPTR FM NORMAL: -3.0 DPTR FM NORMAL: -0.81 2 = FOG REDUCING VISIBILITY
HIGHEST: 88 ON 24 GRTST 24HR 0.95 ON 17-18 TO 1/4 MILE OR LESS
LOWEST: 37 ON 10 3 = THUNDER
SNOW, ICE PELLETS, HAIL 4 = ICE PELLETS
TOTAL MONTH: 0.0 INCH 5 = HAIL
GRTST 24HR 0.0 6 = FREEZING RAIN OR DRIZZLE
GRTST DEPTH: 0 7 = DUSTSTORM OR SANDSTORM:
VSBY 1/2 MILE OR LESS
8 = SMOKE OR HAZE
[NO. OF DAYS WITH] [WEATHER - DAYS WITH] 9 = BLOWING SNOW
X = TORNADO
MAX 32 OR BELOW: 0 0.01 INCH OR MORE: 13
MAX 90 OR ABOVE: 0 0.10 INCH OR MORE: 8
MIN 32 OR BELOW: 0 0.50 INCH OR MORE: 2
MIN 0 OR BELOW: 0 1.00 INCH OR MORE: 0
[HDD (BASE 65) ]
TOTAL THIS MO. 85 CLEAR (SCALE 0-3) 18
DPTR FM NORMAL 58 PTCLDY (SCALE 4-7) 9
TOTAL FM JUL 1 2638 CLOUDY (SCALE 8-10) 4
DPTR FM NORMAL -304
[CDD (BASE 65) ]
TOTAL THIS MO. 137
DPTR FM NORMAL -25 [PRESSURE DATA]
TOTAL FM JAN 1 177 HIGHEST SLP 30.31 ON 12
DPTR FM NORMAL -34 LOWEST SLP 29.68 ON 19
[REMARKS]
#FINAL-05-20#