113
CXUS54 KEWX 011010
CF6PEZ
PRELIMINARY LOCAL CLIMATOLOGICAL DATA (WS FORM: F-6)
STATION: PLEASANTON MUNICIPAL AIRPORT
MONTH: SEPTEMBER
YEAR: 2020
LATITUDE: 28 57 N
LONGITUDE: 98 31 W
TEMPERATURE IN F: :PCPN: SNOW: WIND :SUNSHINE: SKY :PK WND
================================================================================
1 2 3 4 5 6A 6B 7 8 9 10 11 12 13 14 15 16 17 18
12Z AVG MX 2MIN
DY MAX MIN AVG DEP HDD CDD WTR SNW DPTH SPD SPD DIR MIN PSBL S-S WX SPD DR
================================================================================
1 103 83 93 M 0 28 0.00 M M 10.0 15 140 M M 2 23 140
2 95 83 89 M 0 24 0.00 M M 7.9 13 130 M M 1 21 210
3 98 76 87 M 0 22 0.04 M M 7.0 17 350 M M 4 3 24 350
4 92 74 83 M 0 18 0.09 M M 4.8 10 10 M M 4 3 18 40
5 95 73 84 M 0 19 0.25 M M 6.3 15 130 M M 3 20 130
6 96 74 85 M 0 20 0.00 M M 2.0 7 200 M M 2 M M
7 93 73 83 M 0 18 0.00 M M 3.4 9 170 M M 1 M M
8 96 77 87 M 0 22 0.00 M M 7.9 20 120 M M 2 28 120
9 94 66 80 M 0 15 4.04 M M 7.0 15 340 M M 7 3 24 340
10 74 61 68 M 0 3 0.49 M M 5.8 9 20 M M 10 M M
11 88 65 77 M 0 12 0.00 M M 3.8 7 360 M M 6 M M
12 93 70 82 M 0 17 0.00 M M 1.3 6 50 M M 3 M M
13 95 73 84 M 0 19 0.00 M M 5.1 12 40 M M 2 17 30
14 93 76 85 M 0 20 0.00 M M 6.4 14 50 M M 3 24 50
15 92 76 84 M 0 19 0.00 M M 4.6 10 340 M M 3 8 M M
16 94 74 84 M 0 19 0.20 M M 1.9 10 30 M M 5 18 30
17 89 73 81 M 0 16 0.00 M M 3.7 9 10 M M 1 M M
18 91 72 82 M 0 17 0.00 M M 7.7 15 60 M M 2 22 40
19 87 69 78 M 0 13 0.00 M M 6.6 12 10 M M 1 18 10
20 87 65 76 M 0 11 0.00 M M 7.2 14 70 M M 2 22 70
21 74 70 72 M 0 7 0.52 M M 8.2 15 10 M M 10 20 10
22 86 71 79 M 0 14 0.00 M M 8.8 14 350 M M 5 18 350
23 85 67 76 M 0 11 0.00 M M 5.4 10 30 M M 3 M M
24 87 64 76 M 0 11 0.00 M M 2.8 6 90 M M 1 M M
25 90 63 77 M 0 12 0.00 M M 1.8 6 130 M M 3 8 M M
26 94 69 82 M 0 17 0.00 M M 5.0 12 160 M M 4 18 160
27 97 76 87 M 0 22 0.00 M M 9.1 14 170 M M 5 22 160
28 82 69 76 M 0 11 0.00 M M 9.9 17 30 M M 9 35 30
29 84 51 68 M 0 3 0.00 M M 3.5 7 40 M M 0 M M
30 89 47 68 M 0 3 0.00 M M 2.1 8 220 M M 0 9 230
================================================================================
SM 2713 2100 0 463 5.63 M 167.0 M 104
================================================================================
AV 90.4 70.0 5.6 FASTST M M 3 MAX(MPH)
MISC ----> # 20 120 # 35 30
================================================================================
NOTES:
# LAST OF SEVERAL OCCURRENCES
COLUMN 17 PEAK WIND IN M.P.H.
PRELIMINARY LOCAL CLIMATOLOGICAL DATA (WS FORM: F-6) , PAGE 2
STATION: PLEASANTON MUNICIPAL AIRPORT
MONTH: SEPTEMBER
YEAR: 2020
LATITUDE: 28 57 N
LONGITUDE: 98 31 W
[TEMPERATURE DATA] [PRECIPITATION DATA] SYMBOLS USED IN COLUMN 16
AVERAGE MONTHLY: 80.2 TOTAL FOR MONTH: 5.63 1 = FOG OR MIST
DPTR FM NORMAL: M DPTR FM NORMAL: M 2 = FOG REDUCING VISIBILITY
HIGHEST: 103 ON 1 GRTST 24HR 4.04 ON 9- 9 TO 1/4 MILE OR LESS
LOWEST: 47 ON 30 3 = THUNDER
SNOW, ICE PELLETS, HAIL 4 = ICE PELLETS
TOTAL MONTH: M 5 = HAIL
GRTST 24HR M ON M 6 = FREEZING RAIN OR DRIZZLE
GRTST DEPTH: M ON M 7 = DUSTSTORM OR SANDSTORM:
VSBY 1/2 MILE OR LESS
8 = SMOKE OR HAZE
[NO. OF DAYS WITH] [WEATHER - DAYS WITH] 9 = BLOWING SNOW
X = TORNADO
MAX 32 OR BELOW: 0 0.01 INCH OR MORE: 7
MAX 90 OR ABOVE: 18 0.10 INCH OR MORE: 5
MIN 32 OR BELOW: 0 0.50 INCH OR MORE: 2
MIN 0 OR BELOW: 0 1.00 INCH OR MORE: 1
[HDD (BASE 65) ]
TOTAL THIS MO. 0 CLEAR (SCALE 0-3) 17
DPTR FM NORMAL M PTCLDY (SCALE 4-7) 10
TOTAL FM JUL 1 0 CLOUDY (SCALE 8-10) 3
DPTR FM NORMAL M
[CDD (BASE 65) ]
TOTAL THIS MO. 463
DPTR FM NORMAL M [PRESSURE DATA]
TOTAL FM JAN 1 3319 HIGHEST SLP M ON M
DPTR FM NORMAL M LOWEST SLP M ON M
[REMARKS]
#FINAL-09-20#