000
CXUS56 KFGZ 010910
CF6PGA
PRELIMINARY LOCAL CLIMATOLOGICAL DATA (WS FORM: F-6)
STATION: PAGE AZ AIRPORT
MONTH: NOVEMBER
YEAR: 2022
LATITUDE: 36 55 N
LONGITUDE: 111 27 W
TEMPERATURE IN F: :PCPN: SNOW: WIND :SUNSHINE: SKY :PK WND
================================================================================
1 2 3 4 5 6A 6B 7 8 9 10 11 12 13 14 15 16 17 18
12Z AVG MX 2MIN
DY MAX MIN AVG DEP HDD CDD WTR SNW DPTH SPD SPD DIR MIN PSBL S-S WX SPD DR
================================================================================
1 64 42 53 -1 12 0 0.00 M M 5.4 20 180 M M 0 27 190
2 69 43 56 3 9 0 0.03 M M 11.7 28 180 M M M 36 170
3 46 35 41 -12 24 0 0.13 M M 6.0 16 300 M M M 22 310
4 52 36 44 -8 21 0 0.00 M M 2.3 5 30 M M 0 M M
5 56 36 46 -6 19 0 0.00 M M 5.8 6 50 M M 0 M M
6 63 41 52 1 13 0 0.00 M M 3.8 12 180 M M M 16 360
7 73 43 58 7 7 0 0.00 M M 10.0 24 160 M M 0 32 170
8 70 50 60 10 5 0 0.00 M M 13.6 26 180 M M 0 41 170
9 57 35 46 -4 19 0 0.17 M M 9.9 24 170 M M 5 1 33 170
10 48 31 40 -10 25 0 0.00 M M 2.8 10 300 M M 0 15 290
11 45 29 37 -12 28 0 0.00 M M 2.0 8 20 M M 0 10 70
12 48 30 39 -10 26 0 0.00 M M 1.7 9 60 M M 0 13 20
13 48 30 39 -9 26 0 0.00 M M 4.0 13 290 M M 1 19 290
14 49 33 41 -7 24 0 0.00 M M 4.4 10 290 M M 0 8 17 280
15 48 29 39 -8 26 0 0.00 M M 3.8 14 20 M M 0 8 22 30
16 46 27 37 -10 28 0 0.00 M M 2.7 8 70 M M 0 8 9 20
17 47 26 37 -9 28 0 0.00 M M 2.5 7 220 M M 0 8 12 10
18 49 30 40 -6 25 0 0.00 M M 2.5 9 40 M M 0 8 12 50
19 46 28 37 -9 28 0 0.00 M M 2.9 8 50 M M 0 8 11 10
20 46 25 36 -9 29 0 0.00 M M 1.7 6 40 M M 0 8 10 350
21 47 26 37 -8 28 0 0.00 M M 1.5 6 350 M M 0 9 360
22 47 27 37 -7 28 0 0.00 M M 1.2 7 50 M M 0 8 10 10
23 49 26 38 -6 27 0 0.00 M M 3.1 10 20 M M 0 12 180
24 54 34 44 1 21 0 0.00 M M 6.1 17 50 M M 0 24 40
25 51 30 41 -2 24 0 0.00 M M 2.5 8 150 M M 0 10 90
26 52 28 40 -2 25 0 0.00 M M 2.3 14 290 M M 2 8 23 280
27 52 35 44 2 21 0 0.00 M M 3.8 14 280 M M 0 8 22 300
28 54 32 43 1 22 0 0.00 M M 3.8 8 210 M M 0 8 13 210
29 47 31 39 -2 26 0 0.00 M M 5.6 18 270 M M 0 8 30 250
30 45 25 35 -6 30 0 0.00 M M 1.5 8 40 M M 0 10 10
================================================================================
SM 1568 973 674 0 0.33 M 130.9 M 8
================================================================================
AV 52.3 32.4 4.4 FASTST M M 0 MAX(MPH)
MISC ----> 28 180 41 170
================================================================================
NOTES:
# LAST OF SEVERAL OCCURRENCES
COLUMN 17 PEAK WIND IN M.P.H.
PRELIMINARY LOCAL CLIMATOLOGICAL DATA (WS FORM: F-6) , PAGE 2
STATION: PAGE AZ AIRPORT
MONTH: NOVEMBER
YEAR: 2022
LATITUDE: 36 55 N
LONGITUDE: 111 27 W
[TEMPERATURE DATA] [PRECIPITATION DATA] SYMBOLS USED IN COLUMN 16
AVERAGE MONTHLY: 42.4 TOTAL FOR MONTH: 0.33 1 = FOG OR MIST
DPTR FM NORMAL: -4.7 DPTR FM NORMAL: -0.08 2 = FOG REDUCING VISIBILITY
HIGHEST: 73 ON 7 GRTST 24HR 0.17 ON 9- 9 TO 1/4 MILE OR LESS
LOWEST: 25 ON 30,20 3 = THUNDER
SNOW, ICE PELLETS, HAIL 4 = ICE PELLETS
TOTAL MONTH: M 5 = HAIL
GRTST 24HR M ON M 6 = FREEZING RAIN OR DRIZZLE
GRTST DEPTH: M ON M 7 = DUSTSTORM OR SANDSTORM:
VSBY 1/2 MILE OR LESS
8 = SMOKE OR HAZE
[NO. OF DAYS WITH] [WEATHER - DAYS WITH] 9 = BLOWING SNOW
X = TORNADO
MAX 32 OR BELOW: 0 0.01 INCH OR MORE: 3
MAX 90 OR ABOVE: 0 0.10 INCH OR MORE: 2
MIN 32 OR BELOW: 18 0.50 INCH OR MORE: 0
MIN 0 OR BELOW: 0 1.00 INCH OR MORE: 0
[HDD (BASE 65) ]
TOTAL THIS MO. 674 CLEAR (SCALE 0-3) 26
DPTR FM NORMAL 137 PTCLDY (SCALE 4-7) 1
TOTAL FM JUL 1 814 CLOUDY (SCALE 8-10) 3
DPTR FM NORMAL 91
[CDD (BASE 65) ]
TOTAL THIS MO. 0
DPTR FM NORMAL 0 [PRESSURE DATA]
TOTAL FM JAN 1 2420 HIGHEST SLP M ON M
DPTR FM NORMAL 259 LOWEST SLP 29.56 ON 9
[REMARKS]
#FINAL-11-22#