000
CXUS56 KFGZ 010910
CF6PGA
PRELIMINARY LOCAL CLIMATOLOGICAL DATA (WS FORM: F-6)
STATION: PAGE AZ AIRPORT
MONTH: OCTOBER
YEAR: 2021
LATITUDE: 36 55 N
LONGITUDE: 111 27 W
TEMPERATURE IN F: :PCPN: SNOW: WIND :SUNSHINE: SKY :PK WND
================================================================================
1 2 3 4 5 6A 6B 7 8 9 10 11 12 13 14 15 16 17 18
12Z AVG MX 2MIN
DY MAX MIN AVG DEP HDD CDD WTR SNW DPTH SPD SPD DIR MIN PSBL S-S WX SPD DR
================================================================================
1 75 56 66 -2 0 1 0.00 M M 4.5 9 50 M M 3 13 360
2 79 57 68 1 0 3 0.00 M M 3.5 10 40 M M 0 15 60
3 82 56 69 2 0 4 0.00 M M 3.4 12 40 M M 0 15 40
4 82 58 70 4 0 5 0.00 M M 2.2 10 360 M M 0 16 10
5 69 56 63 -3 2 0 0.22 M M 5.7 22 210 M M 6 3 32 210
6 70 53 62 -3 3 0 0.00 M M 2.8 15 170 M M 2 20 10
7 75 55 65 0 0 0 0.00 M M 3.2 9 40 M M 0 11 40
8 66 55 61 -3 4 0 T M M 3.5 15 320 M M 5 20 300
9 69 51 60 -4 5 0 0.00 M M 5.4 15 320 M M 4 20 330
10 68 47 58 -6 7 0 0.00 M M 3.6 10 270 M M 0 16 270
11 74 45 60 -3 5 0 0.23 M M 8.3 26 220 M M 2 43 240
12 52 38 45 -17 20 0 0.33 M M 6.8 26 190 M M 8 1 44 190
13 56 38 47 -15 18 0 0.00 M M 2.7 9 20 M M 1 13 40
14 63 41 52 -10 13 0 0.00 M M 5.8 16 320 M M 1 23 310
15 59 38 49 -12 16 0 0.00 M M 3.7 10 50 M M 0 8 15 100
16 64 40 52 -9 13 0 0.00 M M 2.9 9 40 M M 0 12 40
17 68 42 55 -5 10 0 0.00 M M 2.2 9 90 M M 0 15 300
18 73 47 60 0 5 0 T M M 11.8 28 150 M M 3 41 270
19 63 41 52 -7 13 0 0.00 M M 3.7 10 50 M M 0 14 240
20 65 41 53 -6 12 0 0.00 M M 2.0 8 30 M M 0 12 80
21 68 45 57 -1 8 0 0.00 M M 1.7 8 10 M M 0 11 10
22 70 45 58 0 7 0 0.00 M M 2.7 8 340 M M 0 13 340
23 73 51 62 4 3 0 0.00 M M 4.0 14 290 M M 3 22 290
24 71 52 62 5 3 0 0.00 M M 3.5 13 180 M M 0 17 190
25 80 51 66 9 0 1 0.00 M M 10.0 26 180 M M 0 37 190
26 67 48 58 2 7 0 0.18 M M 10.1 22 310 M M 3 1 32 320
27 62 41 52 -4 13 0 0.00 M M 3.3 8 70 M M 0 11 290
28 66 43 55 0 10 0 0.00 M M 2.1 8 70 M M 0 10 90
29 67 45 56 1 9 0 0.00 M M 1.8 8 30 M M 0 10 40
30 68 45 57 3 8 0 0.00 M M 2.3 7 80 M M 0 9 20
31 71 50 61 7 4 0 0.00 M M 2.8 9 140 M M 0 12 40
================================================================================
SM 2135 1471 218 14 0.96 M 132.0 M 41
================================================================================
AV 68.9 47.5 4.3 FASTST M M 1 MAX(MPH)
MISC ----> 28 150 44 190
================================================================================
NOTES:
# LAST OF SEVERAL OCCURRENCES
COLUMN 17 PEAK WIND IN M.P.H.
PRELIMINARY LOCAL CLIMATOLOGICAL DATA (WS FORM: F-6) , PAGE 2
STATION: PAGE AZ AIRPORT
MONTH: OCTOBER
YEAR: 2021
LATITUDE: 36 55 N
LONGITUDE: 111 27 W
[TEMPERATURE DATA] [PRECIPITATION DATA] SYMBOLS USED IN COLUMN 16
AVERAGE MONTHLY: 58.2 TOTAL FOR MONTH: 0.96 1 = FOG OR MIST
DPTR FM NORMAL: -2.5 DPTR FM NORMAL: 0.14 2 = FOG REDUCING VISIBILITY
HIGHEST: 82 ON 4, 3 GRTST 24HR 0.56 ON 11-12 TO 1/4 MILE OR LESS
LOWEST: 38 ON 15,13 3 = THUNDER
SNOW, ICE PELLETS, HAIL 4 = ICE PELLETS
TOTAL MONTH: M 5 = HAIL
GRTST 24HR M ON M 6 = FREEZING RAIN OR DRIZZLE
GRTST DEPTH: M ON M 7 = DUSTSTORM OR SANDSTORM:
VSBY 1/2 MILE OR LESS
8 = SMOKE OR HAZE
[NO. OF DAYS WITH] [WEATHER - DAYS WITH] 9 = BLOWING SNOW
X = TORNADO
MAX 32 OR BELOW: 0 0.01 INCH OR MORE: 4
MAX 90 OR ABOVE: 0 0.10 INCH OR MORE: 4
MIN 32 OR BELOW: 0 0.50 INCH OR MORE: 0
MIN 0 OR BELOW: 0 1.00 INCH OR MORE: 0
[HDD (BASE 65) ]
TOTAL THIS MO. 218 CLEAR (SCALE 0-3) 27
DPTR FM NORMAL 45 PTCLDY (SCALE 4-7) 4
TOTAL FM JUL 1 219 CLOUDY (SCALE 8-10) 0
DPTR FM NORMAL 34
[CDD (BASE 65) ]
TOTAL THIS MO. 14
DPTR FM NORMAL -27 [PRESSURE DATA]
TOTAL FM JAN 1 2580 HIGHEST SLP M ON M
DPTR FM NORMAL 419 LOWEST SLP 29.25 ON 12
[REMARKS]
#FINAL-10-21#