000
CXUS56 KFGZ 010910
CF6PGA
PRELIMINARY LOCAL CLIMATOLOGICAL DATA (WS FORM: F-6)
STATION: PAGE AZ AIRPORT
MONTH: OCTOBER
YEAR: 2023
LATITUDE: 36 55 N
LONGITUDE: 111 27 W
TEMPERATURE IN F: :PCPN: SNOW: WIND :SUNSHINE: SKY :PK WND
================================================================================
1 2 3 4 5 6A 6B 7 8 9 10 11 12 13 14 15 16 17 18
12Z AVG MX 2MIN
DY MAX MIN AVG DEP HDD CDD WTR SNW DPTH SPD SPD DIR MIN PSBL S-S WX SPD DR
================================================================================
1 73 58 66 -2 0 1 T M M 5.7 22 160 M M 8 3 34 150
2 70 52 61 -6 4 0 T M M 7.3 16 200 M M 2 31 180
3 73 50 62 -5 3 0 0.00 M M 3.3 10 50 M M 0 16 50
4 76 51 64 -2 1 0 0.00 M M 2.3 10 60 M M 0 14 100
5 79 53 66 0 0 1 0.00 M M 2.7 10 20 M M 0 12 20
6 82 53 68 3 0 3 0.00 M M 2.7 10 20 M M 0 14 70
7 83 55 69 4 0 4 0.00 M M 3.6 9 50 M M 0 14 360
8 85 57 71 7 0 6 0.00 M M 2.6 10 220 M M 0 16 240
9 85 59 72 8 0 7 0.00 M M 4.0 17 160 M M 0 21 160
10 85 57 71 7 0 6 0.00 M M 5.0 17 210 M M 0 35 190
11 79 57 68 5 0 3 0.00 M M 9.8 20 280 M M 0 38 270
12 68 51 60 -2 5 0 0.00 M M 8.4 16 310 M M 0 30 310
13 69 46 58 -4 7 0 0.00 M M 3.8 13 360 M M 0 18 10
14 72 47 60 -2 5 0 0.00 M M 1.6 8 360 M M 0 11 30
15 76 48 62 1 3 0 0.00 M M 2.5 8 20 M M 0 12 40
16 79 50 65 4 0 0 0.00 M M 2.1 12 40 M M 0 8 15 40
17 84 52 68 8 0 3 0.00 M M 2.3 8 210 M M 0 11 10
18 85 55 70 10 0 5 0.00 M M 2.3 8 40 M M 0 12 30
19 84 54 69 10 0 4 0.00 M M 2.7 8 30 M M 0 8 11 220
20 83 54 69 10 0 4 0.00 M M 3.6 7 170 M M 0 11 50
21 85 54 70 12 0 5 0.00 M M 3.4 7 220 M M 0 12 230
22 84 55 70 12 0 5 0.00 M M 4.4 15 170 M M 0 21 200
23 79 58 69 11 0 4 0.00 M M 4.7 13 160 M M 1 25 230
24 75 50 63 6 2 0 0.00 M M 3.9 12 150 M M 1 16 130
25 76 50 63 6 2 0 0.00 M M 3.9 10 340 M M 0 13 350
26 71 56 64 8 1 0 0.00 M M 5.1 12 210 M M 3 19 220
27 71 48 60 4 5 0 T M M 3.2 17 230 M M 3 31 220
28 70 47 59 4 6 0 0.01 M M 6.7 17 310 M M 2 30 310
29 56 39 48 -7 17 0 0.00 M M 6.6 15 280 M M 0 25 250
30 54 33 44 -10 21 0 0.00 M M 2.4 10 50 M M 0 8 14 40
31 58 33 46 -8 19 0 0.00 M M 1.9 8 20 M M 0 8 13 30
================================================================================
SM 2349 1582 101 61 0.01 M 124.5 M 20
================================================================================
AV 75.8 51.0 4.0 FASTST M M 1 MAX(MPH)
MISC ----> 22 160 38 270
================================================================================
NOTES:
# LAST OF SEVERAL OCCURRENCES
COLUMN 17 PEAK WIND IN M.P.H.
PRELIMINARY LOCAL CLIMATOLOGICAL DATA (WS FORM: F-6) , PAGE 2
STATION: PAGE AZ AIRPORT
MONTH: OCTOBER
YEAR: 2023
LATITUDE: 36 55 N
LONGITUDE: 111 27 W
[TEMPERATURE DATA] [PRECIPITATION DATA] SYMBOLS USED IN COLUMN 16
AVERAGE MONTHLY: 63.4 TOTAL FOR MONTH: 0.01 1 = FOG OR MIST
DPTR FM NORMAL: 2.7 DPTR FM NORMAL: -0.81 2 = FOG REDUCING VISIBILITY
HIGHEST: 85 ON 21,18 GRTST 24HR 0.01 ON 27-28 TO 1/4 MILE OR LESS
LOWEST: 33 ON 31,30 3 = THUNDER
SNOW, ICE PELLETS, HAIL 4 = ICE PELLETS
TOTAL MONTH: M 5 = HAIL
GRTST 24HR M ON M 6 = FREEZING RAIN OR DRIZZLE
GRTST DEPTH: M ON M 7 = DUSTSTORM OR SANDSTORM:
VSBY 1/2 MILE OR LESS
8 = SMOKE OR HAZE
[NO. OF DAYS WITH] [WEATHER - DAYS WITH] 9 = BLOWING SNOW
X = TORNADO
MAX 32 OR BELOW: 0 0.01 INCH OR MORE: 1
MAX 90 OR ABOVE: 0 0.10 INCH OR MORE: 0
MIN 32 OR BELOW: 0 0.50 INCH OR MORE: 0
MIN 0 OR BELOW: 0 1.00 INCH OR MORE: 0
[HDD (BASE 65) ]
TOTAL THIS MO. 101 CLEAR (SCALE 0-3) 30
DPTR FM NORMAL -72 PTCLDY (SCALE 4-7) 1
TOTAL FM JUL 1 101 CLOUDY (SCALE 8-10) 0
DPTR FM NORMAL -84
[CDD (BASE 65) ]
TOTAL THIS MO. 61
DPTR FM NORMAL 20 [PRESSURE DATA]
TOTAL FM JAN 1 2283 HIGHEST SLP M ON M
DPTR FM NORMAL 122 LOWEST SLP 29.32 ON 11
[REMARKS]
#FINAL-10-23#