000
CXUS52 KTBW 031028
CF6PGD
PRELIMINARY LOCAL CLIMATOLOGICAL DATA (WS FORM: F-6)
STATION: PUNTA GORDA
MONTH: FEBRUARY
YEAR: 2023
LATITUDE: 26 55 N
LONGITUDE: 82 0 W
TEMPERATURE IN F: :PCPN: SNOW: WIND :SUNSHINE: SKY :PK WND
================================================================================
1 2 3 4 5 6A 6B 7 8 9 10 11 12 13 14 15 16 17 18
12Z AVG MX 2MIN
DY MAX MIN AVG DEP HDD CDD WTR SNW DPTH SPD SPD DIR MIN PSBL S-S WX SPD DR
================================================================================
1 83 62 73 9 0 8 0.00 0.0 0 3.3 12 260 M M 2 12 17 280
2 83 60 72 8 0 7 0.00 0.0 0 5.3 15 240 M M 3 12 19 250
3 81 58 70 6 0 5 0.05 0.0 0 9.6 21 30 M M 7 12 27 30
4 78 53 66 2 0 1 T 0.0 0 14.1 25 70 M M 4 34 50
5 82 58 70 6 0 5 0.00 0.0 0 6.4 21 100 M M 4 26 100
6 81 61 71 7 0 6 0.00 0.0 0 8.5 16 40 M M 4 23 50
7 81 55 68 3 0 3 0.00 0.0 0 9.5 21 100 M M 1 25 90
8 83 56 70 5 0 5 0.00 0.0 0 8.7 17 90 M M 1 22 90
9 87 58 73 8 0 8 0.10 0.0 0 8.2 18 140 M M 3 1 26 160
10 87 63 75 10 0 10 0.00 0.0 0 8.7 18 240 M M 4 12 24 220
11 85 65 75 10 0 10 T 0.0 0 13.1 24 190 M M 4 33 210
12 73 63 68 3 0 3 0.01 0.0 0 17.7 31 270 M M 9 1 42 290
13 73 52 63 -3 2 0 0.00 0.0 0 8.5 16 290 M M 1 21 290
14 79 44 62 -4 3 0 0.00 0.0 0 5.9 15 140 M M 0 2 21 150
15 84 52 68 2 0 3 0.00 0.0 0 7.3 18 160 M M 1 25 180
16 86 61 74 8 0 9 0.00 0.0 0 8.3 20 200 M M 3 30 160
17 86 62 74 8 0 9 0.00 0.0 0 8.7 18 250 M M 1 1 26 250
18 78 60 69 3 0 4 0.00 0.0 0 11.5 18 60 M M 4 26 60
19 85 60 73 7 0 8 0.00 0.0 0 6.7 13 250 M M 2 18 250
20 82 60 71 5 0 6 0.00 0.0 0 5.3 16 260 M M 2 12 22 250
21 81 61 71 5 0 6 0.00 0.0 0 6.2 14 230 M M 3 12 19 230
22 88 58 73 7 0 8 0.00 0.0 0 8.0 20 180 M M 4 128 25 190
23 87 65 76 10 0 11 0.00 0.0 0 7.1 14 240 M M 1 8 18 150
24 90 64 77 10 0 12 0.00 0.0 0 3.5 12 260 M M 4 18 17 120
25 87 62 75 8 0 10 0.00 0.0 0 5.4 15 280 M M 2 18 20 280
26 85 60 73 6 0 8 0.00 0.0 0 6.1 16 250 M M 0 18 22 240
27 82 54 68 1 0 3 0.00 0.0 0 8.3 20 240 M M 3 128 29 250
28 83 58 71 4 0 6 0.00 0.0 0 6.9 18 230 M M 2 18 26 290
================================================================================
SM 2320 1645 5 174 0.16 0.0 226.8 M 79
================================================================================
AV 82.9 58.8 8.1 FASTST M M 3 MAX(MPH)
MISC ----> 31 270 42 290
================================================================================
NOTES:
# LAST OF SEVERAL OCCURRENCES
COLUMN 17 PEAK WIND IN M.P.H.
PRELIMINARY LOCAL CLIMATOLOGICAL DATA (WS FORM: F-6) , PAGE 2
STATION: PUNTA GORDA
MONTH: FEBRUARY
YEAR: 2023
LATITUDE: 26 55 N
LONGITUDE: 82 0 W
[TEMPERATURE DATA] [PRECIPITATION DATA] SYMBOLS USED IN COLUMN 16
AVERAGE MONTHLY: 70.8 TOTAL FOR MONTH: 0.16 1 = FOG OR MIST
DPTR FM NORMAL: 5.3 DPTR FM NORMAL: -2.31 2 = FOG REDUCING VISIBILITY
HIGHEST: 90 ON 24 GRTST 24HR 0.10 ON 9- 9 TO 1/4 MILE OR LESS
LOWEST: 44 ON 14 3 = THUNDER
SNOW, ICE PELLETS, HAIL 4 = ICE PELLETS
TOTAL MONTH: 0.0 INCH 5 = HAIL
GRTST 24HR 0.0 6 = FREEZING RAIN OR DRIZZLE
GRTST DEPTH: 0 7 = DUSTSTORM OR SANDSTORM:
VSBY 1/2 MILE OR LESS
8 = SMOKE OR HAZE
[NO. OF DAYS WITH] [WEATHER - DAYS WITH] 9 = BLOWING SNOW
X = TORNADO
MAX 32 OR BELOW: 0 0.01 INCH OR MORE: 3
MAX 90 OR ABOVE: 1 0.10 INCH OR MORE: 1
MIN 32 OR BELOW: 0 0.50 INCH OR MORE: 0
MIN 0 OR BELOW: 0 1.00 INCH OR MORE: 0
[HDD (BASE 65) ]
TOTAL THIS MO. 5 CLEAR (SCALE 0-3) 17
DPTR FM NORMAL -68 PTCLDY (SCALE 4-7) 10
TOTAL FM JUL 1 168 CLOUDY (SCALE 8-10) 1
DPTR FM NORMAL -142
[CDD (BASE 65) ]
TOTAL THIS MO. 174
DPTR FM NORMAL 86 [PRESSURE DATA]
TOTAL FM JAN 1 289 HIGHEST SLP 30.33 ON 4
DPTR FM NORMAL 135 LOWEST SLP 29.94 ON 12
[REMARKS]
#FINAL-02-23#