000
CXUS51 KPHI 010815
CF6PHL
PRELIMINARY LOCAL CLIMATOLOGICAL DATA (WS FORM: F-6)
STATION: PHILADELPHIA PA
MONTH: JUNE
YEAR: 2023
LATITUDE: 39 52 N
LONGITUDE: 75 15 W
TEMPERATURE IN F: :PCPN: SNOW: WIND :SUNSHINE: SKY :PK WND
================================================================================
1 2 3 4 5 6A 6B 7 8 9 10 11 12 13 14 15 16 17 18
12Z AVG MX 2MIN
DY MAX MIN AVG DEP HDD CDD WTR SNW DPTH SPD SPD DIR MIN PSBL S-S WX SPD DR
================================================================================
1 88 58 73 4 0 8 0.00 0.0 0 6.2 15 80 M M 1 18 70
2 95 62 79 10 0 14 T 0.0 0 5.7 16 20 M M 2 3 21 320
3 76 58 67 -3 0 2 0.00 0.0 0 10.4 18 80 M M 8 23 80
4 77 52 65 -5 0 0 0.00 0.0 0 7.3 20 110 M M 6 26 110
5 78 53 66 -4 0 1 0.00 0.0 0 8.8 18 320 M M 5 26 340
6 82 56 69 -2 0 4 0.02 0.0 0 10.3 25 310 M M 7 38 32 300
7 76 57 67 -4 0 2 0.00 0.0 0 9.1 22 320 M M 7 8 26 320
8 76 54 65 -6 0 0 0.00 0.0 0 7.3 16 340 M M 7 8 22 300
9 74 59 67 -5 0 2 T 0.0 0 10.3 21 330 M M 8 27 330
10 82 54 68 -4 0 3 0.00 0.0 0 8.8 17 250 M M 4 21 330
11 89 63 76 4 0 11 0.00 0.0 0 9.9 18 240 M M 7 26 230
12 84 64 74 1 0 9 0.58 0.0 0 10.3 24 270 M M 9 13 29 280
13 79 59 69 -4 0 4 0.00 0.0 0 10.4 21 300 M M 4 32 270
14 77 63 70 -3 0 5 0.17 0.0 0 9.9 25 290 M M 5 3 32 290
15 79 59 69 -5 0 4 0.00 0.0 0 9.2 20 280 M M 2 25 330
16 73 61 67 -7 0 2 1.04 0.0 0 4.6 28 280 M M 7 3 37 270
17 80 62 71 -3 0 6 0.00 0.0 0 10.9 26 310 M M 4 31 320
18 83 61 72 -2 0 7 0.00 0.0 0 7.2 15 280 M M 3 21 320
19 87 62 75 0 0 10 0.00 0.0 0 5.6 18 120 M M 5 24 120
20 79 65 72 -3 0 7 0.00 0.0 0 10.3 15 80 M M 9 1 24 20
21 66 59 63 -12 2 0 0.18 0.0 0 13.3 22 70 M M 9 1 30 90
22 68 59 64 -12 1 0 T 0.0 0 12.0 21 50 M M 10 1 29 40
23 73 63 68 -8 0 3 0.56 0.0 0 6.9 14 230 M M 10 13 19 30
24 82 69 76 0 0 11 0.02 0.0 0 6.2 15 310 M M 9 13 21 320
25 87 68 78 2 0 13 0.09 0.0 0 5.1 16 360 M M 6 13 20 360
26 87 67 77 0 0 12 0.51 0.0 0 8.7 36 250 M M 9 13 42 240
27 84 66 75 -2 0 10 1.07 0.0 0 6.1 22 190 M M 9 13 32 190
28 80 65 73 -4 0 8 0.00 0.0 0 7.8 17 290 M M 6 128 23 260
29 85 65 75 -2 0 10 0.00 0.0 0 5.4 13 230 M M 6 18 19 260
30 84 64 74 -4 0 9 0.00 0.0 0 5.3 14 190 M M 6 18 17 190
================================================================================
SM 2410 1827 3 177 4.24 0.0 249.3 M 190
================================================================================
AV 80.3 60.9 8.3 FASTST M M 6 MAX(MPH)
MISC ----> 36 250 42 240
================================================================================
NOTES:
# LAST OF SEVERAL OCCURRENCES
COLUMN 17 PEAK WIND IN M.P.H.
PRELIMINARY LOCAL CLIMATOLOGICAL DATA (WS FORM: F-6) , PAGE 2
STATION: PHILADELPHIA PA
MONTH: JUNE
YEAR: 2023
LATITUDE: 39 52 N
LONGITUDE: 75 15 W
[TEMPERATURE DATA] [PRECIPITATION DATA] SYMBOLS USED IN COLUMN 16
AVERAGE MONTHLY: 70.6 TOTAL FOR MONTH: 4.24 1 = FOG OR MIST
DPTR FM NORMAL: -2.9 DPTR FM NORMAL: 0.20 2 = FOG REDUCING VISIBILITY
HIGHEST: 95 ON 2 GRTST 24HR 1.58 ON 26-27 TO 1/4 MILE OR LESS
LOWEST: 52 ON 4 3 = THUNDER
SNOW, ICE PELLETS, HAIL 4 = ICE PELLETS
TOTAL MONTH: 0.0 INCH 5 = HAIL
GRTST 24HR 0.0 6 = FREEZING RAIN OR DRIZZLE
GRTST DEPTH: 0 7 = DUSTSTORM OR SANDSTORM:
VSBY 1/2 MILE OR LESS
8 = SMOKE OR HAZE
[NO. OF DAYS WITH] [WEATHER - DAYS WITH] 9 = BLOWING SNOW
X = TORNADO
MAX 32 OR BELOW: 0 0.01 INCH OR MORE: 10
MAX 90 OR ABOVE: 1 0.10 INCH OR MORE: 7
MIN 32 OR BELOW: 0 0.50 INCH OR MORE: 5
MIN 0 OR BELOW: 0 1.00 INCH OR MORE: 2
[HDD (BASE 65) ]
TOTAL THIS MO. 3 CLEAR (SCALE 0-3) 4
DPTR FM NORMAL -7 PTCLDY (SCALE 4-7) 17
TOTAL FM JUL 1 3740 CLOUDY (SCALE 8-10) 9
DPTR FM NORMAL -767
[CDD (BASE 65) ]
TOTAL THIS MO. 177
DPTR FM NORMAL -89 [PRESSURE DATA]
TOTAL FM JAN 1 233 HIGHEST SLP 30.23 ON 21
DPTR FM NORMAL -131 LOWEST SLP 29.50 ON 14
[REMARKS]
#FINAL-06-23#