000
CXUS53 KUNR 011031
CF6PHP
PRELIMINARY LOCAL CLIMATOLOGICAL DATA (WS FORM: F-6)
STATION: PHILIP SD
MONTH: FEBRUARY
YEAR: 2024
LATITUDE: 44 3 N
LONGITUDE: 101 36 W
TEMPERATURE IN F: :PCPN: SNOW: WIND :SUNSHINE: SKY :PK WND
================================================================================
1 2 3 4 5 6A 6B 7 8 9 10 11 12 13 14 15 16 17 18
12Z AVG MX 2MIN
DY MAX MIN AVG DEP HDD CDD WTR SNW DPTH SPD SPD DIR MIN PSBL S-S WX SPD DR
================================================================================
1 47 23 35 12 30 0 0.00 M M M M M M M 3 12 M M
2 36 32 34 11 31 0 0.00 M M M M M M M 10 12 M M
3 35 33 34 11 31 0 0.05 M M M M M M M 10 12 M M
4 40 32 36 13 29 0 0.04 M M M M M M M 10 12 M M
5 61 24 43 20 22 0 0.00 M M 11.6 25 190 M M 2 12 37 190
6 55 32 44 21 21 0 0.00 M M 8.2 16 70 M M 2 12 21 60
7 39 34 37 13 28 0 0.00 M M 6.4 14 50 M M 10 12 17 50
8 37 31 34 10 31 0 0.02 M M 20.0 36 300 M M 8 1 47 290
9 38 27 33 9 32 0 T M M 9.9 17 320 M M 7 24 330
10 36 26 31 7 34 0 0.00 M M 5.8 14 330 M M 10 20 340
11 49 21 35 11 30 0 0.00 M M 9.9 24 300 M M 1 34 270
12 44 27 36 12 29 0 0.00 M M 3.5 9 290 M M 7 14 300
13 49 26 38 14 27 0 0.00 M M 6.9 16 310 M M 5 22 320
14 30 23 27 2 38 0 0.34 M M 7.9 22 40 M M 10 1 31 50
15 25 12 19 -6 46 0 0.09 M M 6.6 14 360 M M 8 1 17 340
16 18 -2 8 -17 57 0 T M M 11.2 22 330 M M 5 1 29 360
17 32 0 16 -9 49 0 0.00 M M 14.3 21 250 M M 0 32 260
18 38 10 24 -2 41 0 0.00 M M 8.2 15 260 M M 0 18 260
19 M M M M M M 0.00 M M 8.8 20 290 M M 0 26 290
20 M M M M M M 0.00 M M 3.1 9 190 M M 0 15 180
21 M M M M M M 0.00 M M 4.6 9 280 M M 0 M M
22 M M M M M M 0.00 M M 10.7 26 320 M M 0 34 330
23 M M M M M M 0.00 M M 13.0 32 320 M M 0 46 310
24 M M M M M M 0.00 M M 10.9 30 290 M M 1 42 300
25 M M M M M M 0.00 M M 5.5 13 320 M M 0 18 80
26 M M M M M M T M M 9.5 38 330 M M 0 52 330
27 M M M M M M T M M 17.5 36 330 M M 7 48 330
28 M M M M M M 0.00 M M 5.1 16 240 M M 0 21 260
29 M M M M M M 0.00 M M 5.5 18 220 M M 0 23 220
================================================================================
SM 709 411 606 0 0.54 M 224.6 M 116
================================================================================
AV 39.4 22.8 9.0 FASTST M M 4 MAX(MPH)
MISC ----> 38 330 52 330
================================================================================
NOTES:
# LAST OF SEVERAL OCCURRENCES
COLUMN 17 PEAK WIND IN M.P.H.
PRELIMINARY LOCAL CLIMATOLOGICAL DATA (WS FORM: F-6) , PAGE 2
STATION: PHILIP SD
MONTH: FEBRUARY
YEAR: 2024
LATITUDE: 44 3 N
LONGITUDE: 101 36 W
[TEMPERATURE DATA] [PRECIPITATION DATA] SYMBOLS USED IN COLUMN 16
AVERAGE MONTHLY: 31.1 TOTAL FOR MONTH: 0.54 1 = FOG OR MIST
DPTR FM NORMAL: 5.9 DPTR FM NORMAL: 0.07 2 = FOG REDUCING VISIBILITY
HIGHEST: 61 ON 5 GRTST 24HR 0.34 ON 14-14 TO 1/4 MILE OR LESS
LOWEST: -2 ON 16 3 = THUNDER
SNOW, ICE PELLETS, HAIL 4 = ICE PELLETS
TOTAL MONTH: M 5 = HAIL
GRTST 24HR M ON M 6 = FREEZING RAIN OR DRIZZLE
GRTST DEPTH: M ON M 7 = DUSTSTORM OR SANDSTORM:
VSBY 1/2 MILE OR LESS
8 = SMOKE OR HAZE
[NO. OF DAYS WITH] [WEATHER - DAYS WITH] 9 = BLOWING SNOW
X = TORNADO
MAX 32 OR BELOW: 4 0.01 INCH OR MORE: 5
MAX 90 OR ABOVE: 0 0.10 INCH OR MORE: 1
MIN 32 OR BELOW: 16 0.50 INCH OR MORE: 0
MIN 0 OR BELOW: 2 1.00 INCH OR MORE: 0
[HDD (BASE 65) ]
TOTAL THIS MO. 606 CLEAR (SCALE 0-3) 15
DPTR FM NORMAL -508 PTCLDY (SCALE 4-7) 7
TOTAL FM JUL 1 4531 CLOUDY (SCALE 8-10) 7
DPTR FM NORMAL -831
[CDD (BASE 65) ]
TOTAL THIS MO. 0
DPTR FM NORMAL 0 [PRESSURE DATA]
TOTAL FM JAN 1 0 HIGHEST SLP 30.59 ON 16
DPTR FM NORMAL 0 LOWEST SLP 29.38 ON 7
[REMARKS]
#FINAL-02-24#