000
CXUS53 KUNR 011030
CF6PHP
PRELIMINARY LOCAL CLIMATOLOGICAL DATA (WS FORM: F-6)
STATION: PHILIP SD
MONTH: JANUARY
YEAR: 2022
LATITUDE: 44 3 N
LONGITUDE: 101 36 W
TEMPERATURE IN F: :PCPN: SNOW: WIND :SUNSHINE: SKY :PK WND
================================================================================
1 2 3 4 5 6A 6B 7 8 9 10 11 12 13 14 15 16 17 18
12Z AVG MX 2MIN
DY MAX MIN AVG DEP HDD CDD WTR SNW DPTH SPD SPD DIR MIN PSBL S-S WX SPD DR
================================================================================
1 8 -12 -2 -24 67 0 0.00 M M 3.5 12 280 M M 5 15 290
2 36 -11 13 -9 52 0 0.00 M M 9.1 17 250 M M 0 21 240
3 44 12 28 6 37 0 0.00 M M 6.3 17 200 M M 0 25 200
4 42 -1 21 -1 44 0 T M M 19.1 44 310 M M 3 9 57 320
5 1 -9 -4 -26 69 0 0.00 M M 19.6 30 330 M M 1 39 300
6 4 -13 -4 -26 69 0 0.00 M M 7.6 15 110 M M 3 20 100
7 41 2 22 0 43 0 0.00 M M 7.8 13 80 M M 1 16 100
8 39 3 21 -1 44 0 0.00 M M 12.8 30 340 M M 4 36 340
9 44 -2 21 -1 44 0 0.00 M M 6.9 18 290 M M 0 25 260
10 55 3 29 7 36 0 0.00 M M 5.1 15 270 M M 0 18 210
11 57 26 42 20 23 0 0.00 M M 12.5 29 310 M M 0 38 300
12 57 28 43 21 22 0 0.00 M M 9.5 17 280 M M 4 24 280
13 51 34 43 21 22 0 0.00 M M 8.9 16 120 M M 6 22 120
14 40 20 30 8 35 0 T M M 18.2 41 330 M M 8 56 330
15 43 21 32 10 33 0 0.00 M M 8.6 20 170 M M 5 26 170
16 48 20 34 12 31 0 T M M 13.7 31 320 M M 4 42 320
17 57 19 38 16 27 0 0.00 M M 8.4 20 290 M M 2 25 300
18 50 13 32 10 33 0 0.00 M M 16.4 33 330 M M 3 44 330
19 14 -11 2 -20 63 0 0.00 M M 12.0 24 330 M M 1 30 330
20 29 -13 8 -14 57 0 0.00 M M 5.8 17 190 M M 0 26 200
21 48 17 33 11 32 0 T M M 13.5 41 320 M M 3 55 330
22 50 11 31 9 34 0 T M M 11.5 36 300 M M 5 46 290
23 55 21 38 16 27 0 T M M 11.9 31 290 M M 9 1 39 290
24 44 14 29 7 36 0 T M M 11.7 29 40 M M 10 1 38 360
25 16 0 8 -14 57 0 0.03 M M 5.7 14 80 M M 6 1 17 80
26 46 -2 22 0 43 0 0.00 M M 11.8 31 320 M M 2 40 310
27 36 16 26 3 39 0 T M M 10.2 26 330 M M 9 1 33 330
28 50 14 32 9 33 0 0.00 M M 11.1 25 290 M M 2 31 290
29 57 16 37 14 28 0 0.00 M M 11.8 25 330 M M 0 36 310
30 58 15 37 14 28 0 0.00 M M 7.9 23 300 M M 1 32 290
31 57 25 41 18 24 0 0.00 M M 14.3 39 310 M M 2 51 320
================================================================================
SM 1277 276 1232 0 0.03 M 333.2 M 99
================================================================================
AV 41.2 8.9 10.7 FASTST M M 3 MAX(MPH)
MISC ----> 44 310 57 320
================================================================================
NOTES:
# LAST OF SEVERAL OCCURRENCES
COLUMN 17 PEAK WIND IN M.P.H.
PRELIMINARY LOCAL CLIMATOLOGICAL DATA (WS FORM: F-6) , PAGE 2
STATION: PHILIP SD
MONTH: JANUARY
YEAR: 2022
LATITUDE: 44 3 N
LONGITUDE: 101 36 W
[TEMPERATURE DATA] [PRECIPITATION DATA] SYMBOLS USED IN COLUMN 16
AVERAGE MONTHLY: 25.0 TOTAL FOR MONTH: 0.03 1 = FOG OR MIST
DPTR FM NORMAL: 2.9 DPTR FM NORMAL: -0.40 2 = FOG REDUCING VISIBILITY
HIGHEST: 58 ON 30 GRTST 24HR 0.03 ON 21-22 TO 1/4 MILE OR LESS
LOWEST: -13 ON 20, 6 3 = THUNDER
SNOW, ICE PELLETS, HAIL 4 = ICE PELLETS
TOTAL MONTH: M 5 = HAIL
GRTST 24HR M ON M 6 = FREEZING RAIN OR DRIZZLE
GRTST DEPTH: M ON M 7 = DUSTSTORM OR SANDSTORM:
VSBY 1/2 MILE OR LESS
8 = SMOKE OR HAZE
[NO. OF DAYS WITH] [WEATHER - DAYS WITH] 9 = BLOWING SNOW
X = TORNADO
MAX 32 OR BELOW: 6 0.01 INCH OR MORE: 1
MAX 90 OR ABOVE: 0 0.10 INCH OR MORE: 0
MIN 32 OR BELOW: 30 0.50 INCH OR MORE: 0
MIN 0 OR BELOW: 10 1.00 INCH OR MORE: 0
[HDD (BASE 65) ]
TOTAL THIS MO. 1232 CLEAR (SCALE 0-3) 16
DPTR FM NORMAL -96 PTCLDY (SCALE 4-7) 11
TOTAL FM JUL 1 3635 CLOUDY (SCALE 8-10) 4
DPTR FM NORMAL -539
[CDD (BASE 65) ]
TOTAL THIS MO. 0
DPTR FM NORMAL 0 [PRESSURE DATA]
TOTAL FM JAN 1 0 HIGHEST SLP 30.77 ON 19
DPTR FM NORMAL 0 LOWEST SLP 29.39 ON 31
[REMARKS]
#FINAL-01-22#