000
CXUS55 KPSR 011005
CF6PHX
PRELIMINARY LOCAL CLIMATOLOGICAL DATA (WS FORM: F-6)
STATION: PHOENIX AZ
MONTH: MAY
YEAR: 2021
LATITUDE: 33 25 N
LONGITUDE: 112 1 W
TEMPERATURE IN F: :PCPN: SNOW: WIND :SUNSHINE: SKY :PK WND
================================================================================
1 2 3 4 5 6A 6B 7 8 9 10 11 12 13 14 15 16 17 18
12Z AVG MX 2MIN
DY MAX MIN AVG DEP HDD CDD WTR SNW DPTH SPD SPD DIR MIN PSBL S-S WX SPD DR
================================================================================
1 99 72 86 9 0 21 0.00 0.0 0 8.5 21 230 M M 6 26 230
2 94 71 83 6 0 18 0.00 0.0 0 9.1 25 260 M M 2 32 260
3 90 67 79 1 0 14 0.00 0.0 0 8.3 20 280 M M 2 25 280
4 95 66 81 3 0 16 0.00 0.0 0 6.9 14 170 M M 1 18 150
5 100 70 85 7 0 20 0.00 0.0 0 5.0 13 170 M M 3 16 210
6 100 71 86 7 0 21 0.00 0.0 0 7.5 17 270 M M 1 24 340
7 96 73 85 6 0 20 0.00 0.0 0 6.1 17 270 M M 0 23 270
8 94 69 82 3 0 17 0.00 0.0 0 6.3 16 270 M M 2 25 320
9 96 70 83 3 0 18 0.00 0.0 0 7.7 17 280 M M 1 26 290
10 97 68 83 3 0 18 0.00 0.0 0 7.8 17 280 M M 0 20 290
11 95 67 81 1 0 16 0.00 0.0 0 5.5 14 270 M M 0 20 220
12 101 69 85 4 0 20 0.00 0.0 0 4.4 15 180 M M 0 17 180
13 102 71 87 6 0 22 0.00 0.0 0 6.4 17 280 M M 1 22 330
14 101 72 87 6 0 22 0.00 0.0 0 7.9 20 270 M M 1 24 320
15 99 75 87 5 0 22 0.00 0.0 0 10.1 24 270 M M 2 27 270
16 93 69 81 -1 0 16 0.00 0.0 0 9.4 28 280 M M 1 32 270
17 88 69 79 -3 0 14 0.00 0.0 0 6.9 23 290 M M 2 31 300
18 95 71 83 0 0 18 0.00 0.0 0 8.1 25 280 M M 2 30 280
19 101 74 88 5 0 23 0.00 0.0 0 8.1 24 250 M M 1 31 270
20 100 76 88 5 0 23 T 0.0 0 11.6 33 220 M M 4 45 210
21 87 71 79 -5 0 14 T 0.0 0 12.5 25 270 M M 6 30 270
22 84 63 74 -10 0 9 0.00 0.0 0 9.1 30 260 M M 2 37 270
23 88 59 74 -10 0 9 0.00 0.0 0 5.1 14 260 M M 0 18 330
24 94 64 79 -6 0 14 0.00 0.0 0 3.9 14 280 M M 0 19 260
25 96 69 83 -2 0 18 0.00 0.0 0 5.9 13 310 M M 5 16 330
26 95 72 84 -1 0 19 0.00 0.0 0 6.1 12 360 M M 7 21 360
27 99 70 85 -1 0 20 0.00 0.0 M 5.3 14 280 M M 1 20 270
28 101 71 86 0 0 21 0.00 0.0 M 6.2 15 320 M M 1 19 330
29 102 74 88 2 0 23 0.00 0.0 M 9.0 22 270 M M 2 33 210
30 100 73 87 0 0 22 0.00 0.0 M 6.8 17 300 M M 1 25 340
31 101 75 88 1 0 23 0.00 0.0 M 6.8 16 260 M M 2 23 270
================================================================================
SM 2983 2171 0 571 T 0.0 228.3 M 59
================================================================================
AV 96.2 70.0 7.4 FASTST M M 2 MAX(MPH)
MISC ----> 33 220 45 210
================================================================================
NOTES:
# LAST OF SEVERAL OCCURRENCES
COLUMN 17 PEAK WIND IN M.P.H.
PRELIMINARY LOCAL CLIMATOLOGICAL DATA (WS FORM: F-6) , PAGE 2
STATION: PHOENIX AZ
MONTH: MAY
YEAR: 2021
LATITUDE: 33 25 N
LONGITUDE: 112 1 W
[TEMPERATURE DATA] [PRECIPITATION DATA] SYMBOLS USED IN COLUMN 16
AVERAGE MONTHLY: 83.1 TOTAL FOR MONTH: T 1 = FOG OR MIST
DPTR FM NORMAL: 1.1 DPTR FM NORMAL: -0.13 2 = FOG REDUCING VISIBILITY
HIGHEST: 102 ON 29,13 GRTST 24HR T ON 20-20 TO 1/4 MILE OR LESS
LOWEST: 59 ON 23 3 = THUNDER
SNOW, ICE PELLETS, HAIL 4 = ICE PELLETS
TOTAL MONTH: 0.0 INCH 5 = HAIL
GRTST 24HR 0.0 6 = FREEZING RAIN OR DRIZZLE
GRTST DEPTH: 0 7 = DUSTSTORM OR SANDSTORM:
VSBY 1/2 MILE OR LESS
8 = SMOKE OR HAZE
[NO. OF DAYS WITH] [WEATHER - DAYS WITH] 9 = BLOWING SNOW
X = TORNADO
MAX 32 OR BELOW: 0 0.01 INCH OR MORE: 0
MAX 90 OR ABOVE: 27 0.10 INCH OR MORE: 0
MIN 32 OR BELOW: 0 0.50 INCH OR MORE: 0
MIN 0 OR BELOW: 0 1.00 INCH OR MORE: 0
[HDD (BASE 65) ]
TOTAL THIS MO. 0 CLEAR (SCALE 0-3) 26
DPTR FM NORMAL -1 PTCLDY (SCALE 4-7) 5
TOTAL FM JUL 1 854 CLOUDY (SCALE 8-10) 0
DPTR FM NORMAL -19
[CDD (BASE 65) ]
TOTAL THIS MO. 571
DPTR FM NORMAL 43 [PRESSURE DATA]
TOTAL FM JAN 1 1029 HIGHEST SLP 30.01 ON 23
DPTR FM NORMAL 119 LOWEST SLP 29.44 ON 2
[REMARKS]
#FINAL-05-21#