000
CXUS53 KILX 011554
CLSPIA
CLIMATE REPORT
NATIONAL WEATHER SERVICE LINCOLN IL
1054 AM CDT THU SEP 01 2022
...................................
...THE PEORIA IL CLIMATE SUMMARY FOR THE SEASON, FROM
6/1/2022 TO 8/31/2022...
CLIMATE NORMAL PERIOD 1991 TO 2020
CLIMATE RECORD PERIOD 1883 TO 2022
WEATHER OBSERVED NORMAL DEPART LAST YEAR`S
VALUE DATE(S) VALUE FROM VALUE
NORMAL
..............................................................
TEMPERATURE (F)
RECORD
HIGH 113 07/15/1936
LOW 39 06/01/1993
06/04/1945
HIGHEST 98 07/05 MM MM 95
07/23
LOWEST 53 06/19 MM MM 49
AVG. MAXIMUM 85.6 84.7 0.9 85.1
AVG. MINIMUM 65.3 64.4 0.9 66.3
MEAN 75.4 74.5 0.9 75.7
DAYS MAX >= 90 19 19.4 -0.4 18
DAYS MAX <= 32 0 0.0 0.0 0
DAYS MIN <= 32 0 0.0 0.0 0
DAYS MIN <= 0 0 0.0 0.0 0
PRECIPITATION (INCHES)
RECORD
MAXIMUM 24.27 1902
MINIMUM 3.04 1988
TOTALS 7.74 10.57 -2.83 13.31
DAILY AVG. 0.08 0.14
DAYS >= .01 25 27.6 -2.6 34
DAYS >= .10 15 18.0 -3.0 26
DAYS >= .50 6 7.6 -1.6 11
DAYS >= 1.00 1 2.8 -1.8 3
GREATEST
24 HR. TOTAL 1.26 06/25 TO 06/25 1.70
SNOWFALL (INCHES)
RECORDS
TOTAL 0.0 MM
24 HR TOTAL 0.0 MM
TOTALS 0.0 0.0 0.0 0.0
SINCE 7/1 0.0 0.0 0.0 MM
DAYS >= TRACE 0 0.0 0.0 0
DAYS >= 1.0 0 0.0 0.0 0
GREATEST
SNOW DEPTH 0 0
24 HR TOTAL MM MM
DEGREE DAYS
HEATING TOTAL 1 17 -16 4
SINCE 7/1 0 1 -1 MM
COOLING TOTAL 984 895 89 997
SINCE 1/1 1147 997 150 MM
FREEZE DATES
RECORD
EARLIEST 09/20/1991
LATEST 05/25/1925
EARLIEST MM
LATEST 04/26
..............................................................
WIND (MPH)
AVERAGE WIND SPEED 6.2
HIGHEST WIND SPEED/DIRECTION 35/200 DATE 08/28
HIGHEST GUST SPEED/DIRECTION 48/210 DATE 08/02
SKY COVER
POSSIBLE SUNSHINE (PERCENT) MM
AVERAGE SKY COVER 0.25
NUMBER OF DAYS FAIR 63
NUMBER OF DAYS PC 24
NUMBER OF DAYS CLOUDY 5
AVERAGE RH (PERCENT) 68
WEATHER CONDITIONS. NUMBER OF DAYS WITH
THUNDERSTORM 16 MIXED PRECIP 0
HEAVY RAIN 9 RAIN 14
LIGHT RAIN 30 FREEZING RAIN 0
LT FREEZING RAIN 0 HAIL 0
HEAVY SNOW 0 SNOW 0
LIGHT SNOW 0 SLEET 0
FOG 29 FOG W/VIS <= 1/4 MILE 3
HAZE 11
- INDICATES NEGATIVE NUMBERS.
R INDICATES RECORD WAS SET OR TIED.
MM INDICATES DATA IS MISSING.
T INDICATES TRACE AMOUNT.
&&
RECORDS SET IN PEORIA IL DURING 2022 SUMMER SEASON (JUN-AUG)...
NO MONTHLY OR SEASONAL RECORDS WERE SET.
$$
ERWIN