688
CXUS54 KBRO 010900
CF6PIL
PRELIMINARY LOCAL CLIMATOLOGICAL DATA (WS FORM: F-6)
STATION: BAYVIEW
MONTH: FEBRUARY
YEAR: 2021
LATITUDE: 26 10 N
LONGITUDE: 97 20 W
TEMPERATURE IN F: :PCPN: SNOW: WIND :SUNSHINE: SKY :PK WND
================================================================================
1 2 3 4 5 6A 6B 7 8 9 10 11 12 13 14 15 16 17 18
12Z AVG MX 2MIN
DY MAX MIN AVG DEP HDD CDD WTR SNW DPTH SPD SPD DIR MIN PSBL S-S WX SPD DR
================================================================================
1 65 48 57 -5 8 0 0.00 0.0 0 11.6 22 360 M M M 27 360
2 69 42 56 -6 9 0 0.00 0.0 0 6.1 15 110 M M M 19 110
3 76 53 65 3 0 0 0.00 0.0 0 10.6 23 140 M M 4 12 29 140
4 81 64 73 11 0 8 0.00 0.0 0 13.1 28 170 M M 1 1 36 160
5 73 63 68 6 0 3 0.00 0.0 0 7.8 21 360 M M 7 1 24 360
6 70 62 66 4 0 1 0.00 0.0 0 6.2 18 310 M M 7 128 22 320
7 73 53 63 1 2 0 0.00 0.0 0 9.8 20 120 M M 1 128 24 110
8 75 56 66 3 0 1 T 0.0 0 9.2 20 130 M M 4 128 24 150
9 M 64 M M M M 0.00 0.0 0 M M M M M 9 128 M M
10 80 69 75 12 0 10 0.04 0.0 0 11.9 23 150 M M 8 1 28 150
11 79 66 73 10 0 8 0.03 0.0 0 15.9 29 350 M M 10 138 35 350
12 42 38 40 -23 25 0 0.26 0.0 0 19.2 28 360 M M 10 1 35 360
13 39 36 38 -25 27 0 0.03 0.0 0 17.0 25 320 M M 10 1 29 320
14 40 30 35 -28 30 0 0.02 T 0 22.0 33 320 M M 10 1 43 340
15 M 22 M M M M T T 0 M M M M M M 1 M M
16 45 M M M M M T 0.0 0 12.8 32 320 M M M 1 41 320
17 M M M M M M M T 0 M M M M M M 14 M M
18 M M M M M M M M 0 M M M M M M M M
19 50 33 42 -22 23 0 0.00 0.0 0 11.6 26 320 M M 0 32 320
20 65 33 49 -15 16 0 0.00 0.0 0 8.1 16 110 M M 0 21 130
21 77 56 67 3 0 2 T 0.0 0 12.5 29 150 M M 6 35 150
22 75 55 65 1 0 0 0.00 0.0 0 8.4 18 40 M M 6 12 23 20
23 76 52 64 0 1 0 0.00 0.0 0 10.2 20 110 M M 6 12 24 120
24 83 67 75 10 0 10 T 0.0 0 15.3 26 160 M M 6 33 170
25 81 67 74 9 0 9 T 0.0 0 16.3 28 140 M M 8 1 35 160
26 83 69 76 11 0 11 0.00 0.0 0 15.8 25 160 M M 6 1 32 170
27 81 69 75 10 0 10 T 0.0 0 15.0 29 150 M M 9 36 160
28 83 70 77 12 0 12 0.00 0.0 0 16.1 26 160 M M 10 1 33 150
================================================================================
SM 1661 1337 141 85 0.38 T 302.5 M 138
================================================================================
AV 69.2 53.5 12.6 FASTST M M 6 MAX(MPH)
MISC ----> 33 320 43 340
================================================================================
NOTES:
# LAST OF SEVERAL OCCURRENCES
COLUMN 17 PEAK WIND IN M.P.H.
PRELIMINARY LOCAL CLIMATOLOGICAL DATA (WS FORM: F-6) , PAGE 2
STATION: BAYVIEW
MONTH: FEBRUARY
YEAR: 2021
LATITUDE: 26 10 N
LONGITUDE: 97 20 W
[TEMPERATURE DATA] [PRECIPITATION DATA] SYMBOLS USED IN COLUMN 16
AVERAGE MONTHLY: 61.3 TOTAL FOR MONTH: 0.38 1 = FOG OR MIST
DPTR FM NORMAL: -2.1 DPTR FM NORMAL: -1.06 2 = FOG REDUCING VISIBILITY
HIGHEST: 83 ON 28,26 GRTST 24HR 0.26 ON 12-12 TO 1/4 MILE OR LESS
LOWEST: 22 ON 15 3 = THUNDER
SNOW, ICE PELLETS, HAIL 4 = ICE PELLETS
TOTAL MONTH: T 5 = HAIL
GRTST 24HR T ON 14-14 6 = FREEZING RAIN OR DRIZZLE
GRTST DEPTH: 0 7 = DUSTSTORM OR SANDSTORM:
VSBY 1/2 MILE OR LESS
8 = SMOKE OR HAZE
[NO. OF DAYS WITH] [WEATHER - DAYS WITH] 9 = BLOWING SNOW
X = TORNADO
MAX 32 OR BELOW: 0 0.01 INCH OR MORE: 5
MAX 90 OR ABOVE: 0 0.10 INCH OR MORE: 1
MIN 32 OR BELOW: 2 0.50 INCH OR MORE: 0
MIN 0 OR BELOW: 0 1.00 INCH OR MORE: 0
[HDD (BASE 65) ]
TOTAL THIS MO. 141 CLEAR (SCALE 0-3) 4
DPTR FM NORMAL 24 PTCLDY (SCALE 4-7) 11
TOTAL FM JUL 1 468 CLOUDY (SCALE 8-10) 13
DPTR FM NORMAL -31
[CDD (BASE 65) ]
TOTAL THIS MO. 85
DPTR FM NORMAL 12 [PRESSURE DATA]
TOTAL FM JAN 1 154 HIGHEST SLP M ON M
DPTR FM NORMAL 30 LOWEST SLP 30.10 ON 2
[REMARKS]
#FINAL-02-21#