000
CXUS51 KPBZ 011515
CLSPIT
CLIMATE REPORT
NATIONAL WEATHER SERVICE PITTSBURGH PA
1115 AM EDT THU SEP 01 2022
...................................
...THE PITTSBURGH PA CLIMATE SUMMARY FOR THE SEASON, FROM
6/1/2022 TO 8/31/2022...
CLIMATE NORMAL PERIOD 1991 TO 2020
CLIMATE RECORD PERIOD 1871 TO 2022
WEATHER OBSERVED NORMAL DEPART LAST YEAR`S
VALUE DATE(S) VALUE FROM VALUE DATE(S)
NORMAL
................................................................
TEMPERATURE (F)
RECORD
HIGH 103 07/16/1988
08/06/1918
07/10/1881
LOW 34 06/11/1972
HIGHEST 94 06/22 91 3 92 06/28
06/29
LOWEST 46 06/19 40 6 45 06/17
06/23
AVG. MAXIMUM 81.6 81.3 0.3 82.3
AVG. MINIMUM 62.3 61.6 0.7 63.2
MEAN 72.0 71.5 0.5 72.7
DAYS MAX >= 90 4 8.9 -4.9 5
DAYS MAX <= 32 0 0.0 0.0 0
DAYS MIN <= 32 0 0.0 0.0 0
DAYS MIN <= 0 0 0.0 0.0 0
PRECIPITATION (INCHES)
RECORD
MAXIMUM 17.90 1879
MINIMUM 2.20 1894
TOTALS 10.08 11.90 -1.82 13.70
DAILY AVG. 0.11 0.13 -0.02 0.15
DAYS >= .01 34 34.1 -0.1 27
DAYS >= .10 21 21.5 -0.5
DAYS >= .50 6 8.4 -2.4 6
DAYS >= 1.00 2 2.8 -0.8 2
GREATEST
24 HR. TOTAL 1.83
STORM TOTAL 1.58
(MM/DD(HH))
SNOWFALL (INCHES)
RECORDS
TOTAL MM MM
TOTALS 0.0 0.0 0.0 0.0
SINCE 7/1 0.0 0.0 0.0 MM
SNOWDEPTH AVG. 0 0
DAYS >= TRACE 0 0.0 0.0 0
DAYS >= 1.0 0 0.0 0.0 0
GREATEST
24 HR TOTAL 0.0
STORM TOTAL 0.0
(MM/DD(HH))
DEGREE DAYS
HEATING TOTAL 18 40 -22 23
SINCE 7/1 0 4 -4 MM
COOLING TOTAL 684 635 49 758
SINCE 1/1 763 701 62 MM
................................................................
WIND (MPH)
AVERAGE WIND SPEED 6.1
HIGHEST WIND SPEED/DIRECTION 44/330 DATE 06/22
HIGHEST GUST SPEED/DIRECTION 56/330 DATE 06/22
SKY COVER
AVERAGE SKY COVER 0.62
AVERAGE RH (PERCENT) 69
WEATHER CONDITIONS. NUMBER OF DAYS WITH
THUNDERSTORM 26 MIXED PRECIP 0
HEAVY RAIN 7 RAIN 14
LIGHT RAIN 47 FREEZING RAIN 0
LT FREEZING RAIN 0 HAIL 0
HEAVY SNOW 0 SNOW 0
LIGHT SNOW 0 SLEET 0
FOG 34 FOG W/VIS <= 1/4 MILE 1
HAZE 4
- INDICATES NEGATIVE NUMBERS.
R INDICATES RECORD WAS SET OR TIED.
MM INDICATES DATA IS MISSING.
T INDICATES TRACE AMOUNT.
$$