000
CXUS54 KOUN 010810
CF6PNC
PRELIMINARY LOCAL CLIMATOLOGICAL DATA (WS FORM: F-6)
STATION: PONCA CITY
MONTH: JULY
YEAR: 2021
LATITUDE: 36 44 N
LONGITUDE: 97 6 W
TEMPERATURE IN F: :PCPN: SNOW: WIND :SUNSHINE: SKY :PK WND
================================================================================
1 2 3 4 5 6A 6B 7 8 9 10 11 12 13 14 15 16 17 18
12Z AVG MX 2MIN
DY MAX MIN AVG DEP HDD CDD WTR SNW DPTH SPD SPD DIR MIN PSBL S-S WX SPD DR
================================================================================
1 83 71 77 -4 0 12 0.50 M M 3.4 17 40 M M 5 13 22 50
2 88 66 77 -4 0 12 0.00 M M 8.4 17 100 M M 1 21 110
3 87 61 74 -7 0 9 0.00 M M 6.0 15 160 M M 0 20 160
4 88 63 76 -6 0 11 0.00 M M 6.4 16 150 M M 1 1 20 150
5 87 64 76 -6 0 11 0.00 0.0 M 5.5 14 140 M M 0 19 150
6 89 64 77 -5 0 12 0.00 M M 5.0 14 140 M M 1 17 140
7 90 70 80 -2 0 15 1.21 0.0 M 3.7 26 20 M M 3 13 35 20
8 91 70 81 -1 0 16 0.00 M M 5.4 10 110 M M 1 13 120
9 93 76 85 3 0 20 0.00 M M 8.5 18 180 M M 0 30 220
10 95 72 84 2 0 19 0.00 M M 9.4 26 20 M M 2 3 34 360
11 83 64 74 -8 0 9 0.00 M M 7.9 20 350 M M 4 26 360
12 88 60 74 -8 0 9 0.00 M M 4.6 12 140 M M 0 16 350
13 93 67 80 -2 0 15 0.00 M M 9.2 20 160 M M 0 26 160
14 91 74 83 1 0 18 0.00 M M 11.1 20 170 M M 0 28 180
15 88 76 82 -1 0 17 0.01 M M 8.4 16 160 M M 4 23 160
16 90 73 82 -1 0 17 T M M 9.6 18 140 M M 4 38 22 140
17 90 72 81 -2 0 16 T M M 6.5 20 360 M M 3 3 22 10
18 86 71 79 -4 0 14 0.00 M M 6.4 14 60 M M 4 1 17 50
19 88 67 78 -5 0 13 0.00 M M 8.0 16 50 M M 2 20 40
20 89 63 76 -7 0 11 0.00 M M 6.9 14 80 M M 0 1 23 120
21 88 62 75 -8 0 10 0.00 M M 5.5 15 120 M M 0 1 19 150
22 92 65 79 -4 0 14 0.00 0.0 M 6.9 17 150 M M 1 22 160
23 95 73 84 1 0 19 0.00 M M 9.8 21 140 M M 1 29 140
24 97 76 87 4 0 22 0.19 M M 7.3 21 220 M M 1 3 32 220
25 97 75 86 3 0 21 0.00 M M 6.4 32 10 M M 1 3 42 10
26 96 73 85 2 0 20 0.43 M M 4.9 20 260 M M 2 13 32 260
27 96 70 83 0 0 18 0.00 M M 4.4 12 110 M M 0 15 120
28 97 75 86 3 0 21 0.00 M M 6.4 16 160 M M 0 19 150
29 98 74 86 3 0 21 0.00 M M 6.1 15 140 M M 0 18 160
30 99 71 85 2 0 20 0.00 M M 4.8 13 170 M M 0 18 210
31 101 70 86 3 0 21 2.59 M M 8.3 37 30 M M 2 13 45 30
================================================================================
SM 2833 2148 0 483 4.93 0.0 211.1 M 43
================================================================================
AV 91.4 69.3 6.8 FASTST M M 1 MAX(MPH)
MISC ----> 37 30 45 30
================================================================================
NOTES:
# LAST OF SEVERAL OCCURRENCES
COLUMN 17 PEAK WIND IN M.P.H.
PRELIMINARY LOCAL CLIMATOLOGICAL DATA (WS FORM: F-6) , PAGE 2
STATION: PONCA CITY
MONTH: JULY
YEAR: 2021
LATITUDE: 36 44 N
LONGITUDE: 97 6 W
[TEMPERATURE DATA] [PRECIPITATION DATA] SYMBOLS USED IN COLUMN 16
AVERAGE MONTHLY: 80.3 TOTAL FOR MONTH: 4.93 1 = FOG OR MIST
DPTR FM NORMAL: -2.1 DPTR FM NORMAL: 1.23 2 = FOG REDUCING VISIBILITY
HIGHEST: 101 ON 31 GRTST 24HR 2.59 ON 31-31 TO 1/4 MILE OR LESS
LOWEST: 60 ON 12 3 = THUNDER
SNOW, ICE PELLETS, HAIL 4 = ICE PELLETS
TOTAL MONTH: 0.0 INCH 5 = HAIL
GRTST 24HR 0.0 6 = FREEZING RAIN OR DRIZZLE
GRTST DEPTH: M ON M 7 = DUSTSTORM OR SANDSTORM:
VSBY 1/2 MILE OR LESS
8 = SMOKE OR HAZE
[NO. OF DAYS WITH] [WEATHER - DAYS WITH] 9 = BLOWING SNOW
X = TORNADO
MAX 32 OR BELOW: 0 0.01 INCH OR MORE: 6
MAX 90 OR ABOVE: 18 0.10 INCH OR MORE: 5
MIN 32 OR BELOW: 0 0.50 INCH OR MORE: 3
MIN 0 OR BELOW: 0 1.00 INCH OR MORE: 2
[HDD (BASE 65) ]
TOTAL THIS MO. 0 CLEAR (SCALE 0-3) 26
DPTR FM NORMAL 0 PTCLDY (SCALE 4-7) 5
TOTAL FM JUL 1 0 CLOUDY (SCALE 8-10) 0
DPTR FM NORMAL 0
[CDD (BASE 65) ]
TOTAL THIS MO. 483
DPTR FM NORMAL -55 [PRESSURE DATA]
TOTAL FM JAN 1 1036 HIGHEST SLP M ON M
DPTR FM NORMAL -90 LOWEST SLP 29.77 ON 10
[REMARKS]
#FINAL-07-21#