000
CXUS54 KFWD 010830
CF6PRX
PRELIMINARY LOCAL CLIMATOLOGICAL DATA (WS FORM: F-6)
STATION: PARIS
MONTH: DECEMBER
YEAR: 2022
LATITUDE: 33 37 N
LONGITUDE: 95 27 W
TEMPERATURE IN F: :PCPN: SNOW: WIND :SUNSHINE: SKY :PK WND
================================================================================
1 2 3 4 5 6A 6B 7 8 9 10 11 12 13 14 15 16 17 18
12Z AVG MX 2MIN
DY MAX MIN AVG DEP HDD CDD WTR SNW DPTH SPD SPD DIR MIN PSBL S-S WX SPD DR
================================================================================
1 52 31 42 -6 23 0 T M M 9.3 20 110 M M 4 M M
2 66 45 56 8 9 0 0.07 M M 10.1 17 210 M M 10 1 24 210
3 65 42 54 6 11 0 0.00 M M 12.3 21 360 M M 3 26 350
4 51 45 48 1 17 0 T M M 6.4 10 140 M M 9 M M
5 69 45 57 10 8 0 0.02 M M 9.0 17 200 M M 8 12 28 200
6 74 59 67 20 0 2 0.00 M M 9.2 16 220 M M 6 20 210
7 68 57 63 17 2 0 0.12 M M 3.9 9 360 M M 10 12 M M
8 72 59 66 20 0 1 0.02 M M 2.7 9 330 M M 10 12 M M
9 69 59 64 18 1 0 0.04 M M 5.9 10 120 M M 9 1 M M
10 71 53 62 16 3 0 0.83 M M 8.5 17 350 M M 10 138 20 340
11 55 51 53 8 12 0 0.03 M M 5.3 12 320 M M 10 1 M M
12 56 52 54 9 11 0 0.03 M M 11.1 20 120 M M 10 12 26 120
13 64 49 57 12 8 0 0.34 M M 12.1 27 170 M M 8 13 32 170
14 55 40 48 3 17 0 0.02 M M 8.9 14 290 M M 5 M M
15 53 35 44 0 21 0 0.00 M M 9.0 14 270 M M 0 20 270
16 44 34 39 -5 26 0 T M M 7.9 14 340 M M 4 M M
17 49 30 40 -4 25 0 0.00 M M 8.0 16 330 M M 0 22 330
18 53 25 39 -5 26 0 0.00 M M 4.8 10 130 M M 1 M M
19 46 40 43 -1 22 0 T M M 11.3 16 120 M M 10 21 120
20 54 35 45 1 20 0 T M M 7.2 10 30 M M 4 M M
21 51 30 41 -3 24 0 T M M 5.8 8 130 M M 1 M M
22 43 7 25 -18 40 0 0.01 M M 16.7 32 330 M M 6 1 43 320
23 22 6 14 -29 51 0 0.00 M M 14.0 26 340 M M 0 33 340
24 35 15 25 -18 40 0 0.00 M M 6.7 10 320 M M 0 M M
25 48 19 34 -9 31 0 M M M 5.3 9 230 M M 0 18 200
26 54 25 40 -3 25 0 T M M 9.5 20 10 M M 1 32 10
27 46 19 33 -10 32 0 T M M 7.1 12 120 M M 0 M M
28 69 30 50 7 15 0 T M M 14.0 26 180 M M 1 35 180
29 75 56 66 23 0 1 0.02 M M 10.9 22 200 M M 6 30 220
30 63 47 55 12 10 0 0.00 M M 3.7 8 330 M M 3 M M
31 71 43 57 14 8 0 T M M 9.4 21 200 M M 4 12 24 200
================================================================================
SM 1763 1183 538 4 1.55 M 266.1 M 153
================================================================================
AV 56.9 38.2 8.6 FASTST M M 5 MAX(MPH)
MISC ----> 32 330 43 320
================================================================================
NOTES:
# LAST OF SEVERAL OCCURRENCES
COLUMN 17 PEAK WIND IN M.P.H.
PRELIMINARY LOCAL CLIMATOLOGICAL DATA (WS FORM: F-6) , PAGE 2
STATION: PARIS
MONTH: DECEMBER
YEAR: 2022
LATITUDE: 33 37 N
LONGITUDE: 95 27 W
[TEMPERATURE DATA] [PRECIPITATION DATA] SYMBOLS USED IN COLUMN 16
AVERAGE MONTHLY: 47.5 TOTAL FOR MONTH: 1.55 1 = FOG OR MIST
DPTR FM NORMAL: 2.8 DPTR FM NORMAL: -2.44 2 = FOG REDUCING VISIBILITY
HIGHEST: 75 ON 29 GRTST 24HR 0.83 ON 10-10 TO 1/4 MILE OR LESS
LOWEST: 6 ON 23 3 = THUNDER
SNOW, ICE PELLETS, HAIL 4 = ICE PELLETS
TOTAL MONTH: M 5 = HAIL
GRTST 24HR M ON M 6 = FREEZING RAIN OR DRIZZLE
GRTST DEPTH: M ON M 7 = DUSTSTORM OR SANDSTORM:
VSBY 1/2 MILE OR LESS
8 = SMOKE OR HAZE
[NO. OF DAYS WITH] [WEATHER - DAYS WITH] 9 = BLOWING SNOW
X = TORNADO
MAX 32 OR BELOW: 1 0.01 INCH OR MORE: 12
MAX 90 OR ABOVE: 0 0.10 INCH OR MORE: 3
MIN 32 OR BELOW: 11 0.50 INCH OR MORE: 1
MIN 0 OR BELOW: 0 1.00 INCH OR MORE: 0
[HDD (BASE 65) ]
TOTAL THIS MO. 538 CLEAR (SCALE 0-3) 12
DPTR FM NORMAL -92 PTCLDY (SCALE 4-7) 10
TOTAL FM JUL 1 1032 CLOUDY (SCALE 8-10) 9
DPTR FM NORMAL -33
[CDD (BASE 65) ]
TOTAL THIS MO. 4
DPTR FM NORMAL 1 [PRESSURE DATA]
TOTAL FM JAN 1 2740 HIGHEST SLP 30.77 ON 23
DPTR FM NORMAL 198 LOWEST SLP 29.64 ON 13
[REMARKS]
#FINAL-12-22#