000
CXUS56 KPDT 011910
CF6PSC
PRELIMINARY LOCAL CLIMATOLOGICAL DATA (WS FORM: F-6)
STATION: PASCO WA
MONTH: FEBRUARY
YEAR: 2024
LATITUDE: 46 16 N
LONGITUDE: 119 7 W
TEMPERATURE IN F: :PCPN: SNOW: WIND :SUNSHINE: SKY :PK WND
================================================================================
1 2 3 4 5 6A 6B 7 8 9 10 11 12 13 14 15 16 17 18
12Z AVG MX 2MIN
DY MAX MIN AVG DEP HDD CDD WTR SNW DPTH SPD SPD DIR MIN PSBL S-S WX SPD DR
================================================================================
1 50 40 45 9 20 0 0.08 M M 3.3 12 240 M M 9 12 14 240
2 44 41 43 7 22 0 T M M 2.3 9 320 M M 10 12 11 310
3 50 36 43 7 22 0 0.01 M M 2.5 9 170 M M 8 18 11 170
4 55 31 43 7 22 0 0.05 M M 4.4 13 360 M M 3 1 15 360
5 46 38 42 5 23 0 0.08 M M 7.6 15 320 M M 10 19 310
6 52 33 43 6 22 0 0.01 M M 2.0 8 330 M M 9 12 10 140
7 49 35 42 5 23 0 0.00 M M 3.1 12 160 M M 9 128 14 160
8 52 35 44 7 21 0 0.00 M M 4.5 14 210 M M 8 17 190
9 53 30 42 5 23 0 T M M 4.3 16 320 M M 6 22 320
10 53 25 39 2 26 0 0.00 M M 3.4 12 170 M M 1 15 190
11 49 28 39 1 26 0 0.03 M M 3.4 16 200 M M 5 22 200
12 56 34 45 7 20 0 T M M 8.1 21 220 M M 7 30 220
13 51 26 39 1 26 0 0.00 M M 4.5 15 330 M M 2 1 19 330
14 47 32 40 2 25 0 0.05 M M 10.1 17 310 M M 8 23 320
15 38 28 33 -5 32 0 0.03 M M 11.6 21 310 M M 8 1 27 310
16 43 24 34 -4 31 0 0.00 M M 5.0 12 360 M M 2 15 300
17 43 22 33 -6 32 0 T M M 8.0 15 320 M M 4 19 330
18 42 33 38 -1 27 0 0.06 M M 3.9 9 20 M M 10 1 11 20
19 47 36 42 3 23 0 0.07 M M 6.7 15 320 M M 10 1 18 320
20 51 36 44 5 21 0 T M M 1.7 7 330 M M 8 1 8 120
21 54 37 46 6 19 0 T M M 2.0 13 210 M M 8 18 210
22 60 31 46 6 19 0 0.00 M M 3.4 10 220 M M 1 13 220
23 57 26 42 2 23 0 0.00 M M 2.8 13 150 M M 1 128 14 150
24 61 30 46 6 19 0 0.00 M M 4.7 14 220 M M 3 18 210
25 58 44 51 10 14 0 0.00 M M 21.3 38 240 M M 5 58 240
26 53 32 43 2 22 0 0.00 M M 12.4 26 280 M M 4 34 290
27 49 29 39 -2 26 0 0.00 M M 10.7 23 200 M M 4 30 210
28 60 48 54 12 11 0 0.00 M M 13.3 28 200 M M 9 37 210
29 62 40 51 9 14 0 T M M 13.4 21 200 M M 7 32 260
================================================================================
SM 1485 960 654 0 0.47 M 184.4 M 179
================================================================================
AV 51.2 33.1 6.4 FASTST M M 6 MAX(MPH)
MISC ----> 38 240 58 240
================================================================================
NOTES:
# LAST OF SEVERAL OCCURRENCES
COLUMN 17 PEAK WIND IN M.P.H.
PRELIMINARY LOCAL CLIMATOLOGICAL DATA (WS FORM: F-6) , PAGE 2
STATION: PASCO WA
MONTH: FEBRUARY
YEAR: 2024
LATITUDE: 46 16 N
LONGITUDE: 119 7 W
[TEMPERATURE DATA] [PRECIPITATION DATA] SYMBOLS USED IN COLUMN 16
AVERAGE MONTHLY: 42.2 TOTAL FOR MONTH: 0.47 1 = FOG OR MIST
DPTR FM NORMAL: 3.8 DPTR FM NORMAL: -0.16 2 = FOG REDUCING VISIBILITY
HIGHEST: 62 ON 29 GRTST 24HR 0.13 ON 4- 5 TO 1/4 MILE OR LESS
LOWEST: 22 ON 17 3 = THUNDER
SNOW, ICE PELLETS, HAIL 4 = ICE PELLETS
TOTAL MONTH: M 5 = HAIL
GRTST 24HR M ON M 6 = FREEZING RAIN OR DRIZZLE
GRTST DEPTH: M ON M 7 = DUSTSTORM OR SANDSTORM:
VSBY 1/2 MILE OR LESS
8 = SMOKE OR HAZE
[NO. OF DAYS WITH] [WEATHER - DAYS WITH] 9 = BLOWING SNOW
X = TORNADO
MAX 32 OR BELOW: 0 0.01 INCH OR MORE: 10
MAX 90 OR ABOVE: 0 0.10 INCH OR MORE: 0
MIN 32 OR BELOW: 14 0.50 INCH OR MORE: 0
MIN 0 OR BELOW: 0 1.00 INCH OR MORE: 0
[HDD (BASE 65) ]
TOTAL THIS MO. 654 CLEAR (SCALE 0-3) 7
DPTR FM NORMAL -91 PTCLDY (SCALE 4-7) 10
TOTAL FM JUL 1 3696 CLOUDY (SCALE 8-10) 12
DPTR FM NORMAL -212
[CDD (BASE 65) ]
TOTAL THIS MO. 0
DPTR FM NORMAL 0 [PRESSURE DATA]
TOTAL FM JAN 1 0 HIGHEST SLP 30.55 ON 16
DPTR FM NORMAL 0 LOWEST SLP 29.33 ON 29
[REMARKS]
#FINAL-02-24#