000
CXUS54 KFWD 010731
CF6PSN
PRELIMINARY LOCAL CLIMATOLOGICAL DATA (WS FORM: F-6)
STATION: PALESTINE
MONTH: MAY
YEAR: 2021
LATITUDE: 31 46 N
LONGITUDE: 95 42 W
TEMPERATURE IN F: :PCPN: SNOW: WIND :SUNSHINE: SKY :PK WND
================================================================================
1 2 3 4 5 6A 6B 7 8 9 10 11 12 13 14 15 16 17 18
12Z AVG MX 2MIN
DY MAX MIN AVG DEP HDD CDD WTR SNW DPTH SPD SPD DIR MIN PSBL S-S WX SPD DR
================================================================================
1 73 64 69 1 0 4 0.00 M M 5.4 9 90 M M 8 1 15 0
2 82 63 73 4 0 8 M M M 7.3 16 230 M M 5 13 21 210
3 90 72 81 12 0 16 0.00 M M 11.1 16 180 M M 6 18 28 180
4 77 57 67 -2 0 2 0.00 M M 9.4 17 330 M M 5 18 28 320
5 77 50 64 -6 1 0 0.00 M M 5.9 12 350 M M 1 18 350
6 82 55 69 -1 0 4 0.00 M M 4.7 12 10 M M 0 15 350
7 84 54 69 -1 0 4 0.00 M M 5.2 15 210 M M 0 20 110
8 86 59 73 3 0 8 0.00 M M 10.3 17 180 M M 7 30 180
9 82 70 76 5 0 11 M M M 7.6 17 190 M M 9 1238 28 190
10 72 61 67 -4 0 2 M M M 6.6 14 50 M M 10 1 18 50
11 73 59 66 -5 0 1 M M M 9.9 23 340 M M 9 1 41 340
12 63 57 60 -12 5 0 0.00 M M 8.0 10 360 M M 10 1 15 20
13 77 57 67 -5 0 2 0.00 M M 6.6 13 40 M M 7 18 40
14 79 59 69 -3 0 4 0.00 M M 7.0 12 120 M M 7 15 100
15 81 59 70 -2 0 5 0.00 M M 6.6 12 190 M M 5 23 160
16 77 66 72 0 0 7 0.00 M M 6.9 13 150 M M 7 1 20 150
17 81 64 73 0 0 8 0.00 M M 6.5 15 130 M M 6 13 31 99
18 84 64 74 1 0 9 M M M 6.6 25 290 M M 7 138 35 290
19 77 63 70 -3 0 5 M M M 5.5 14 150 M M 5 1 21 80
20 77 66 72 -2 0 7 M M M 5.6 10 110 M M 8 1 18 110
21 82 70 76 2 0 11 M M M 7.8 13 140 M M 8 1 18 120
22 82 70 76 2 0 11 M M M 9.8 16 110 M M 10 1 22 100
23 79 68 74 0 0 9 M M M 4.6 8 110 M M 7 15 130
24 81 70 76 2 0 11 0.00 M M 6.4 13 150 M M 7 1 21 100
25 82 66 74 -1 0 9 0.00 M M 7.4 14 180 M M 7 13 22 190
26 88 70 79 4 0 14 0.00 M M 6.9 12 140 M M 8 1 17 99
27 88 72 80 5 0 15 0.00 M M 7.5 15 200 M M 6 1 20 190
28 79 64 72 -3 0 7 0.00 M M 6.3 17 160 M M 5 1 28 160
29 84 66 75 -1 0 10 0.00 M M 4.7 9 50 M M 5 1 14 70
30 77 63 70 -6 0 5 0.00 M M 8.5 14 90 M M 7 22 90
31 84 66 75 -1 0 10 M M M 7.8 12 80 M M 6 13 18 130
================================================================================
SM 2480 1964 6 219 0.00 M 220.4 M 198
================================================================================
AV 80.0 63.4 7.1 FASTST M M 6 MAX(MPH)
MISC ----> 25 290 41 340
================================================================================
NOTES:
# LAST OF SEVERAL OCCURRENCES
COLUMN 17 PEAK WIND IN M.P.H.
PRELIMINARY LOCAL CLIMATOLOGICAL DATA (WS FORM: F-6) , PAGE 2
STATION: PALESTINE
MONTH: MAY
YEAR: 2021
LATITUDE: 31 46 N
LONGITUDE: 95 42 W
[TEMPERATURE DATA] [PRECIPITATION DATA] SYMBOLS USED IN COLUMN 16
AVERAGE MONTHLY: 71.7 TOTAL FOR MONTH: 0.00 1 = FOG OR MIST
DPTR FM NORMAL: -0.7 DPTR FM NORMAL: -4.21 2 = FOG REDUCING VISIBILITY
HIGHEST: 90 ON 3 GRTST 24HR 0.00 ON 1- 1 TO 1/4 MILE OR LESS
LOWEST: 50 ON 5 3 = THUNDER
SNOW, ICE PELLETS, HAIL 4 = ICE PELLETS
TOTAL MONTH: M 5 = HAIL
GRTST 24HR M ON M 6 = FREEZING RAIN OR DRIZZLE
GRTST DEPTH: M ON M 7 = DUSTSTORM OR SANDSTORM:
VSBY 1/2 MILE OR LESS
8 = SMOKE OR HAZE
[NO. OF DAYS WITH] [WEATHER - DAYS WITH] 9 = BLOWING SNOW
X = TORNADO
MAX 32 OR BELOW: 0 0.01 INCH OR MORE: 0
MAX 90 OR ABOVE: 1 0.10 INCH OR MORE: 0
MIN 32 OR BELOW: 0 0.50 INCH OR MORE: 0
MIN 0 OR BELOW: 0 1.00 INCH OR MORE: 0
[HDD (BASE 65) ]
TOTAL THIS MO. 6 CLEAR (SCALE 0-3) 3
DPTR FM NORMAL -6 PTCLDY (SCALE 4-7) 21
TOTAL FM JUL 1 1997 CLOUDY (SCALE 8-10) 7
DPTR FM NORMAL -373
[CDD (BASE 65) ]
TOTAL THIS MO. 219
DPTR FM NORMAL -23 [PRESSURE DATA]
TOTAL FM JAN 1 344 HIGHEST SLP M ON M
DPTR FM NORMAL -6 LOWEST SLP 9999.00 ON 1
[REMARKS]
#FINAL-05-21#