000
CXUS56 KSGX 011052
CF6PSP
PRELIMINARY LOCAL CLIMATOLOGICAL DATA (WS FORM: F-6)
STATION: PALM SPRINGS INTL AIRPORT CA
MONTH: JUNE
YEAR: 2023
LATITUDE: 33 49 N
LONGITUDE: 116 30 W
TEMPERATURE IN F: :PCPN: SNOW: WIND :SUNSHINE: SKY :PK WND
================================================================================
1 2 3 4 5 6A 6B 7 8 9 10 11 12 13 14 15 16 17 18
12Z AVG MX 2MIN
DY MAX MIN AVG DEP HDD CDD WTR SNW DPTH SPD SPD DIR MIN PSBL S-S WX SPD DR
================================================================================
1 89 63 76 -8 0 11 0.00 M M 10.2 24 320 M M 0 32 300
2 96 65 81 -4 0 16 0.00 M M 7.9 21 320 M M 0 24 320
3 102 67 85 0 0 20 0.00 M M 6.3 22 330 M M 0 28 320
4 103 71 87 2 0 22 0.00 M M 7.8 20 320 M M 0 26 330
5 90 68 79 -6 0 14 0.00 M M 13.8 30 330 M M 0 39 330
6 88 63 76 -10 0 11 0.00 M M 14.7 26 320 M M 0 35 320
7 88 69 79 -7 0 14 0.00 M M 13.5 26 330 M M 0 33 320
8 94 66 80 -6 0 15 0.00 M M 10.1 21 320 M M 0 25 330
9 96 66 81 -5 0 16 0.00 M M 10.4 25 330 M M 0 31 320
10 95 70 83 -4 0 18 0.00 M M 11.8 25 320 M M 0 32 320
11 86 68 77 -10 0 12 0.00 M M 17.6 32 320 M M 0 41 320
12 86 66 76 -11 0 11 0.00 M M 13.1 28 330 M M 0 35 320
13 94 67 81 -7 0 16 0.00 M M 9.3 24 320 M M 0 28 330
14 96 70 83 -5 0 18 0.00 M M 10.7 26 320 M M 0 34 320
15 97 69 83 -5 0 18 0.00 M M 11.7 25 330 M M 0 29 330
16 101 73 87 -1 0 22 0.00 M M 10.3 28 320 M M 0 33 310
17 107 77 92 3 0 27 0.00 M M 8.1 25 320 M M 0 31 330
18 104 77 91 2 0 26 0.00 M M 8.9 28 330 M M 0 34 320
19 99 72 86 -3 0 21 0.00 M M 11.4 28 330 M M 0 36 330
20 100 71 86 -3 0 21 0.00 M M 9.0 23 320 M M 0 29 330
21 101 70 86 -4 0 21 0.00 M M 9.8 25 330 M M 0 8 30 320
22 97 68 83 -7 0 18 0.00 M M 9.6 30 300 M M 0 41 300
23 96 61 79 -11 0 14 0.00 M M 8.9 24 320 M M 0 29 320
24 100 67 84 -6 0 19 0.00 M M 7.9 26 320 M M 0 36 330
25 101 67 84 -7 0 19 0.00 M M 8.8 28 330 M M 0 33 330
26 103 68 86 -5 0 21 0.00 M M 9.3 26 320 M M 0 33 330
27 103 70 87 -4 0 22 0.00 M M 8.8 26 320 M M 0 31 320
28 100 70 85 -6 0 20 0.00 M M 9.8 26 320 M M 0 34 320
29 110 72 91 -1 0 26 0.00 M M 6.1 23 320 M M 0 28 330
30 113 76 95 3 0 30 0.00 M M 6.0 15 120 M M 0 22 130
================================================================================
SM 2935 2067 0 559 0.00 M 301.6 M 0
================================================================================
AV 97.8 68.9 10.1 FASTST M M 0 MAX(MPH)
MISC ----> 32 320 # 41 320
================================================================================
NOTES:
# LAST OF SEVERAL OCCURRENCES
COLUMN 17 PEAK WIND IN M.P.H.
PRELIMINARY LOCAL CLIMATOLOGICAL DATA (WS FORM: F-6) , PAGE 2
STATION: PALM SPRINGS INTL AIRPORT CA
MONTH: JUNE
YEAR: 2023
LATITUDE: 33 49 N
LONGITUDE: 116 30 W
[TEMPERATURE DATA] [PRECIPITATION DATA] SYMBOLS USED IN COLUMN 16
AVERAGE MONTHLY: 83.4 TOTAL FOR MONTH: 0.00 1 = FOG OR MIST
DPTR FM NORMAL: -4.8 DPTR FM NORMAL: 0.00 2 = FOG REDUCING VISIBILITY
HIGHEST: 113 ON 30 GRTST 24HR 0.00 ON 1- 1 TO 1/4 MILE OR LESS
LOWEST: 61 ON 23 3 = THUNDER
SNOW, ICE PELLETS, HAIL 4 = ICE PELLETS
TOTAL MONTH: M 5 = HAIL
GRTST 24HR M ON M 6 = FREEZING RAIN OR DRIZZLE
GRTST DEPTH: M ON M 7 = DUSTSTORM OR SANDSTORM:
VSBY 1/2 MILE OR LESS
8 = SMOKE OR HAZE
[NO. OF DAYS WITH] [WEATHER - DAYS WITH] 9 = BLOWING SNOW
X = TORNADO
MAX 32 OR BELOW: 0 0.01 INCH OR MORE: 0
MAX 90 OR ABOVE: 25 0.10 INCH OR MORE: 0
MIN 32 OR BELOW: 0 0.50 INCH OR MORE: 0
MIN 0 OR BELOW: 0 1.00 INCH OR MORE: 0
[HDD (BASE 65) ]
TOTAL THIS MO. 0 CLEAR (SCALE 0-3) 30
DPTR FM NORMAL 0 PTCLDY (SCALE 4-7) 0
TOTAL FM JUL 1 913 CLOUDY (SCALE 8-10) 0
DPTR FM NORMAL 212
[CDD (BASE 65) ]
TOTAL THIS MO. 559
DPTR FM NORMAL -135 [PRESSURE DATA]
TOTAL FM JAN 1 1331 HIGHEST SLP 29.95 ON 23
DPTR FM NORMAL -273 LOWEST SLP 29.64 ON 27
[REMARKS]
#FINAL-06-23#