000
CXUS56 KSGX 011045
CF6PSP
PRELIMINARY LOCAL CLIMATOLOGICAL DATA (WS FORM: F-6)
STATION: PALM SPRINGS INTL AIRPORT CA
MONTH: MARCH
YEAR: 2021
LATITUDE: 33 49 N
LONGITUDE: 116 30 W
TEMPERATURE IN F: :PCPN: SNOW: WIND :SUNSHINE: SKY :PK WND
================================================================================
1 2 3 4 5 6A 6B 7 8 9 10 11 12 13 14 15 16 17 18
12Z AVG MX 2MIN
DY MAX MIN AVG DEP HDD CDD WTR SNW DPTH SPD SPD DIR MIN PSBL S-S WX SPD DR
================================================================================
1 71 44 58 -5 7 0 0.00 M M 6.1 15 110 M M 0 20 110
2 78 46 62 -1 3 0 0.00 M M 6.1 13 90 M M 0 17 120
3 66 48 57 -6 8 0 T M M 4.6 23 210 M M 3 30 200
4 75 45 60 -4 5 0 0.00 M M 4.2 12 140 M M 0 17 310
5 85 51 68 4 0 3 0.00 M M 4.0 12 140 M M 0 16 110
6 85 51 68 4 0 3 0.00 M M 6.9 22 320 M M 0 26 310
7 83 50 67 3 0 2 0.00 M M 5.0 18 320 M M 0 24 310
8 77 54 66 2 0 1 0.00 M M 9.5 22 320 M M 0 29 330
9 74 51 63 -2 2 0 0.00 M M 8.3 23 220 M M 0 34 240
10 64 48 56 -9 9 0 0.04 M M 8.4 30 210 M M 4 40 210
11 64 47 56 -9 9 0 0.01 M M 5.6 17 330 M M 5 22 340
12 65 44 55 -10 10 0 0.00 M M 9.3 29 340 M M 2 34 340
13 73 45 59 -6 6 0 0.00 M M 7.8 24 330 M M 1 27 330
14 72 48 60 -6 5 0 0.00 M M 8.3 23 320 M M 0 31 330
15 70 50 60 -6 5 0 T M M 7.8 25 210 M M 4 39 210
16 70 44 57 -9 8 0 0.00 M M 5.6 17 120 M M 0 20 330
17 73 47 60 -6 5 0 0.00 M M 4.4 13 90 M M 0 16 90
18 82 52 67 1 0 2 0.00 M M 4.0 12 90 M M 0 14 130
19 88 55 72 6 0 7 0.00 M M 5.3 22 330 M M 0 29 330
20 81 61 71 5 0 6 0.00 M M 9.1 24 340 M M 2 30 330
21 78 54 66 -1 0 1 0.00 M M 9.0 32 330 M M 0 40 330
22 80 52 66 -1 0 1 0.00 M M 4.8 22 130 M M 0 30 280
23 76 56 66 -1 0 1 T M M 11.7 33 360 M M 2 42 360
24 80 55 68 1 0 3 0.00 M M 6.8 21 310 M M 0 26 310
25 72 56 64 -3 1 0 0.00 M M 7.9 24 340 M M 0 29 340
26 77 51 64 -3 1 0 0.00 M M 7.9 23 330 M M 2 31 40
27 84 49 67 0 0 2 0.00 M M 4.7 12 60 M M 0 14 60
28 90 58 74 6 0 9 0.00 M M 6.1 13 110 M M 0 16 110
29 96 61 79 11 0 14 0.00 M M 7.0 22 290 M M 0 40 330
30 88 60 74 6 0 9 0.00 M M 6.9 20 20 M M 0 24 20
31 87 62 75 7 0 10 0.00 M M 5.1 15 340 M M 0 18 330
================================================================================
SM 2404 1595 84 74 0.05 M 208.2 M 25
================================================================================
AV 77.5 51.5 6.7 FASTST M M 1 MAX(MPH)
MISC ----> 33 360 42 360
================================================================================
NOTES:
# LAST OF SEVERAL OCCURRENCES
COLUMN 17 PEAK WIND IN M.P.H.
PRELIMINARY LOCAL CLIMATOLOGICAL DATA (WS FORM: F-6) , PAGE 2
STATION: PALM SPRINGS INTL AIRPORT CA
MONTH: MARCH
YEAR: 2021
LATITUDE: 33 49 N
LONGITUDE: 116 30 W
[TEMPERATURE DATA] [PRECIPITATION DATA] SYMBOLS USED IN COLUMN 16
AVERAGE MONTHLY: 64.5 TOTAL FOR MONTH: 0.05 1 = FOG OR MIST
DPTR FM NORMAL: -1.2 DPTR FM NORMAL: -0.56 2 = FOG REDUCING VISIBILITY
HIGHEST: 96 ON 29 GRTST 24HR 0.05 ON 10-11 TO 1/4 MILE OR LESS
LOWEST: 44 ON 16,12 3 = THUNDER
SNOW, ICE PELLETS, HAIL 4 = ICE PELLETS
TOTAL MONTH: M 5 = HAIL
GRTST 24HR M ON M 6 = FREEZING RAIN OR DRIZZLE
GRTST DEPTH: M ON M 7 = DUSTSTORM OR SANDSTORM:
VSBY 1/2 MILE OR LESS
8 = SMOKE OR HAZE
[NO. OF DAYS WITH] [WEATHER - DAYS WITH] 9 = BLOWING SNOW
X = TORNADO
MAX 32 OR BELOW: 0 0.01 INCH OR MORE: 2
MAX 90 OR ABOVE: 2 0.10 INCH OR MORE: 0
MIN 32 OR BELOW: 0 0.50 INCH OR MORE: 0
MIN 0 OR BELOW: 0 1.00 INCH OR MORE: 0
[HDD (BASE 65) ]
TOTAL THIS MO. 84 CLEAR (SCALE 0-3) 27
DPTR FM NORMAL 11 PTCLDY (SCALE 4-7) 4
TOTAL FM JUL 1 561 CLOUDY (SCALE 8-10) 0
DPTR FM NORMAL -289
[CDD (BASE 65) ]
TOTAL THIS MO. 74
DPTR FM NORMAL -19 [PRESSURE DATA]
TOTAL FM JAN 1 130 HIGHEST SLP 30.33 ON 1
DPTR FM NORMAL 10 LOWEST SLP 29.63 ON 25
[REMARKS]
#FINAL-03-21#