000
CXUS55 KPUB 011418
CF6PUB
PRELIMINARY LOCAL CLIMATOLOGICAL DATA (WS FORM: F-6)
STATION: PUEBLO CO
MONTH: APRIL
YEAR: 2020
LATITUDE: 38 16 N
LONGITUDE: 104 31 W
TEMPERATURE IN F: :PCPN: SNOW: WIND :SUNSHINE: SKY :PK WND
================================================================================
1 2 3 4 5 6A 6B 7 8 9 10 11 12 13 14 15 16 17 18
12Z AVG MX 2MIN
DY MAX MIN AVG DEP HDD CDD WTR SNW DPTH SPD SPD DIR MIN PSBL S-S WX SPD DR
================================================================================
1 70 39 55 9 10 0 0.00 0.0 0 5.6 12 180 M M 0 16 180
2 54 30 42 -5 23 0 T T 0 12.9 26 80 M M 6 34 70
3 46 25 36 -11 29 0 0.01 0.3 T 5.9 14 170 M M 7 18 18 140
4 62 20 41 -6 24 0 0.00 0.0 0 7.4 17 50 M M 1 24 60
5 77 28 53 6 12 0 0.00 0.0 0 6.3 14 300 M M 0 19 280
6 79 33 56 8 9 0 0.00 0.0 0 6.5 16 290 M M 0 22 290
7 80 37 59 11 6 0 0.00 0.0 0 6.1 18 290 M M 0 24 290
8 79 41 60 12 5 0 0.00 0.0 0 8.6 17 170 M M 0 25 200
9 65 40 53 5 12 0 0.00 0.0 0 8.9 20 100 M M 0 24 100
10 76 32 54 5 11 0 0.00 0.0 0 8.0 39 280 M M 1 61 290
11 77 40 59 10 6 0 0.00 0.0 0 11.2 25 10 M M 0 36 10
12 58 27 43 -6 22 0 0.01 0.1 0 16.8 39 20 M M 8 1 49 20
13 36 24 30 -20 35 0 0.06 1.6 0 12.3 25 20 M M 10 18 34 20
14 51 21 36 -14 29 0 T T 2 5.9 17 120 M M 3 1 22 120
15 65 20 43 -7 22 0 0.00 0.0 0 7.6 23 50 M M 2 29 50
16 49 27 38 -12 27 0 0.05 0.8 0 10.1 33 20 M M 7 18 40 20
17 58 21 40 -11 25 0 T T 1 5.8 17 110 M M 3 1 22 130
18 71 26 49 -2 16 0 T 0.0 0 8.8 36 10 M M 3 45 350
19 66 35 51 -1 14 0 T 0.0 0 7.4 22 310 M M 2 3 31 270
20 71 33 52 0 13 0 0.00 0.0 0 4.6 15 200 M M 3 20 210
21 72 38 55 3 10 0 0.09 0.0 0 7.9 29 180 M M 3 13 38 150
22 74 43 59 7 6 0 T 0.0 0 11.9 38 350 M M 3 56 350
23 73 39 56 3 9 0 T 0.0 0 10.8 37 340 M M 2 52 350
24 68 38 53 0 12 0 0.02 0.0 0 10.5 24 360 M M 4 32 10
25 70 34 52 -2 13 0 0.00 0.0 0 6.4 20 110 M M 1 24 120
26 83 37 60 6 5 0 T 0.0 0 9.0 33 320 M M 2 42 320
27 85 43 64 10 1 0 0.00 0.0 0 6.9 22 110 M M 0 27 110
28 83 45 64 9 1 0 0.00 0.0 0 8.5 32 50 M M 0 38 40
29 75 36 56 1 9 0 0.00 0.0 0 4.7 14 120 M M 0 20 120
30 94 36 65 10 0 0 0.00 0.0 0 6.8 25 300 M M 0 34 290
================================================================================
SM 2067 988 416 0 0.24 2.8 250.1 M 71
================================================================================
AV 68.9 32.9 8.3 FASTST M M 2 MAX(MPH)
MISC ----> #39 20 61 290
================================================================================
NOTES:
# LAST OF SEVERAL OCCURRENCES
COLUMN 17 PEAK WIND IN M.P.H.
PRELIMINARY LOCAL CLIMATOLOGICAL DATA (WS FORM: F-6) , PAGE 2
STATION: PUEBLO CO
MONTH: APRIL
YEAR: 2020
LATITUDE: 38 16 N
LONGITUDE: 104 31 W
[TEMPERATURE DATA] [PRECIPITATION DATA] SYMBOLS USED IN COLUMN 16
AVERAGE MONTHLY: 50.9 TOTAL FOR MONTH: 0.24 1 = FOG OR MIST
DPTR FM NORMAL: 0.3 DPTR FM NORMAL: -1.16 2 = FOG REDUCING VISIBILITY
HIGHEST: 94 ON 30 GRTST 24HR 0.09 ON 21 TO 1/4 MILE OR LESS
LOWEST: 20 ON 4,15 3 = THUNDER
SNOW, ICE PELLETS, HAIL 4 = ICE PELLETS
TOTAL MONTH: 2.8 INCHES 5 = HAIL
GRTST 24HR 1.6 ON 13 6 = FREEZING RAIN OR DRIZZLE
GRTST DEPTH: 2 ON 13,14 7 = DUSTSTORM OR SANDSTORM:
VSBY 1/2 MILE OR LESS
8 = SMOKE OR HAZE
[NO. OF DAYS WITH] [WEATHER - DAYS WITH] 9 = BLOWING SNOW
X = TORNADO
MAX 32 OR BELOW: 0 0.01 INCH OR MORE: 6
MAX 90 OR ABOVE: 1 0.10 INCH OR MORE: 0
MIN 32 OR BELOW: 12 0.50 INCH OR MORE: 0
MIN 0 OR BELOW: 0 1.00 INCH OR MORE: 0
[HDD (BASE 65) ]
TOTAL THIS MO. 416 CLEAR (SCALE 0-3) 24
DPTR FM NORMAL -19 PTCLDY (SCALE 4-7) 4
TOTAL FM JUL 1 5177 CLOUDY (SCALE 8-10) 2
DPTR FM NORMAL -264
[CDD (BASE 65) ]
TOTAL THIS MO. 0
DPTR FM NORMAL -2 [PRESSURE DATA]
TOTAL FM JAN 1 0 HIGHEST SLP 30.33 ON 14
DPTR FM NORMAL -2 LOWEST SLP 29.33 ON 11
[REMARKS]
#FINAL-04-20#