000
CXUS56 KOTX 220910
CF6PUW
PRELIMINARY LOCAL CLIMATOLOGICAL DATA (WS FORM: F-6)
STATION: PULLMAN_MOSCOW AIRPORT
MONTH: APRIL
YEAR: 2024
LATITUDE: 46 44 N
LONGITUDE: 117 7 W
TEMPERATURE IN F: :PCPN: SNOW: WIND :SUNSHINE: SKY :PK WND
================================================================================
1 2 3 4 5 6A 6B 7 8 9 10 11 12 13 14 15 16 17 18
12Z AVG MX 2MIN
DY MAX MIN AVG DEP HDD CDD WTR SNW DPTH SPD SPD DIR MIN PSBL S-S WX SPD DR
================================================================================
1 58 29 44 0 21 0 0.00 M M 5.0 15 270 M M 0 22 240
2 68 39 54 10 11 0 T M M 5.7 15 250 M M 0 3 22 260
3 58 38 48 4 17 0 0.16 M M 6.8 18 260 M M 9 1 26 260
4 47 33 40 -4 25 0 0.29 M M 9.3 18 270 M M 9 1 25 280
5 42 32 37 -8 28 0 0.38 M M 5.4 12 240 M M 10 1 16 220
6 45 35 40 -5 25 0 0.05 M M 10.8 22 250 M M 9 1 32 260
7 48 32 40 -5 25 0 0.00 M M 6.2 16 270 M M 5 23 250
8 50 29 40 -5 25 0 0.03 M M 4.4 15 210 M M 6 20 220
9 57 38 48 3 17 0 0.10 M M 10.9 26 240 M M 8 1 38 250
10 56 29 43 -3 22 0 0.00 M M 2.5 10 240 M M 2 15 230
11 63 36 50 4 15 0 0.02 M M 6.1 16 280 M M 2 24 290
12 65 45 55 9 10 0 0.10 M M 3.8 10 100 M M 5 1 15 20
13 70 44 57 11 8 0 0.00 M M 4.0 13 120 M M 1 1 15 120
14 69 39 54 8 11 0 0.00 M M 8.1 21 260 M M 1 33 250
15 55 41 48 2 17 0 0.00 M M 14.7 24 260 M M 1 34 260
16 47 29 38 -9 27 0 T M M 11.4 21 250 M M 4 29 250
17 50 27 39 -8 26 0 0.00 M M 6.6 15 280 M M 4 23 270
18 52 28 40 -7 25 0 0.00 M M 6.5 20 10 M M 2 1 26 360
19 58 27 43 -4 22 0 0.00 M M 7.9 20 90 M M 0 25 80
20 66 37 52 4 13 0 0.00 M M 11.2 26 250 M M 2 8 38 250
21 53 37 45 -3 20 0 0.00 M M 13.2 29 260 M M 4 45 250
================================================================================
SM 1177 724 410 0 1.13 M 160.5 M 84
================================================================================
AV 56.0 34.5 7.6 FASTST M M 4 MAX(MPH)
MISC ----> 29 260 45 250
================================================================================
NOTES:
# LAST OF SEVERAL OCCURRENCES
COLUMN 17 PEAK WIND IN M.P.H.
PRELIMINARY LOCAL CLIMATOLOGICAL DATA (WS FORM: F-6) , PAGE 2
STATION: PULLMAN_MOSCOW AIRPORT
MONTH: APRIL
YEAR: 2024
LATITUDE: 46 44 N
LONGITUDE: 117 7 W
[TEMPERATURE DATA] [PRECIPITATION DATA] SYMBOLS USED IN COLUMN 16
AVERAGE MONTHLY: 45.3 TOTAL FOR MONTH: 1.13 1 = FOG OR MIST
DPTR FM NORMAL: -0.5 DPTR FM NORMAL: -0.24 2 = FOG REDUCING VISIBILITY
HIGHEST: 70 ON 13 GRTST 24HR 0.67 ON 4- 5 TO 1/4 MILE OR LESS
LOWEST: 27 ON 19,17 3 = THUNDER
SNOW, ICE PELLETS, HAIL 4 = ICE PELLETS
TOTAL MONTH: M 5 = HAIL
GRTST 24HR M ON M 6 = FREEZING RAIN OR DRIZZLE
GRTST DEPTH: M ON M 7 = DUSTSTORM OR SANDSTORM:
VSBY 1/2 MILE OR LESS
8 = SMOKE OR HAZE
[NO. OF DAYS WITH] [WEATHER - DAYS WITH] 9 = BLOWING SNOW
X = TORNADO
MAX 32 OR BELOW: 0 0.01 INCH OR MORE: 8
MAX 90 OR ABOVE: 0 0.10 INCH OR MORE: 5
MIN 32 OR BELOW: 9 0.50 INCH OR MORE: 0
MIN 0 OR BELOW: 0 1.00 INCH OR MORE: 0
[HDD (BASE 65) ]
TOTAL THIS MO. 410 CLEAR (SCALE 0-3) 10
DPTR FM NORMAL 6 PTCLDY (SCALE 4-7) 7
TOTAL FM JUL 1 5342 CLOUDY (SCALE 8-10) 4
DPTR FM NORMAL -258
[CDD (BASE 65) ]
TOTAL THIS MO. 0
DPTR FM NORMAL 0 [PRESSURE DATA]
TOTAL FM JAN 1 0 HIGHEST SLP M ON M
DPTR FM NORMAL 0 LOWEST SLP 29.61 ON 5
[REMARKS]