000
CXUS56 KSGX 011045
CF6RAL
PRELIMINARY LOCAL CLIMATOLOGICAL DATA (WS FORM: F-6)
STATION: RIVERSIDE MUNI AIRPORT CA
MONTH: AUGUST
YEAR: 2023
LATITUDE: 33 57 N
LONGITUDE: 117 27 W
TEMPERATURE IN F: :PCPN: SNOW: WIND :SUNSHINE: SKY :PK WND
================================================================================
1 2 3 4 5 6A 6B 7 8 9 10 11 12 13 14 15 16 17 18
12Z AVG MX 2MIN
DY MAX MIN AVG DEP HDD CDD WTR SNW DPTH SPD SPD DIR MIN PSBL S-S WX SPD DR
================================================================================
1 96 73 85 5 0 20 T M M 5.7 17 270 M M 1 23 240
2 97 68 83 3 0 18 0.00 M M 4.6 16 270 M M 0 21 270
3 93 63 78 -2 0 13 0.00 M M 6.4 20 270 M M 0 8 25 280
4 93 60 77 -3 0 12 0.00 M M 5.2 17 270 M M 0 22 270
5 99 64 82 2 0 17 0.00 M M 4.8 17 270 M M 0 22 270
6 103 65 84 4 0 19 0.00 M M 5.0 20 270 M M 0 26 270
7 100 63 82 2 0 17 0.00 M M 5.3 17 270 M M 0 24 260
8 97 62 80 0 0 15 0.00 M M 5.6 21 270 M M 1 26 270
9 90 68 79 -1 0 14 T M M 5.5 18 260 M M 2 23 270
10 85 67 76 -4 0 11 0.03 M M 6.2 17 270 M M 6 1 22 260
11 87 66 77 -3 0 12 0.00 M M 5.8 18 270 M M 4 8 22 270
12 91 65 78 -2 0 13 0.00 M M 5.8 20 270 M M 0 25 280
13 94 65 80 0 0 15 0.00 M M 5.9 20 260 M M 0 24 270
14 99 65 82 2 0 17 0.00 M M 6.0 18 260 M M 0 23 250
15 102 67 85 5 0 20 0.00 M M 6.2 17 270 M M 1 23 250
16 105 73 89 9 0 24 T M M 7.1 18 270 M M 0 3 24 270
17 104 69 87 7 0 22 0.00 M M 5.4 21 260 M M 0 26 270
18 98 64 81 1 0 16 0.00 M M 6.3 21 270 M M 0 25 270
19 90 66 78 -2 0 13 0.00 M M 4.7 20 270 M M 1 24 270
20 78 66 72 -8 0 7 1.83 M M 7.0 25 140 M M 9 1 36 140
21 85 63 74 -6 0 9 0.13 M M 5.0 17 270 M M 5 1 22 270
22 93 62 78 -2 0 13 0.00 M M 5.0 18 260 M M 0 8 23 270
23 97 65 81 1 0 16 0.00 M M 5.8 20 270 M M 0 23 250
24 91 65 78 -2 0 13 0.00 M M 5.5 18 270 M M 0 8 23 270
25 95 63 79 -1 0 14 0.00 M M 5.2 17 270 M M 0 22 280
26 98 62 80 0 0 15 0.00 M M 4.4 15 270 M M 0 20 250
27 105 66 86 6 0 21 0.00 M M 3.6 15 260 M M 0 8 20 270
28 106 68 87 7 0 22 0.00 M M 5.0 16 270 M M 0 21 290
29 106 68 87 7 0 22 0.00 M M 4.7 17 270 M M 0 22 270
30 102 72 87 7 0 22 0.00 M M 5.1 18 270 M M 0 24 270
31 95 69 82 3 0 17 0.00 M M 4.6 18 270 M M 0 24 270
================================================================================
SM 2974 2042 0 499 1.99 M 168.4 M 30
================================================================================
AV 95.9 65.9 5.4 FASTST M M 1 MAX(MPH)
MISC ----> 25 140 36 140
================================================================================
NOTES:
# LAST OF SEVERAL OCCURRENCES
COLUMN 17 PEAK WIND IN M.P.H.
PRELIMINARY LOCAL CLIMATOLOGICAL DATA (WS FORM: F-6) , PAGE 2
STATION: RIVERSIDE MUNI AIRPORT CA
MONTH: AUGUST
YEAR: 2023
LATITUDE: 33 57 N
LONGITUDE: 117 27 W
[TEMPERATURE DATA] [PRECIPITATION DATA] SYMBOLS USED IN COLUMN 16
AVERAGE MONTHLY: 80.9 TOTAL FOR MONTH: 1.99 1 = FOG OR MIST
DPTR FM NORMAL: 1.1 DPTR FM NORMAL: 1.97 2 = FOG REDUCING VISIBILITY
HIGHEST: 106 ON 29,28 GRTST 24HR 1.95 ON 20-21 TO 1/4 MILE OR LESS
LOWEST: 60 ON 4 3 = THUNDER
SNOW, ICE PELLETS, HAIL 4 = ICE PELLETS
TOTAL MONTH: M 5 = HAIL
GRTST 24HR M ON M 6 = FREEZING RAIN OR DRIZZLE
GRTST DEPTH: M ON M 7 = DUSTSTORM OR SANDSTORM:
VSBY 1/2 MILE OR LESS
8 = SMOKE OR HAZE
[NO. OF DAYS WITH] [WEATHER - DAYS WITH] 9 = BLOWING SNOW
X = TORNADO
MAX 32 OR BELOW: 0 0.01 INCH OR MORE: 3
MAX 90 OR ABOVE: 27 0.10 INCH OR MORE: 2
MIN 32 OR BELOW: 0 0.50 INCH OR MORE: 1
MIN 0 OR BELOW: 0 1.00 INCH OR MORE: 1
[HDD (BASE 65) ]
TOTAL THIS MO. 0 CLEAR (SCALE 0-3) 27
DPTR FM NORMAL 0 PTCLDY (SCALE 4-7) 3
TOTAL FM JUL 1 0 CLOUDY (SCALE 8-10) 1
DPTR FM NORMAL 0
[CDD (BASE 65) ]
TOTAL THIS MO. 499
DPTR FM NORMAL 40 [PRESSURE DATA]
TOTAL FM JAN 1 1235 HIGHEST SLP 30.01 ON 21
DPTR FM NORMAL -81 LOWEST SLP 29.44 ON 20
[REMARKS]
#FINAL-08-23#