000
CXUS53 KUNR 011623
CLMRAP
CLIMATE REPORT
NATIONAL WEATHER SERVICE RAPID CITY SD
923 AM MST FRI DEC 01 2023
...................................
...THE RAPID CITY AIRPORT SD CLIMATE SUMMARY FOR THE MONTH OF NOVEMBER 2023...
CLIMATE NORMAL PERIOD 1991 TO 2020
CLIMATE RECORD PERIOD 1942 TO 2023
WEATHER OBSERVED NORMAL DEPART LAST YEAR`S
VALUE DATE(S) VALUE FROM VALUE DATE(S)
NORMAL
................................................................
TEMPERATURE (F)
RECORD
HIGH 83 11/08/1999
11/07/1999
LOW -19 11/14/1959
HIGHEST 76 11/05 75 11/01
11/02
LOWEST 11 11/25 -9 11/18
AVG. MAXIMUM 53.9 47.3 6.6 42.6
AVG. MINIMUM 24.2 21.9 2.3 15.1
MEAN 39.1 34.6 4.5 28.8
DAYS MAX >= 90 0 0
DAYS MAX <= 32 1 9
DAYS MIN <= 32 25 29
DAYS MIN <= 0 0 3
PRECIPITATION (INCHES)
RECORD
MAXIMUM 2.22 1985
MINIMUM 0.01 2004
TOTALS 0.17 0.47 -0.30 0.16
DAILY AVG. 0.01 0.02 -0.01 0.01
DAYS >= .01 4 4
DAYS >= .10 0 1
DAYS >= .50 0 0
DAYS >= 1.00 0 0
GREATEST
24 HR. TOTAL 0.07 11/20 TO 11/20 0.11
DEGREE DAYS
HEATING TOTAL 771 912 -141 1077
SINCE 7/1 1482 1685 -203 MM
COOLING TOTAL 0 0 0 0
SINCE 1/1 555 607 -52 MM
................................................................
WIND (MPH)
AVERAGE WIND SPEED 8.2
HIGHEST WIND SPEED/DIRECTION 43/320 DATE 11/20
HIGHEST GUST SPEED/DIRECTION 56/320 DATE 11/20
AVERAGE RH (PERCENT) 57
WEATHER CONDITIONS. NUMBER OF DAYS WITH
THUNDERSTORM 0 MIXED PRECIP 0
HEAVY RAIN 0 RAIN 0
LIGHT RAIN 4 FREEZING RAIN 0
LT FREEZING RAIN 0 HAIL 0
HEAVY SNOW 0 SNOW 0
LIGHT SNOW 3 SLEET 0
FOG 3 FOG W/VIS <= 1/4 MILE 0
HAZE 3
- INDICATES NEGATIVE NUMBERS.
R INDICATES RECORD WAS SET OR TIED.
MM INDICATES DATA IS MISSING.
T INDICATES TRACE AMOUNT.
$$