000
CXUS53 KLOT 012350 CCA
CF6RFD
PRELIMINARY LOCAL CLIMATOLOGICAL DATA (WS FORM: F-6)
STATION: ROCKFORD IL
MONTH: FEBRUARY
YEAR: 2022
LATITUDE: 42 12 N
LONGITUDE: 89 6 W
TEMPERATURE IN F: :PCPN: SNOW: WIND :SUNSHINE: SKY :PK WND
================================================================================
1 2 3 4 5 6A 6B 7 8 9 10 11 12 13 14 15 16 17 18
12Z AVG MX 2MIN
DY MAX MIN AVG DEP HDD CDD WTR SNW DPTH SPD SPD DIR MIN PSBL S-S WX SPD DR
================================================================================
1 43 25 34 12 31 0 0.00 0.0 2 11.5 18 170 M M 9 29 170
2 25 14 20 -2 45 0 0.01 0.1 0 16.3 23 10 M M 10 36 350
3 20 9 15 -7 50 0 0.00 0.0 0 14.2 20 10 M M 7 40 350
4 23 3 13 -9 52 0 T T 0 9.3 24 300 M M 5 30 300
5 20 2 11 -12 54 0 0.00 0.0 0 10.5 22 170 M M 4 34 170
6 38 17 28 5 37 0 0.00 0.0 0 10.1 21 280 M M 7 26 280
7 26 18 22 -1 43 0 T T 0 8.6 20 300 M M 7 25 300
8 40 18 29 6 36 0 0.00 0.0 0 7.8 17 170 M M 6 22 170
9 42 28 35 11 30 0 T T 0 11.2 22 260 M M 8 30 250
10 34 27 31 7 34 0 T 0.1 0 14.0 26 210 M M 10 1 37 210
11 46 24 35 11 30 0 0.04 0.1 0 16.5 28 290 M M 10 14 40 290
12 24 11 18 -6 47 0 T T 0 10.2 24 350 M M 8 35 350
13 19 9 14 -11 51 0 T T 0 7.9 17 330 M M 6 8 25 340
14 29 12 21 -4 44 0 T T 0 4.9 12 220 M M 7 17 170
15 41 17 29 4 36 0 0.00 0.0 0 10.1 20 150 M M 9 8 29 130
16 55 34 45 19 20 0 0.19 0.0 0 13.9 24 200 M M 10 1 38 200
17 34 12 23 -3 42 0 0.01 0.2 0 16.4 26 350 M M 8 468 44 350
18 33 7 20 -6 45 0 0.05 1.2 0 17.7 37 290 M M 3 9 55 290
19 21 7 14 -13 51 0 0.00 0.0 1 13.1 28 310 M M 2 43 310
20 52 17 35 8 30 0 0.00 0.0 0 15.2 35 210 M M 3 49 230
21 45 27 36 8 29 0 T 0.0 0 7.8 15 80 M M 9 26 70
22 38 19 29 1 36 0 0.67 T 0 12.1 24 310 M M 10 136 32 300
23 23 11 17 -11 48 0 T T 0 10.2 22 290 M M 8 30 280
24 25 20 23 -6 42 0 0.09 1.4 0 9.5 17 350 M M 10 16 26 60
25 26 14 20 -9 45 0 0.01 0.2 2 8.5 17 360 M M 5 1 22 360
26 31 6 19 -11 46 0 0.00 0.0 1 9.8 20 220 M M 0 26 220
27 41 25 33 3 32 0 0.00 0.0 1 6.4 16 240 M M 1 25 240
28 50 23 37 7 28 0 0.00 0.0 0 7.2 18 200 M M 6 23 200
================================================================================
SM 944 456 1114 0 1.07 3.3 310.9 M 188
================================================================================
AV 33.7 16.3 11.1 FASTST M M 7 MAX(MPH)
MISC ----> 37 290 55 290
================================================================================
NOTES:
# LAST OF SEVERAL OCCURRENCES
COLUMN 17 PEAK WIND IN M.P.H.
PRELIMINARY LOCAL CLIMATOLOGICAL DATA (WS FORM: F-6) , PAGE 2
STATION: ROCKFORD IL
MONTH: FEBRUARY
YEAR: 2022
LATITUDE: 42 12 N
LONGITUDE: 89 6 W
[TEMPERATURE DATA] [PRECIPITATION DATA] SYMBOLS USED IN COLUMN 16
AVERAGE MONTHLY: 25.0 TOTAL FOR MONTH: 1.07 1 = FOG OR MIST
DPTR FM NORMAL: -0.6 DPTR FM NORMAL: -0.56 2 = FOG REDUCING VISIBILITY
HIGHEST: 55 ON 16 GRTST 24HR 0.67 ON 22-22 TO 1/4 MILE OR LESS
LOWEST: 2 ON 5 3 = THUNDER
SNOW, ICE PELLETS, HAIL 4 = ICE PELLETS
TOTAL MONTH: 3.3 INCHES 5 = HAIL
GRTST 24HR 1.6 ON 24-25 6 = FREEZING RAIN OR DRIZZLE
GRTST DEPTH: 2 ON 25, 1 7 = DUSTSTORM OR SANDSTORM:
VSBY 1/2 MILE OR LESS
8 = SMOKE OR HAZE
[NO. OF DAYS WITH] [WEATHER - DAYS WITH] 9 = BLOWING SNOW
X = TORNADO
MAX 32 OR BELOW: 13 0.01 INCH OR MORE: 8
MAX 90 OR ABOVE: 0 0.10 INCH OR MORE: 2
MIN 32 OR BELOW: 27 0.50 INCH OR MORE: 1
MIN 0 OR BELOW: 0 1.00 INCH OR MORE: 0
[HDD (BASE 65) ]
TOTAL THIS MO. 1114 CLEAR (SCALE 0-3) 5
DPTR FM NORMAL 11 PTCLDY (SCALE 4-7) 13
TOTAL FM JUL 1 4589 CLOUDY (SCALE 8-10) 10
DPTR FM NORMAL -339
[CDD (BASE 65) ]
TOTAL THIS MO. 0
DPTR FM NORMAL 0 [PRESSURE DATA]
TOTAL FM JAN 1 0 HIGHEST SLP 30.59 ON 23
DPTR FM NORMAL 0 LOWEST SLP 29.46 ON 11
[REMARKS]
#FINAL-02-22#