000
CXUS53 KGRB 021004
CF6RHI
PRELIMINARY LOCAL CLIMATOLOGICAL DATA (WS FORM: F-6)
STATION: RHINELANDER WI
MONTH: SEPTEMBER
YEAR: 2023
LATITUDE: 45 37 N
LONGITUDE: 89 27 W
TEMPERATURE IN F: :PCPN: SNOW: WIND :SUNSHINE: SKY :PK WND
================================================================================
1 2 3 4 5 6A 6B 7 8 9 10 11 12 13 14 15 16 17 18
12Z AVG MX 2MIN
DY MAX MIN AVG DEP HDD CDD WTR SNW DPTH SPD SPD DIR MIN PSBL S-S WX SPD DR
================================================================================
1 80 47 64 2 1 0 0.00 0.0 0 8.6 20 210 M M 0 1 29 190
2 85 63 74 12 0 9 T 0.0 0 7.2 15 240 M M 0 3 25 230
3 92 70 81 20 0 16 0.00 0.0 0 8.9 15 230 M M 0 22 260
4 94 66 80 19 0 15 0.00 0.0 0 8.6 20 200 M M 0 28 210
5 87 71 79 18 0 14 0.00 0.0 0 7.8 18 200 M M 1 28 190
6 73 53 63 3 2 0 0.62 0.0 0 5.0 16 330 M M 8 13 26 10
7 58 50 54 -6 11 0 0.00 0.0 0 4.2 10 70 M M 10 19 20
8 68 47 58 -2 7 0 0.00 0.0 0 1.8 8 320 M M 5 1 11 10
9 76 45 61 2 4 0 0.06 0.0 0 1.7 10 210 M M 4 1 14 220
10 64 53 59 0 6 0 0.35 0.0 0 3.6 12 90 M M 9 1 15 80
11 64 46 55 -4 10 0 0.08 0.0 0 2.5 12 60 M M 8 1 17 50
12 54 43 49 -9 16 0 0.03 0.0 0 2.4 7 99 M M 9 1 M M
13 59 38 49 -9 16 0 0.00 0.0 0 1.7 8 50 M M 6 12 14 60
14 70 33 52 -6 13 0 0.00 0.0 0 4.2 13 210 M M 1 12 19 210
15 65 56 61 4 4 0 0.03 0.0 0 8.2 14 260 M M 7 21 230
16 69 46 58 1 7 0 0.00 0.0 0 3.5 12 290 M M 6 12 17 270
17 63 39 51 -5 14 0 0.00 0.0 0 2.1 9 340 M M 5 12 16 340
18 65 39 52 -4 13 0 0.00 0.0 0 2.1 7 100 M M 6 12 9 120
19 67 42 55 -1 10 0 0.00 0.0 0 6.9 16 130 M M 5 1 23 130
20 79 54 67 12 0 2 0.00 0.0 0 4.1 13 230 M M 4 12 18 230
21 81 49 65 10 0 0 0.00 0.0 0 1.4 8 200 M M 2 12 14 220
22 77 48 63 9 2 0 0.00 0.0 0 7.4 18 120 M M 4 12 26 150
23 65 57 61 7 4 0 0.99 0.0 0 8.6 18 130 M M 10 1 27 140
24 67 55 61 7 4 0 0.09 0.0 0 10.1 21 110 M M 6 3 31 100
25 62 56 59 6 6 0 0.30 0.0 0 6.9 14 90 M M 10 1 21 70
26 67 56 62 9 3 0 0.03 0.0 0 8.4 16 80 M M 9 1 22 100
27 61 52 57 5 8 0 T 0.0 0 8.2 16 100 M M 10 1 22 90
28 63 54 59 7 6 0 0.01 0.0 0 4.6 9 170 M M 9 18 14 180
29 65 53 59 7 6 0 0.00 0.0 0 7.4 16 130 M M 6 1 24 140
30 71 59 65 14 0 0 0.62 0.0 0 6.1 18 140 M M 5 13 30 130
================================================================================
SM 2111 1540 173 56 3.21 0.0 164.2 M 165
================================================================================
AV 70.4 51.3 5.5 FASTST M M 6 MAX(MPH)
MISC ----> 21 110 31 100
================================================================================
NOTES:
# LAST OF SEVERAL OCCURRENCES
COLUMN 17 PEAK WIND IN M.P.H.
PRELIMINARY LOCAL CLIMATOLOGICAL DATA (WS FORM: F-6) , PAGE 2
STATION: RHINELANDER WI
MONTH: SEPTEMBER
YEAR: 2023
LATITUDE: 45 37 N
LONGITUDE: 89 27 W
[TEMPERATURE DATA] [PRECIPITATION DATA] SYMBOLS USED IN COLUMN 16
AVERAGE MONTHLY: 60.9 TOTAL FOR MONTH: 3.21 1 = FOG OR MIST
DPTR FM NORMAL: 3.9 DPTR FM NORMAL: -0.69 2 = FOG REDUCING VISIBILITY
HIGHEST: 94 ON 4 GRTST 24HR 0.99 ON 23-23 TO 1/4 MILE OR LESS
LOWEST: 33 ON 14 3 = THUNDER
SNOW, ICE PELLETS, HAIL 4 = ICE PELLETS
TOTAL MONTH: 0.0 INCH 5 = HAIL
GRTST 24HR 0.0 6 = FREEZING RAIN OR DRIZZLE
GRTST DEPTH: 0 7 = DUSTSTORM OR SANDSTORM:
VSBY 1/2 MILE OR LESS
8 = SMOKE OR HAZE
[NO. OF DAYS WITH] [WEATHER - DAYS WITH] 9 = BLOWING SNOW
X = TORNADO
MAX 32 OR BELOW: 0 0.01 INCH OR MORE: 12
MAX 90 OR ABOVE: 2 0.10 INCH OR MORE: 5
MIN 32 OR BELOW: 0 0.50 INCH OR MORE: 3
MIN 0 OR BELOW: 0 1.00 INCH OR MORE: 0
[HDD (BASE 65) ]
TOTAL THIS MO. 173 CLEAR (SCALE 0-3) 7
DPTR FM NORMAL -97 PTCLDY (SCALE 4-7) 14
TOTAL FM JUL 1 305 CLOUDY (SCALE 8-10) 9
DPTR FM NORMAL -92
[CDD (BASE 65) ]
TOTAL THIS MO. 56
DPTR FM NORMAL 31 [PRESSURE DATA]
TOTAL FM JAN 1 292 HIGHEST SLP 30.28 ON 22
DPTR FM NORMAL 12 LOWEST SLP 29.68 ON 6
[REMARKS]
#FINAL-09-23#