000
CXUS53 KGRB 011537
CLSRHI
CLIMATE REPORT
NATIONAL WEATHER SERVICE GREEN BAY
937 AM CST WED DEC 01 2021
...25TH WARMEST AND 16TH DRIEST FALL ON RECORD...
...17TH LEAST HEATING DEGREE DAYS ON RECORD...
.................................................................
...THE RHINELANDER WI CLIMATE SUMMARY FOR THE SEASON, FROM
9/1/2021 TO 11/30/2021...
CLIMATE NORMAL PERIOD: 1991 TO 2020
CLIMATE RECORD PERIOD: 1908 TO 2021
WEATHER OBSERVED NORMAL DEPART LAST YEAR`S
VALUE DATE(S) VALUE FROM VALUE DATE(S)
NORMAL
................................................................
TEMPERATURE (F)
RECORD
HIGH 98 09/10/1908
LOW -16 11/30/1976
HIGHEST 83 09/19 86 -3 73 10/09
11/04
11/06
LOWEST 3 11/26 2 1 9 10/27
AVG. MAXIMUM 57.1 54.4 2.7 45.3
AVG. MINIMUM 35.6 33.7 1.9 27.9
MEAN 46.4 44.0 2.4 36.6
DAYS MAX >= 90 0 0.1 -0.1 0
DAYS MAX <= 32 8 8.7 -0.7 7
DAYS MIN <= 32 38 42.3 -4.3 44
DAYS MIN <= 0 0 0.8 -0.8 0
PRECIPITATION (INCHES)
RECORD
MAXIMUM 17.47 1934
MINIMUM 1.11 1976
TOTALS 5.45 8.18 -2.73 5.10
DAILY AVG. 0.06 0.09 -0.03 0.08
DAYS >= .01 29 34.9 -5.9 21
DAYS >= .10 15 16.5 -1.5 9
DAYS >= .50 3 4.4 -1.4 4
DAYS >= 1.00 0 1.2 -1.2 1
SNOWFALL (INCHES)
RECORDS
TOTAL 35.1 2014
24 HR TOTAL 6.1
TOTALS 10.4 MM MM 12.9
SINCE 7/1 10.4 MM MM MM
DAYS >= TRACE 13 MM MM 24
DAYS >= 1.0 5 MM MM 3
GREATEST
SNOW DEPTH 4 11/29 6 10/20
11/30
24 HR TOTAL MM
DEGREE DAYS
HEATING TOTAL 1671 1935 -264 1717
SINCE 7/1 1733 2061 -328 2120
COOLING TOTAL 8 27 -19 0
SINCE 1/1 321 282 39 356
FREEZE DATES
RECORD
EARLIEST 08/27/1915
LATEST 07/30/1928
EARLIEST 10/17
LATEST 05/29
................................................................
WIND (MPH)
AVERAGE WIND SPEED 6.2
RESULTANT WIND SPEED/DIRECTION 2/240
HIGHEST WIND SPEED/DIRECTION 29/260 DATE 11/17
HIGHEST GUST SPEED/DIRECTION 42/290 DATE 11/17
SKY COVER
POSSIBLE SUNSHINE (PERCENT) MM
AVERAGE SKY COVER 0.47
NUMBER OF DAYS FAIR 37
NUMBER OF DAYS PC 31
NUMBER OF DAYS CLOUDY 23
AVERAGE RH (PERCENT) 72
WEATHER CONDITIONS. NUMBER OF DAYS WITH
THUNDERSTORM 3 MIXED PRECIP 0
HEAVY RAIN 6 RAIN 8
LIGHT RAIN 24 FREEZING RAIN 0
LT FREEZING RAIN 0 HAIL 0
HEAVY SNOW 3 SNOW 5
LIGHT SNOW 13 SLEET 0
FOG 63 FOG W/VIS <= 1/4 MILE 27
HAZE 5
- INDICATES NEGATIVE NUMBERS.
R INDICATES RECORD WAS SET OR TIED.
MM INDICATES DATA IS MISSING.
T INDICATES TRACE AMOUNT.
$$