000
CXUS55 KRIW 060055
CF6RIW
PRELIMINARY LOCAL CLIMATOLOGICAL DATA (WS FORM: F-6)
STATION: RIVERTON WY
MONTH: OCTOBER
YEAR: 2022
LATITUDE: 43 2 N
LONGITUDE: 108 27 W
TEMPERATURE IN F: :PCPN: SNOW: WIND :SUNSHINE: SKY :PK WND
================================================================================
1 2 3 4 5 6A 6B 7 8 9 10 11 12 13 14 15 16 17 18
12Z AVG MX 2MIN
DY MAX MIN AVG DEP HDD CDD WTR SNW DPTH SPD SPD DIR MIN PSBL S-S WX SPD DR
================================================================================
1 55 43 49 -3 16 0 0.14 0.0 0 6.9 20 310 M M 9 1 25 310
2 64 41 53 1 12 0 0.00 0.0 0 4.6 12 40 M M 2 16 20
3 64 41 53 2 12 0 0.00 0.0 0 7.5 14 320 M M 3 18 320
4 66 39 53 3 12 0 0.00 0.0 0 6.4 14 40 M M 1 21 350
5 68 44 56 6 9 0 0.00 0.0 0 7.0 14 300 M M 0 19 310
6 68 41 55 6 10 0 0.00 0.0 0 8.8 17 80 M M 1 26 70
7 56 36 46 -3 19 0 0.00 0.0 0 4.2 10 40 M M 4 1 13 40
8 63 35 49 1 16 0 0.00 0.0 0 4.4 12 310 M M 0 1 14 70
9 72 35 54 6 11 0 0.00 0.0 0 6.1 14 310 M M 1 18 320
10 74 40 57 9 8 0 0.00 0.0 0 9.8 20 290 M M 0 28 290
11 63 36 50 3 15 0 0.00 0.0 0 11.4 30 300 M M 1 42 10
12 60 33 47 1 18 0 0.00 0.0 0 5.3 15 70 M M 0 22 90
13 64 34 49 3 16 0 0.00 0.0 0 6.0 12 300 M M 0 16 190
14 67 32 50 4 15 0 0.00 0.0 0 5.4 13 70 M M 0 19 50
15 58 36 47 2 18 0 0.00 0.0 0 9.4 24 20 M M 2 31 360
16 57 31 44 -1 21 0 0.00 0.0 0 4.1 13 330 M M 0 19 90
17 66 33 50 6 15 0 0.00 0.0 0 4.5 12 310 M M 0 13 80
18 69 32 51 7 14 0 0.00 0.0 0 4.9 13 300 M M 0 16 290
19 71 41 56 13 9 0 0.00 0.0 0 6.8 15 270 M M 0 19 270
20 75 35 55 12 10 0 0.00 0.0 0 10.2 24 310 M M 0 34 300
21 73 43 58 16 7 0 0.00 0.0 0 11.2 25 280 M M 0 37 280
22 65 42 54 12 11 0 0.00 0.0 0 14.1 33 230 M M 4 48 220
23 41 29 35 -7 30 0 0.23 2.0 0 11.8 25 310 M M 8 1 34 310
24 49 27 38 -3 27 0 0.05 0.4 1 12.3 29 280 M M 3 1 36 290
25 49 29 39 -2 26 0 T 0.0 0 15.1 32 320 M M 3 44 310
26 46 24 35 -5 30 0 0.00 0.0 0 10.4 26 310 M M 3 8 37 310
27 49 25 37 -3 28 0 0.00 0.0 0 12.3 26 290 M M 1 35 300
28 52 19 36 -3 29 0 0.00 0.0 0 3.6 12 250 M M 0 13 250
29 50 28 39 0 26 0 0.00 0.0 0 5.1 15 310 M M 0 8 20 280
30 56 24 40 2 25 0 0.00 0.0 0 6.8 16 270 M M 0 8 24 280
31 61 34 48 10 17 0 0.00 0.0 0 8.1 22 270 M M 0 28 280
================================================================================
SM 1891 1062 532 0 0.42 2.4 244.5 M 46
================================================================================
AV 61.0 34.3 7.9 FASTST M M 1 MAX(MPH)
MISC ----> 33 230 48 220
================================================================================
NOTES:
# LAST OF SEVERAL OCCURRENCES
COLUMN 17 PEAK WIND IN M.P.H.
PRELIMINARY LOCAL CLIMATOLOGICAL DATA (WS FORM: F-6) , PAGE 2
STATION: RIVERTON WY
MONTH: OCTOBER
YEAR: 2022
LATITUDE: 43 2 N
LONGITUDE: 108 27 W
[TEMPERATURE DATA] [PRECIPITATION DATA] SYMBOLS USED IN COLUMN 16
AVERAGE MONTHLY: 47.6 TOTAL FOR MONTH: 0.42 1 = FOG OR MIST
DPTR FM NORMAL: 2.9 DPTR FM NORMAL: -0.41 2 = FOG REDUCING VISIBILITY
HIGHEST: 75 ON 20 GRTST 24HR 0.28 ON 23-24 TO 1/4 MILE OR LESS
LOWEST: 19 ON 28 3 = THUNDER
SNOW, ICE PELLETS, HAIL 4 = ICE PELLETS
TOTAL MONTH: 2.4 INCHES 5 = HAIL
GRTST 24HR 2.0 ON 23-23 6 = FREEZING RAIN OR DRIZZLE
GRTST DEPTH: 1 ON 24 7 = DUSTSTORM OR SANDSTORM:
VSBY 1/2 MILE OR LESS
8 = SMOKE OR HAZE
[NO. OF DAYS WITH] [WEATHER - DAYS WITH] 9 = BLOWING SNOW
X = TORNADO
MAX 32 OR BELOW: 0 0.01 INCH OR MORE: 3
MAX 90 OR ABOVE: 0 0.10 INCH OR MORE: 2
MIN 32 OR BELOW: 11 0.50 INCH OR MORE: 0
MIN 0 OR BELOW: 0 1.00 INCH OR MORE: 0
[HDD (BASE 65) ]
TOTAL THIS MO. 532 CLEAR (SCALE 0-3) 26
DPTR FM NORMAL -96 PTCLDY (SCALE 4-7) 4
TOTAL FM JUL 1 644 CLOUDY (SCALE 8-10) 1
DPTR FM NORMAL -227
[CDD (BASE 65) ]
TOTAL THIS MO. 0
DPTR FM NORMAL 0 [PRESSURE DATA]
TOTAL FM JAN 1 703 HIGHEST SLP 30.42 ON 8
DPTR FM NORMAL 204 LOWEST SLP 29.16 ON 22
[REMARKS]
#FINAL-10-22#