000
CXUS55 KRIW 011010
CF6RKS
PRELIMINARY LOCAL CLIMATOLOGICAL DATA (WS FORM: F-6)
STATION: ROCK SPRINGS WY
MONTH: JUNE
YEAR: 2023
LATITUDE: 41 35 N
LONGITUDE: 109 4 W
TEMPERATURE IN F: :PCPN: SNOW: WIND :SUNSHINE: SKY :PK WND
================================================================================
1 2 3 4 5 6A 6B 7 8 9 10 11 12 13 14 15 16 17 18
12Z AVG MX 2MIN
DY MAX MIN AVG DEP HDD CDD WTR SNW DPTH SPD SPD DIR MIN PSBL S-S WX SPD DR
================================================================================
1 69 47 58 2 7 0 0.20 M M 7.7 22 260 M M 8 13 27 260
2 54 47 51 -6 14 0 0.13 M M 8.8 22 260 M M 10 1 27 250
3 64 47 56 -1 9 0 0.08 M M 6.8 20 340 M M 7 1 25 350
4 69 44 57 0 8 0 T M M 8.1 23 260 M M 2 3 28 270
5 75 48 62 4 3 0 T M M 6.3 32 250 M M 1 42 260
6 77 48 63 5 2 0 0.00 M M 8.3 37 260 M M 2 3 48 260
7 72 48 60 2 5 0 0.00 M M 9.8 28 80 M M 3 3 35 260
8 73 49 61 3 4 0 0.01 M M 6.0 24 260 M M 2 3 29 260
9 71 46 59 0 6 0 0.01 M M 5.6 29 290 M M 2 3 46 310
10 72 46 59 0 6 0 0.03 M M 6.4 26 270 M M 2 3 32 270
11 71 43 57 -3 8 0 T M M 9.6 33 200 M M 3 123 44 190
12 68 46 57 -3 8 0 0.22 M M 10.1 30 230 M M 7 13 38 240
13 67 45 56 -4 9 0 0.00 M M 5.0 23 270 M M 6 3 30 270
14 66 48 57 -3 8 0 0.04 M M 11.6 23 220 M M 2 3 31 280
15 58 44 51 -10 14 0 0.01 M M 8.6 24 280 M M 5 32 280
16 64 41 53 -8 12 0 0.00 M M 7.9 23 190 M M 5 27 190
17 68 41 55 -6 10 0 0.00 M M 10.3 28 250 M M 2 41 280
18 75 50 63 1 2 0 0.02 M M 11.5 31 220 M M 4 40 230
19 81 53 67 5 0 2 0.00 M M 19.3 36 220 M M 1 48 190
20 77 49 63 1 2 0 0.02 M M 10.4 32 280 M M 2 3 48 280
21 76 42 59 -4 6 0 0.00 M M 7.7 21 290 M M 2 1 28 280
22 75 47 61 -2 4 0 0.01 M M 10.2 32 290 M M 3 3 43 290
23 76 46 61 -3 4 0 0.00 M M 14.1 39 210 M M 2 65 210
24 73 45 59 -5 6 0 0.00 M M 13.8 28 260 M M 0 39 290
25 81 46 64 0 1 0 0.00 M M 8.3 21 180 M M 0 42 80
26 82 50 66 2 0 1 0.00 M M 11.5 29 200 M M 0 38 200
27 79 51 65 0 0 0 0.00 M M 10.7 24 60 M M 1 33 60
28 73 47 60 -5 5 0 0.01 M M 7.1 32 270 M M 1 3 41 290
29 73 44 59 -7 6 0 0.00 M M 7.1 25 230 M M 1 3 31 30
30 76 43 60 -6 5 0 T M M 5.8 14 70 M M 2 20 30
================================================================================
SM 2155 1391 174 3 0.79 M 274.4 M 88
================================================================================
AV 71.8 46.4 9.1 FASTST M M 3 MAX(MPH)
MISC ----> 39 210 65 210
================================================================================
NOTES:
# LAST OF SEVERAL OCCURRENCES
COLUMN 17 PEAK WIND IN M.P.H.
PRELIMINARY LOCAL CLIMATOLOGICAL DATA (WS FORM: F-6) , PAGE 2
STATION: ROCK SPRINGS WY
MONTH: JUNE
YEAR: 2023
LATITUDE: 41 35 N
LONGITUDE: 109 4 W
[TEMPERATURE DATA] [PRECIPITATION DATA] SYMBOLS USED IN COLUMN 16
AVERAGE MONTHLY: 59.1 TOTAL FOR MONTH: 0.79 1 = FOG OR MIST
DPTR FM NORMAL: -1.9 DPTR FM NORMAL: 0.09 2 = FOG REDUCING VISIBILITY
HIGHEST: 82 ON 26 GRTST 24HR 0.22 ON 12-12 TO 1/4 MILE OR LESS
LOWEST: 41 ON 17,16 3 = THUNDER
SNOW, ICE PELLETS, HAIL 4 = ICE PELLETS
TOTAL MONTH: M 5 = HAIL
GRTST 24HR M ON M 6 = FREEZING RAIN OR DRIZZLE
GRTST DEPTH: M ON M 7 = DUSTSTORM OR SANDSTORM:
VSBY 1/2 MILE OR LESS
8 = SMOKE OR HAZE
[NO. OF DAYS WITH] [WEATHER - DAYS WITH] 9 = BLOWING SNOW
X = TORNADO
MAX 32 OR BELOW: 0 0.01 INCH OR MORE: 13
MAX 90 OR ABOVE: 0 0.10 INCH OR MORE: 3
MIN 32 OR BELOW: 0 0.50 INCH OR MORE: 0
MIN 0 OR BELOW: 0 1.00 INCH OR MORE: 0
[HDD (BASE 65) ]
TOTAL THIS MO. 174 CLEAR (SCALE 0-3) 20
DPTR FM NORMAL 15 PTCLDY (SCALE 4-7) 9
TOTAL FM JUL 1 8483 CLOUDY (SCALE 8-10) 1
DPTR FM NORMAL 420
[CDD (BASE 65) ]
TOTAL THIS MO. 3
DPTR FM NORMAL -36 [PRESSURE DATA]
TOTAL FM JAN 1 3 HIGHEST SLP 30.15 ON 30
DPTR FM NORMAL -38 LOWEST SLP 29.52 ON 19
[REMARKS]
#FINAL-06-23#